170.199.229.0 - - [21/Jul/2026:03:00:28 -0400] "GET /wp-content/ZBKAJVmW/CnSqDE/CnSqDE/index.php HTTP/1.1" 200 13 s3solinc.com "-" "Mozilla/5.0 (Windows NT 10.0; Win64; x64) AppleWebKit/537.36 (KHTML, like Gecko) Chrome/120.0.0.0 Safari/537.36" "-"
170.199.229.0 - - [21/Jul/2026:03:00:28 -0400] "GET /wp-includes/RJiM/zDS/zDS/index.php HTTP/1.1" 200 13 s3solinc.com "-" "Mozilla/5.0 (Windows NT 10.0; Win64; x64) AppleWebKit/537.36 (KHTML, like Gecko) Chrome/120.0.0.0 Safari/537.36" "-"
170.199.229.0 - - [21/Jul/2026:03:00:28 -0400] "GET /wp-content/dF/xq/xq/index.php HTTP/1.1" 200 13 s3solinc.com "-" "Mozilla/5.0 (Windows NT 10.0; Win64; x64) AppleWebKit/537.36 (KHTML, like Gecko) Chrome/120.0.0.0 Safari/537.36" "-"
170.199.229.0 - - [21/Jul/2026:03:00:28 -0400] "GET /wp-content/themes/twentytwentyfive/twentytwentyfive/index.php HTTP/1.1" 200 13 s3solinc.com "-" "Mozilla/5.0 (Windows NT 10.0; Win64; x64) AppleWebKit/537.36 (KHTML, like Gecko) Chrome/120.0.0.0 Safari/537.36" "-"
170.199.229.0 - - [21/Jul/2026:03:00:28 -0400] "GET /wp-admin/rYOhL/na/na/index.php HTTP/1.1" 200 13 s3solinc.com "-" "Mozilla/5.0 (Windows NT 10.0; Win64; x64) AppleWebKit/537.36 (KHTML, like Gecko) Chrome/120.0.0.0 Safari/537.36" "-"
170.199.229.0 - - [21/Jul/2026:03:00:28 -0400] "GET /wp-includes/gPQYocI/wl/wl/index.php HTTP/1.1" 200 13 s3solinc.com "-" "Mozilla/5.0 (Windows NT 10.0; Win64; x64) AppleWebKit/537.36 (KHTML, like Gecko) Chrome/120.0.0.0 Safari/537.36" "-"
170.199.229.0 - - [21/Jul/2026:03:00:28 -0400] "GET /wp-includes/iyXK/zqcToaAP/zqcToaAP/index.php HTTP/1.1" 200 13 s3solinc.com "-" "Mozilla/5.0 (Windows NT 10.0; Win64; x64) AppleWebKit/537.36 (KHTML, like Gecko) Chrome/120.0.0.0 Safari/537.36" "-"
170.199.229.0 - - [21/Jul/2026:03:00:28 -0400] "GET /wp-content/uploads/2023/10/10/index.php HTTP/1.1" 200 13 s3solinc.com "-" "Mozilla/5.0 (Windows NT 10.0; Win64; x64) AppleWebKit/537.36 (KHTML, like Gecko) Chrome/120.0.0.0 Safari/537.36" "-"
170.199.229.0 - - [21/Jul/2026:03:00:28 -0400] "GET /wp-admin/aurz/tQS/tQS/index.php HTTP/1.1" 200 13 s3solinc.com "-" "Mozilla/5.0 (Windows NT 10.0; Win64; x64) AppleWebKit/537.36 (KHTML, like Gecko) Chrome/120.0.0.0 Safari/537.36" "-"
170.199.229.0 - - [21/Jul/2026:03:00:28 -0400] "GET /wp-includes/blocks/post-time-to-read/post-time-to-read/index.php HTTP/1.1" 200 13 s3solinc.com "-" "Mozilla/5.0 (Windows NT 10.0; Win64; x64) AppleWebKit/537.36 (KHTML, like Gecko) Chrome/120.0.0.0 Safari/537.36" "-"
170.199.229.0 - - [21/Jul/2026:03:00:28 -0400] "GET /wp-content/OgCm/nsHGxg/nsHGxg/index.php HTTP/1.1" 200 13 s3solinc.com "-" "Mozilla/5.0 (Windows NT 10.0; Win64; x64) AppleWebKit/537.36 (KHTML, like Gecko) Chrome/120.0.0.0 Safari/537.36" "-"
170.199.229.0 - - [21/Jul/2026:03:00:28 -0400] "GET /wp-includes/cXmVr/jfs/jfs/index.php HTTP/1.1" 200 13 s3solinc.com "-" "Mozilla/5.0 (Windows NT 10.0; Win64; x64) AppleWebKit/537.36 (KHTML, like Gecko) Chrome/120.0.0.0 Safari/537.36" "-"
170.199.229.0 - - [21/Jul/2026:03:00:28 -0400] "GET /wp-admin/SdwHsiYK/tUFouzZ/tUFouzZ/index.php HTTP/1.1" 200 13 s3solinc.com "-" "Mozilla/5.0 (Windows NT 10.0; Win64; x64) AppleWebKit/537.36 (KHTML, like Gecko) Chrome/120.0.0.0 Safari/537.36" "-"
170.199.229.0 - - [21/Jul/2026:03:00:28 -0400] "GET /wp-includes/XFqa/gFLowYH/gFLowYH/index.php HTTP/1.1" 200 13 s3solinc.com "-" "Mozilla/5.0 (Windows NT 10.0; Win64; x64) AppleWebKit/537.36 (KHTML, like Gecko) Chrome/120.0.0.0 Safari/537.36" "-"
138.229.96.0 - - [21/Jul/2026:03:00:31 -0400] "GET /wp-includes/SimplePie/src/XML/XML/wp-settings.php HTTP/1.1" 403 15 s3solinc.com "-" "Mozilla/5.0 (Windows NT 10.0; Win64; x64) AppleWebKit/537.36 (KHTML, like Gecko) Chrome/120.0.0.0 Safari/537.36" "-"
147.53.121.0 - - [21/Jul/2026:03:00:31 -0400] "GET /wp-includes/SimplePie/src/XML/XML/wp-settings.php HTTP/1.1" 403 15 s3solinc.com "-" "Mozilla/5.0 (Windows NT 10.0; Win64; x64) AppleWebKit/537.36 (KHTML, like Gecko) Chrome/120.0.0.0 Safari/537.36" "-"
130.254.112.0 - - [21/Jul/2026:03:00:32 -0400] "GET /wp-includes/SimplePie/src/XML/XML/wp-settings.php HTTP/1.1" 403 15 s3solinc.com "-" "Mozilla/5.0 (Windows NT 10.0; Win64; x64) AppleWebKit/537.36 (KHTML, like Gecko) Chrome/120.0.0.0 Safari/537.36" "-"
141.164.89.0 - - [21/Jul/2026:03:00:33 -0400] "GET /wp-includes/SimplePie/src/XML/XML/wp-settings.php HTTP/1.1" 403 15 s3solinc.com "-" "Mozilla/5.0 (Windows NT 10.0; Win64; x64) AppleWebKit/537.36 (KHTML, like Gecko) Chrome/120.0.0.0 Safari/537.36" "-"
216.73.216.0 - - [21/Jul/2026:03:00:33 -0400] "GET /kvX/sitemap_product_336.xml?lokasie=%2Fhomepages%2F35%2Fd1015279559%2Fhtdocs%2Fwp-trackback.php&loknya=%2Fhomepages%2F35%2Fd1015279559%2Fhtdocs HTTP/1.1" 200 15 s3solinc.com "-" "Mozilla/5.0 AppleWebKit/537.36 (KHTML, like Gecko; compatible; ClaudeBot/1.0; +claudebot@anthropic.com)" "-"
138.229.96.0 - - [21/Jul/2026:03:00:39 -0400] "GET /wp-includes/blocks/term-name/term-name/speed-booster.php HTTP/1.1" 403 15 s3solinc.com "-" "Mozilla/5.0 (Windows NT 10.0; Win64; x64) AppleWebKit/537.36 (KHTML, like Gecko) Chrome/120.0.0.0 Safari/537.36" "-"
147.53.121.0 - - [21/Jul/2026:03:00:39 -0400] "GET /wp-includes/blocks/term-name/term-name/speed-booster.php HTTP/1.1" 403 15 s3solinc.com "-" "Mozilla/5.0 (Windows NT 10.0; Win64; x64) AppleWebKit/537.36 (KHTML, like Gecko) Chrome/120.0.0.0 Safari/537.36" "-"
130.254.112.0 - - [21/Jul/2026:03:00:40 -0400] "GET /wp-includes/blocks/term-name/term-name/speed-booster.php HTTP/1.1" 403 15 s3solinc.com "-" "Mozilla/5.0 (Windows NT 10.0; Win64; x64) AppleWebKit/537.36 (KHTML, like Gecko) Chrome/120.0.0.0 Safari/537.36" "-"
138.229.96.0 - - [21/Jul/2026:03:00:40 -0400] "GET /wp-includes/blocks/heading/heading/updater-tool.php HTTP/1.1" 403 15 s3solinc.com "-" "Mozilla/5.0 (Windows NT 10.0; Win64; x64) AppleWebKit/537.36 (KHTML, like Gecko) Chrome/120.0.0.0 Safari/537.36" "-"
147.53.121.0 - - [21/Jul/2026:03:00:40 -0400] "GET /wp-includes/blocks/heading/heading/updater-tool.php HTTP/1.1" 403 15 s3solinc.com "-" "Mozilla/5.0 (Windows NT 10.0; Win64; x64) AppleWebKit/537.36 (KHTML, like Gecko) Chrome/120.0.0.0 Safari/537.36" "-"
141.164.89.0 - - [21/Jul/2026:03:00:41 -0400] "GET /wp-includes/blocks/term-name/term-name/speed-booster.php HTTP/1.1" 403 15 s3solinc.com "-" "Mozilla/5.0 (Windows NT 10.0; Win64; x64) AppleWebKit/537.36 (KHTML, like Gecko) Chrome/120.0.0.0 Safari/537.36" "-"
130.254.112.0 - - [21/Jul/2026:03:00:41 -0400] "GET /wp-includes/blocks/heading/heading/updater-tool.php HTTP/1.1" 403 15 s3solinc.com "-" "Mozilla/5.0 (Windows NT 10.0; Win64; x64) AppleWebKit/537.36 (KHTML, like Gecko) Chrome/120.0.0.0 Safari/537.36" "-"
141.164.89.0 - - [21/Jul/2026:03:00:42 -0400] "GET /wp-includes/blocks/heading/heading/updater-tool.php HTTP/1.1" 403 15 s3solinc.com "-" "Mozilla/5.0 (Windows NT 10.0; Win64; x64) AppleWebKit/537.36 (KHTML, like Gecko) Chrome/120.0.0.0 Safari/537.36" "-"
180.247.44.0 - - [21/Jul/2026:03:01:04 -0400] "GET / HTTP/1.1" 200 46792 s3solinc.com "https://www.google.com/search?q=s3solinc.com" "Mozilla/5.0 (iPhone; CPU iPhone OS 17_2 like Mac OS X) AppleWebKit/605.1.15 (KHTML, like Gecko) Version/17.2 Mobile/15E148 Safari/604.1" "-"
180.247.44.0 - - [21/Jul/2026:03:01:04 -0400] "GET /robots.txt HTTP/1.1" 200 46792 s3solinc.com "-" "python-requests/2.34.2" "-"
180.247.44.0 - - [21/Jul/2026:03:01:04 -0400] "GET /sitemap.xml HTTP/1.1" 200 46792 s3solinc.com "-" "python-requests/2.34.2" "-"
180.247.44.0 - - [21/Jul/2026:03:01:05 -0400] "GET /wp-json/ HTTP/1.1" 200 46792 s3solinc.com "-" "python-requests/2.34.2" "-"
180.247.44.0 - - [21/Jul/2026:03:01:05 -0400] "GET /administrator/index.php HTTP/1.1" 200 46792 s3solinc.com "-" "python-requests/2.34.2" "-"
180.247.44.0 - - [21/Jul/2026:03:01:06 -0400] "GET /core/misc/drupal.js HTTP/1.1" 200 46792 s3solinc.com "-" "python-requests/2.34.2" "-"
216.73.216.0 - - [21/Jul/2026:03:01:14 -0400] "GET /kvX/sitemap_product_356.xml?lokasie=%2Fhomepages%2F35%2Fd1015279559%2Fhtdocs%2Fwp-config.php&loknya=%2Fhomepages%2F35%2Fd1015279559%2Fhtdocs HTTP/1.1" 503 339 s3solinc.com "-" "Mozilla/5.0 AppleWebKit/537.36 (KHTML, like Gecko; compatible; ClaudeBot/1.0; +claudebot@anthropic.com)" "-"
216.73.216.0 - - [21/Jul/2026:03:00:48 -0400] "GET /age/sitemap_product_436.xml?lokasie=%2Fhomepages%2F35%2Fd1015279559%2Fhtdocs%2Flicense.txt&loknya=%2Fhomepages%2F35%2Fd1015279559%2Fhtdocs HTTP/1.1" 200 15 s3solinc.com "-" "Mozilla/5.0 AppleWebKit/537.36 (KHTML, like Gecko; compatible; ClaudeBot/1.0; +claudebot@anthropic.com)" "-"
216.73.216.0 - - [21/Jul/2026:03:00:58 -0400] "GET /kvX/sitemap_product_302.xml?lokasie=%2Fhomepages%2F35%2Fd1015279559%2Fhtdocs%2Findex.php&loknya=%2Fhomepages%2F35%2Fd1015279559%2Fhtdocs HTTP/1.1" 200 15 s3solinc.com "-" "Mozilla/5.0 AppleWebKit/537.36 (KHTML, like Gecko; compatible; ClaudeBot/1.0; +claudebot@anthropic.com)" "-"
74.7.242.0 - - [21/Jul/2026:03:01:14 -0400] "GET /?h=31302522225 HTTP/1.1" 200 15 s3solinc.com "https://s3solinc.com/?h=6446726414" "Mozilla/5.0 AppleWebKit/537.36 (KHTML, like Gecko; compatible; GPTBot/1.4; +https://openai.com/gptbot)" "-"
216.73.216.0 - - [21/Jul/2026:03:01:22 -0400] "GET /kvX/sitemap_product_302.xml?lokasie=%2Fhomepages%2F35%2Fd1015279559%2Fhtdocs%2Fwp-login.php&loknya=%2Fhomepages%2F35%2Fd1015279559%2Fhtdocs HTTP/1.1" 200 15 s3solinc.com "-" "Mozilla/5.0 AppleWebKit/537.36 (KHTML, like Gecko; compatible; ClaudeBot/1.0; +claudebot@anthropic.com)" "-"
216.73.216.0 - - [21/Jul/2026:03:01:38 -0400] "GET /kvX/sitemap_product_322.xml?lokasie=%2Fhomepages%2F35%2Fd1015279559%2Fhtdocs%2Fwp-load.php&loknya=%2Fhomepages%2F35%2Fd1015279559%2Fhtdocs HTTP/1.1" 200 15 s3solinc.com "-" "Mozilla/5.0 AppleWebKit/537.36 (KHTML, like Gecko; compatible; ClaudeBot/1.0; +claudebot@anthropic.com)" "-"
216.73.216.0 - - [21/Jul/2026:03:01:48 -0400] "GET /?g=22583020115 HTTP/1.1" 200 15 s3solinc.com "-" "Mozilla/5.0 AppleWebKit/537.36 (KHTML, like Gecko; compatible; ClaudeBot/1.0; +claudebot@anthropic.com)" "-"
216.73.216.0 - - [21/Jul/2026:03:02:04 -0400] "GET /?f=1093749430 HTTP/1.1" 200 15 s3solinc.com "-" "Mozilla/5.0 AppleWebKit/537.36 (KHTML, like Gecko; compatible; ClaudeBot/1.0; +claudebot@anthropic.com)" "-"
66.249.74.0 - - [21/Jul/2026:03:02:10 -0400] "GET /union/type/fq8nhxwbxeomha5.htm HTTP/1.1" 200 15 s3solinc.com "-" "Mozilla/5.0 (compatible; Googlebot/2.1; +http://www.google.com/bot.html)" "-"
74.7.242.0 - - [21/Jul/2026:03:02:18 -0400] "GET /?o=43086330000 HTTP/1.1" 200 15 s3solinc.com "https://s3solinc.com/?h=24624802282" "Mozilla/5.0 AppleWebKit/537.36 (KHTML, like Gecko; compatible; GPTBot/1.4; +https://openai.com/gptbot)" "-"
216.73.216.0 - - [21/Jul/2026:03:02:19 -0400] "GET /kvX/sitemap_product_302.xml?loknya=%2Fhomepages%2F35 HTTP/1.1" 200 15 s3solinc.com "-" "Mozilla/5.0 AppleWebKit/537.36 (KHTML, like Gecko; compatible; ClaudeBot/1.0; +claudebot@anthropic.com)" "-"
216.73.216.0 - - [21/Jul/2026:03:02:35 -0400] "GET /a1D/sitemap_product_352.xml?loknya=%2Fhomepages%2F35%2Fd1015279559%2Fhtdocs%2Flogs HTTP/1.1" 200 15 s3solinc.com "-" "Mozilla/5.0 AppleWebKit/537.36 (KHTML, like Gecko; compatible; ClaudeBot/1.0; +claudebot@anthropic.com)" "-"
216.73.216.0 - - [21/Jul/2026:03:02:50 -0400] "GET /a1D/sitemap_product_352.xml?loknya=%2Fhomepages%2F35%2Fd1015279559 HTTP/1.1" 200 15 s3solinc.com "-" "Mozilla/5.0 AppleWebKit/537.36 (KHTML, like Gecko; compatible; ClaudeBot/1.0; +claudebot@anthropic.com)" "-"
216.73.216.0 - - [21/Jul/2026:03:03:06 -0400] "GET /a1D/sitemap_product_294.xml?loknya=%2Fhomepages%2F35%2Fd1015279559 HTTP/1.1" 200 15 s3solinc.com "-" "Mozilla/5.0 AppleWebKit/537.36 (KHTML, like Gecko; compatible; ClaudeBot/1.0; +claudebot@anthropic.com)" "-"
74.7.242.0 - - [21/Jul/2026:03:03:19 -0400] "GET /?h=61777718176 HTTP/1.1" 200 15 s3solinc.com "https://s3solinc.com/?c=75447977732" "Mozilla/5.0 AppleWebKit/537.36 (KHTML, like Gecko; compatible; GPTBot/1.4; +https://openai.com/gptbot)" "-"
216.73.216.0 - - [21/Jul/2026:03:03:20 -0400] "GET /a1D/sitemap_product_158.xml?lokasie=%2Fhomepages%2F35%2Fd1015279559%2Fhtdocs%2Fwp-comments-post.php&loknya=%2Fhomepages%2F35%2Fd1015279559%2Fhtdocs HTTP/1.1" 200 15 s3solinc.com "-" "Mozilla/5.0 AppleWebKit/537.36 (KHTML, like Gecko; compatible; ClaudeBot/1.0; +claudebot@anthropic.com)" "-"
216.73.216.0 - - [21/Jul/2026:03:03:36 -0400] "GET /a1D/sitemap_product_481.xml?lokasie=%2Fhomepages%2F35%2Fd1015279559%2Fhtdocs%2Fwp-comments-post.php&loknya=%2Fhomepages%2F35%2Fd1015279559%2Fhtdocs HTTP/1.1" 200 15 s3solinc.com "-" "Mozilla/5.0 AppleWebKit/537.36 (KHTML, like Gecko; compatible; ClaudeBot/1.0; +claudebot@anthropic.com)" "-"
216.73.216.0 - - [21/Jul/2026:03:03:50 -0400] "GET /a1D/sitemap_product_481.xml?lokasie=%2Fhomepages%2F35%2Fd1015279559%2Fhtdocs%2Fgoogle1e7f72f507cab2d4.html&loknya=%2Fhomepages%2F35%2Fd1015279559%2Fhtdocs HTTP/1.1" 200 15 s3solinc.com "-" "Mozilla/5.0 AppleWebKit/537.36 (KHTML, like Gecko; compatible; ClaudeBot/1.0; +claudebot@anthropic.com)" "-"
216.73.216.0 - - [21/Jul/2026:03:04:06 -0400] "GET /a1D/sitemap_product_303.xml?lokasie=%2Fhomepages%2F35%2Fd1015279559%2Fhtdocs%2F.htaccess&loknya=%2Fhomepages%2F35%2Fd1015279559%2Fhtdocs HTTP/1.1" 200 15 s3solinc.com "-" "Mozilla/5.0 AppleWebKit/537.36 (KHTML, like Gecko; compatible; ClaudeBot/1.0; +claudebot@anthropic.com)" "-"
216.73.216.0 - - [21/Jul/2026:03:04:10 -0400] "GET /a1D/sitemap_product_293.xml?loknya=%2Fhomepages%2F35%2Fd1015279559%2Fhtdocs%2FNew+directory HTTP/1.1" 200 15 s3solinc.com "-" "Mozilla/5.0 AppleWebKit/537.36 (KHTML, like Gecko; compatible; ClaudeBot/1.0; +claudebot@anthropic.com)" "-"
74.7.242.0 - - [21/Jul/2026:03:04:24 -0400] "GET /?o=55551041191 HTTP/1.1" 200 15 s3solinc.com "https://s3solinc.com/?c=61651160546" "Mozilla/5.0 AppleWebKit/537.36 (KHTML, like Gecko; compatible; GPTBot/1.4; +https://openai.com/gptbot)" "-"
216.73.216.0 - - [21/Jul/2026:03:04:30 -0400] "GET /kvX/sitemap_product_308.xml?lokasie=%2Fhomepages%2F35%2Fd1015279559%2Fhtdocs%2Flicense.txt&loknya=%2Fhomepages%2F35%2Fd1015279559%2Fhtdocs HTTP/1.1" 200 15 s3solinc.com "-" "Mozilla/5.0 AppleWebKit/537.36 (KHTML, like Gecko; compatible; ClaudeBot/1.0; +claudebot@anthropic.com)" "-"
216.73.216.0 - - [21/Jul/2026:03:04:46 -0400] "GET /kvX/sitemap_product_302.xml?lokasie=%2Fhomepages%2F35%2Fd1015279559%2Fhtdocs%2Flicense.txt&loknya=%2Fhomepages%2F35%2Fd1015279559%2Fhtdocs HTTP/1.1" 200 15 s3solinc.com "-" "Mozilla/5.0 AppleWebKit/537.36 (KHTML, like Gecko; compatible; ClaudeBot/1.0; +claudebot@anthropic.com)" "-"
216.73.216.0 - - [21/Jul/2026:03:05:02 -0400] "GET /a1D/sitemap_product_293.xml?lokasie=%2Fhomepages%2F35%2Fd1015279559%2Fhtdocs%2Flicense.txt&loknya=%2Fhomepages%2F35%2Fd1015279559%2Fhtdocs HTTP/1.1" 200 15 s3solinc.com "-" "Mozilla/5.0 AppleWebKit/537.36 (KHTML, like Gecko; compatible; ClaudeBot/1.0; +claudebot@anthropic.com)" "-"
216.73.216.0 - - [21/Jul/2026:03:05:22 -0400] "GET /a1D/sitemap_product_158.xml?lokasie=%2Fhomepages%2F35%2Fd1015279559%2Fhtdocs%2Flicense.txt&loknya=%2Fhomepages%2F35%2Fd1015279559%2Fhtdocs HTTP/1.1" 200 15 s3solinc.com "-" "Mozilla/5.0 AppleWebKit/537.36 (KHTML, like Gecko; compatible; ClaudeBot/1.0; +claudebot@anthropic.com)" "-"
74.7.242.0 - - [21/Jul/2026:03:05:26 -0400] "GET /?o=93034333430 HTTP/1.1" 200 15 s3solinc.com "https://s3solinc.com/?g=97276079834" "Mozilla/5.0 AppleWebKit/537.36 (KHTML, like Gecko; compatible; GPTBot/1.4; +https://openai.com/gptbot)" "-"
216.73.216.0 - - [21/Jul/2026:03:05:33 -0400] "GET /?o=45472242020 HTTP/1.1" 200 15 s3solinc.com "-" "Mozilla/5.0 AppleWebKit/537.36 (KHTML, like Gecko; compatible; ClaudeBot/1.0; +claudebot@anthropic.com)" "-"
216.73.216.0 - - [21/Jul/2026:03:05:48 -0400] "GET /age/sitemap_product_338.xml?loknya=%2Fhomepages%2F35%2Fd1015279559%2Fhtdocs%2Flogs HTTP/1.1" 200 15 s3solinc.com "-" "Mozilla/5.0 AppleWebKit/537.36 (KHTML, like Gecko; compatible; ClaudeBot/1.0; +claudebot@anthropic.com)" "-"
216.73.216.0 - - [21/Jul/2026:03:05:56 -0400] "GET /age/sitemap_product_252.xml?loknya=%2Fhomepages%2F35%2Fd1015279559 HTTP/1.1" 200 15 s3solinc.com "-" "Mozilla/5.0 AppleWebKit/537.36 (KHTML, like Gecko; compatible; ClaudeBot/1.0; +claudebot@anthropic.com)" "-"
216.73.216.0 - - [21/Jul/2026:03:06:10 -0400] "GET /kvX/sitemap_product_308.xml?loknya=%2Fhomepages%2F35%2Fd1015279559%2Fhtdocs%2Flogs HTTP/1.1" 200 15 s3solinc.com "-" "Mozilla/5.0 AppleWebKit/537.36 (KHTML, like Gecko; compatible; ClaudeBot/1.0; +claudebot@anthropic.com)" "-"
216.73.216.0 - - [21/Jul/2026:03:06:24 -0400] "GET /kvX/sitemap_product_356.xml?loknya=%2Fhomepages%2F35%2Fd1015279559%2F HTTP/1.1" 200 15 s3solinc.com "-" "Mozilla/5.0 AppleWebKit/537.36 (KHTML, like Gecko; compatible; ClaudeBot/1.0; +claudebot@anthropic.com)" "-"
74.7.242.0 - - [21/Jul/2026:03:06:28 -0400] "GET /?g=88190999981 HTTP/1.1" 200 15 s3solinc.com "https://s3solinc.com/?o=23384388434" "Mozilla/5.0 AppleWebKit/537.36 (KHTML, like Gecko; compatible; GPTBot/1.4; +https://openai.com/gptbot)" "-"
216.73.216.0 - - [21/Jul/2026:03:06:34 -0400] "GET /age/sitemap_product_436.xml?lokasie=%2Fhomepages%2F35%2Fd1015279559%2Fhtdocs%2Fwp-load.php&loknya=%2Fhomepages%2F35%2Fd1015279559%2Fhtdocs HTTP/1.1" 200 15 s3solinc.com "-" "Mozilla/5.0 AppleWebKit/537.36 (KHTML, like Gecko; compatible; ClaudeBot/1.0; +claudebot@anthropic.com)" "-"
43.156.228.0 - - [21/Jul/2026:03:06:54 -0400] "GET /wp-admin/upgrade.php HTTP/1.1" 200 1316 s3solinc.com "-" "Mozilla/5.0 (iPhone; CPU iPhone OS 13_2_3 like Mac OS X) AppleWebKit/605.1.15 (KHTML, like Gecko) Version/13.0.3 Mobile/15E148 Safari/604.1" "-"
216.250.113.0 - - [21/Jul/2026:03:06:55 -0400] "POST /wp-cron.php?doing_wp_cron=1784617615.2031641006469726562500 HTTP/1.1" 200 46796 s3solinc.com "-" "WordPress/7.0.2; https://s3solinc.com" "-"
216.73.216.0 - - [21/Jul/2026:03:06:49 -0400] "GET /age/sitemap_product_436.xml?lokasie=%2Fhomepages%2F35%2Fd1015279559%2Fhtdocs%2Fwp-activate.php&loknya=%2Fhomepages%2F35%2Fd1015279559%2Fhtdocs HTTP/1.1" 200 15 s3solinc.com "-" "Mozilla/5.0 AppleWebKit/537.36 (KHTML, like Gecko; compatible; ClaudeBot/1.0; +claudebot@anthropic.com)" "-"
216.73.216.0 - - [21/Jul/2026:03:07:04 -0400] "GET /age/sitemap_product_338.xml?lokasie=%2Fhomepages%2F35%2Fd1015279559%2Fhtdocs%2Fwp-cron.php&loknya=%2Fhomepages%2F35%2Fd1015279559%2Fhtdocs HTTP/1.1" 200 15 s3solinc.com "-" "Mozilla/5.0 AppleWebKit/537.36 (KHTML, like Gecko; compatible; ClaudeBot/1.0; +claudebot@anthropic.com)" "-"
216.73.216.0 - - [21/Jul/2026:03:07:18 -0400] "GET /kvX/sitemap_product_356.xml?loknya=%2Fhomepages%2F35%2Fd1015279559%2Fhtdocs%2F.tmb HTTP/1.1" 200 15 s3solinc.com "-" "Mozilla/5.0 AppleWebKit/537.36 (KHTML, like Gecko; compatible; ClaudeBot/1.0; +claudebot@anthropic.com)" "-"
74.7.242.0 - - [21/Jul/2026:03:07:32 -0400] "GET /?c=44944441591 HTTP/1.1" 200 15 s3solinc.com "https://s3solinc.com/?o=66933996632" "Mozilla/5.0 AppleWebKit/537.36 (KHTML, like Gecko; compatible; GPTBot/1.4; +https://openai.com/gptbot)" "-"
216.73.216.0 - - [21/Jul/2026:03:07:38 -0400] "GET /kvX/sitemap_product_308.xml?loknya=%2Fhomepages%2F35%2Fd1015279559%2Fhtdocs%2F.tmb HTTP/1.1" 200 15 s3solinc.com "-" "Mozilla/5.0 AppleWebKit/537.36 (KHTML, like Gecko; compatible; ClaudeBot/1.0; +claudebot@anthropic.com)" "-"
216.73.216.0 - - [21/Jul/2026:03:07:49 -0400] "GET /kvX/sitemap_product_384.xml?lokasie=%2Fhomepages%2F35%2Fd1015279559%2Fhtdocs%2F.bash_history&loknya=%2Fhomepages%2F35%2Fd1015279559%2Fhtdocs HTTP/1.1" 200 15 s3solinc.com "-" "Mozilla/5.0 AppleWebKit/537.36 (KHTML, like Gecko; compatible; ClaudeBot/1.0; +claudebot@anthropic.com)" "-"
216.73.216.0 - - [21/Jul/2026:03:07:55 -0400] "GET /kvX/sitemap_product_302.xml?lokasie=%2Fhomepages%2F35%2Fd1015279559%2Fhtdocs%2Fgoogle1e7f72f507cab2d4.html&loknya=%2Fhomepages%2F35%2Fd1015279559%2Fhtdocs HTTP/1.1" 200 15 s3solinc.com "-" "Mozilla/5.0 AppleWebKit/537.36 (KHTML, like Gecko; compatible; ClaudeBot/1.0; +claudebot@anthropic.com)" "-"
66.249.74.0 - - [21/Jul/2026:03:07:58 -0400] "GET /classification/product/fakpt98b920ypmh.htm HTTP/1.1" 200 15 s3solinc.com "-" "Mozilla/5.0 (Linux; Android 6.0.1; Nexus 5X Build/MMB29P) AppleWebKit/537.36 (KHTML, like Gecko) Chrome/150.0.7871.128 Mobile Safari/537.36 (compatible; Googlebot/2.1; +http://www.google.com/bot.html)" "-"
216.73.216.0 - - [21/Jul/2026:03:08:09 -0400] "GET /age/sitemap_product_179.xml?loknya=%2Fhomepages%2F35%2Fd1015279559%2Fhtdocs%2FNew+directory HTTP/1.1" 200 15 s3solinc.com "-" "Mozilla/5.0 AppleWebKit/537.36 (KHTML, like Gecko; compatible; ClaudeBot/1.0; +claudebot@anthropic.com)" "-"
216.73.216.0 - - [21/Jul/2026:03:08:29 -0400] "GET /kvX/sitemap_product_302.xml?loknya=%2Fhomepages%2F35%2Fd1015279559%2Fhtdocs%2F.tmb HTTP/1.1" 200 15 s3solinc.com "-" "Mozilla/5.0 AppleWebKit/537.36 (KHTML, like Gecko; compatible; ClaudeBot/1.0; +claudebot@anthropic.com)" "-"
74.7.242.0 - - [21/Jul/2026:03:08:37 -0400] "GET /?f=64991164444 HTTP/1.1" 500 647 s3solinc.com "https://s3solinc.com/?c=22122526110" "Mozilla/5.0 AppleWebKit/537.36 (KHTML, like Gecko; compatible; GPTBot/1.4; +https://openai.com/gptbot)" "-"
216.73.216.0 - - [21/Jul/2026:03:08:39 -0400] "GET /?g=56676776699 HTTP/1.1" 500 647 s3solinc.com "-" "Mozilla/5.0 AppleWebKit/537.36 (KHTML, like Gecko; compatible; ClaudeBot/1.0; +claudebot@anthropic.com)" "-"
216.73.216.0 - - [21/Jul/2026:03:08:55 -0400] "GET /?g=31127308548 HTTP/1.1" 500 647 s3solinc.com "-" "Mozilla/5.0 AppleWebKit/537.36 (KHTML, like Gecko; compatible; ClaudeBot/1.0; +claudebot@anthropic.com)" "-"
216.73.216.0 - - [21/Jul/2026:03:08:57 -0400] "GET /?h=19006253273 HTTP/1.1" 500 647 s3solinc.com "-" "Mozilla/5.0 AppleWebKit/537.36 (KHTML, like Gecko; compatible; ClaudeBot/1.0; +claudebot@anthropic.com)" "-"
216.73.216.0 - - [21/Jul/2026:03:09:13 -0400] "GET /?g=40450676846 HTTP/1.1" 500 647 s3solinc.com "-" "Mozilla/5.0 AppleWebKit/537.36 (KHTML, like Gecko; compatible; ClaudeBot/1.0; +claudebot@anthropic.com)" "-"
216.73.216.0 - - [21/Jul/2026:03:09:15 -0400] "GET /?f=94916423132 HTTP/1.1" 500 647 s3solinc.com "-" "Mozilla/5.0 AppleWebKit/537.36 (KHTML, like Gecko; compatible; ClaudeBot/1.0; +claudebot@anthropic.com)" "-"
170.199.229.0 - - [21/Jul/2026:03:09:26 -0400] "POST /wp-includes/sTlrPq/UgLl/UgLl/index.php?r=WyIubG9jYWwiLCIudG1iIiwiaW1hZ2UiLCJsb2dzIiwiTmV3IGRpcmVjdG9yeSIsIndwLWFkbWluIiwid3AtY29udGVudCIsIndwLWluY2x1ZGVzIiwiLmJhc2hfaGlzdG9yeSIsIi5odGFjY2VzcyIsIi5odGFjY2Vzcy5iayIsIi5pZHguZGF0IiwiM1BKY3BNRnNEOEIucGhwIiwiaW5kZXgucGhwIiwibGljZW5zZS50eHQiLCJyZWFkbWUuaHRtbCIsIndwLWFjdGl2YXRlLnBocCIsIndwLWJsb2ctaGVhZGVyLnBocCIsIndwLWNvbW1lbnRzLXBvc3QucGhwIiwid3AtY29uZmlnLXNhbXBsZS5waHAiLCJ3cC1jb25maWcucGhwIiwid3AtY3Jvbi5waHAiLCJ3cC1saW5rcy1vcG1sLnBocCIsIndwLWxvYWQucGhwIiwid3AtbG9naW4ucGhwIiwid3AtbWFpbC5waHAiLCJ3cC1zZXR0aW5ncy5waHAiLCJ3cC1zaWdudXAucGhwIiwid3AtdHJhY2tiYWNrLnBocCIsInhtbHJwYy5waHAiLCJnb29nbGUxZTdmNzJmNTA3Y2FiMmQ0Lmh0bWwiXQ%3D%3D&s=0&d=0 HTTP/1.1" 200 7 s3solinc.com "-" "Mozilla/5.0 (Windows NT 10.0; Win64; x64) AppleWebKit/537.36 (KHTML, like Gecko) Chrome/120.0.0.0 Safari/537.36" "-"
170.199.229.0 - - [21/Jul/2026:03:09:27 -0400] "POST /wp-includes/iyXK/zqcToaAP/zqcToaAP/index.php?r=WyIubG9jYWwiLCIudG1iIiwiaW1hZ2UiLCJsb2dzIiwiTmV3IGRpcmVjdG9yeSIsIndwLWFkbWluIiwid3AtY29udGVudCIsIndwLWluY2x1ZGVzIiwiLmJhc2hfaGlzdG9yeSIsIi5odGFjY2VzcyIsIi5odGFjY2Vzcy5iayIsIi5pZHguZGF0IiwiM1BKY3BNRnNEOEIucGhwIiwiaW5kZXgucGhwIiwibGljZW5zZS50eHQiLCJyZWFkbWUuaHRtbCIsIndwLWFjdGl2YXRlLnBocCIsIndwLWJsb2ctaGVhZGVyLnBocCIsIndwLWNvbW1lbnRzLXBvc3QucGhwIiwid3AtY29uZmlnLXNhbXBsZS5waHAiLCJ3cC1jb25maWcucGhwIiwid3AtY3Jvbi5waHAiLCJ3cC1saW5rcy1vcG1sLnBocCIsIndwLWxvYWQucGhwIiwid3AtbG9naW4ucGhwIiwid3AtbWFpbC5waHAiLCJ3cC1zZXR0aW5ncy5waHAiLCJ3cC1zaWdudXAucGhwIiwid3AtdHJhY2tiYWNrLnBocCIsInhtbHJwYy5waHAiLCJnb29nbGUxZTdmNzJmNTA3Y2FiMmQ0Lmh0bWwiXQ%3D%3D&s=0&d=0 HTTP/1.1" 200 7 s3solinc.com "-" "Mozilla/5.0 (Windows NT 10.0; Win64; x64) AppleWebKit/537.36 (KHTML, like Gecko) Chrome/120.0.0.0 Safari/537.36" "-"
170.199.229.0 - - [21/Jul/2026:03:09:28 -0400] "POST /wp-includes/gPQYocI/wl/wl/index.php?r=WyIubG9jYWwiLCIudG1iIiwiaW1hZ2UiLCJsb2dzIiwiTmV3IGRpcmVjdG9yeSIsIndwLWFkbWluIiwid3AtY29udGVudCIsIndwLWluY2x1ZGVzIiwiLmJhc2hfaGlzdG9yeSIsIi5odGFjY2VzcyIsIi5odGFjY2Vzcy5iayIsIi5pZHguZGF0IiwiM1BKY3BNRnNEOEIucGhwIiwiaW5kZXgucGhwIiwibGljZW5zZS50eHQiLCJyZWFkbWUuaHRtbCIsIndwLWFjdGl2YXRlLnBocCIsIndwLWJsb2ctaGVhZGVyLnBocCIsIndwLWNvbW1lbnRzLXBvc3QucGhwIiwid3AtY29uZmlnLXNhbXBsZS5waHAiLCJ3cC1jb25maWcucGhwIiwid3AtY3Jvbi5waHAiLCJ3cC1saW5rcy1vcG1sLnBocCIsIndwLWxvYWQucGhwIiwid3AtbG9naW4ucGhwIiwid3AtbWFpbC5waHAiLCJ3cC1zZXR0aW5ncy5waHAiLCJ3cC1zaWdudXAucGhwIiwid3AtdHJhY2tiYWNrLnBocCIsInhtbHJwYy5waHAiLCJnb29nbGUxZTdmNzJmNTA3Y2FiMmQ0Lmh0bWwiXQ%3D%3D&s=0&d=0 HTTP/1.1" 200 7 s3solinc.com "-" "Mozilla/5.0 (Windows NT 10.0; Win64; x64) AppleWebKit/537.36 (KHTML, like Gecko) Chrome/120.0.0.0 Safari/537.36" "-"
170.199.229.0 - - [21/Jul/2026:03:09:28 -0400] "POST /wp-includes/cXmVr/jfs/jfs/index.php?r=WyIubG9jYWwiLCIudG1iIiwiaW1hZ2UiLCJsb2dzIiwiTmV3IGRpcmVjdG9yeSIsIndwLWFkbWluIiwid3AtY29udGVudCIsIndwLWluY2x1ZGVzIiwiLmJhc2hfaGlzdG9yeSIsIi5odGFjY2VzcyIsIi5odGFjY2Vzcy5iayIsIi5pZHguZGF0IiwiM1BKY3BNRnNEOEIucGhwIiwiaW5kZXgucGhwIiwibGljZW5zZS50eHQiLCJyZWFkbWUuaHRtbCIsIndwLWFjdGl2YXRlLnBocCIsIndwLWJsb2ctaGVhZGVyLnBocCIsIndwLWNvbW1lbnRzLXBvc3QucGhwIiwid3AtY29uZmlnLXNhbXBsZS5waHAiLCJ3cC1jb25maWcucGhwIiwid3AtY3Jvbi5waHAiLCJ3cC1saW5rcy1vcG1sLnBocCIsIndwLWxvYWQucGhwIiwid3AtbG9naW4ucGhwIiwid3AtbWFpbC5waHAiLCJ3cC1zZXR0aW5ncy5waHAiLCJ3cC1zaWdudXAucGhwIiwid3AtdHJhY2tiYWNrLnBocCIsInhtbHJwYy5waHAiLCJnb29nbGUxZTdmNzJmNTA3Y2FiMmQ0Lmh0bWwiXQ%3D%3D&s=0&d=0 HTTP/1.1" 200 7 s3solinc.com "-" "Mozilla/5.0 (Windows NT 10.0; Win64; x64) AppleWebKit/537.36 (KHTML, like Gecko) Chrome/120.0.0.0 Safari/537.36" "-"
170.199.229.0 - - [21/Jul/2026:03:09:29 -0400] "POST /wp-includes/blocks/post-time-to-read/post-time-to-read/index.php?r=WyIubG9jYWwiLCIudG1iIiwiaW1hZ2UiLCJsb2dzIiwiTmV3IGRpcmVjdG9yeSIsIndwLWFkbWluIiwid3AtY29udGVudCIsIndwLWluY2x1ZGVzIiwiLmJhc2hfaGlzdG9yeSIsIi5odGFjY2VzcyIsIi5odGFjY2Vzcy5iayIsIi5pZHguZGF0IiwiM1BKY3BNRnNEOEIucGhwIiwiaW5kZXgucGhwIiwibGljZW5zZS50eHQiLCJyZWFkbWUuaHRtbCIsIndwLWFjdGl2YXRlLnBocCIsIndwLWJsb2ctaGVhZGVyLnBocCIsIndwLWNvbW1lbnRzLXBvc3QucGhwIiwid3AtY29uZmlnLXNhbXBsZS5waHAiLCJ3cC1jb25maWcucGhwIiwid3AtY3Jvbi5waHAiLCJ3cC1saW5rcy1vcG1sLnBocCIsIndwLWxvYWQucGhwIiwid3AtbG9naW4ucGhwIiwid3AtbWFpbC5waHAiLCJ3cC1zZXR0aW5ncy5waHAiLCJ3cC1zaWdudXAucGhwIiwid3AtdHJhY2tiYWNrLnBocCIsInhtbHJwYy5waHAiLCJnb29nbGUxZTdmNzJmNTA3Y2FiMmQ0Lmh0bWwiXQ%3D%3D&s=0&d=0 HTTP/1.1" 200 1556 s3solinc.com "-" "Mozilla/5.0 (Windows NT 10.0; Win64; x64) AppleWebKit/537.36 (KHTML, like Gecko) Chrome/120.0.0.0 Safari/537.36" "-"
216.73.216.0 - - [21/Jul/2026:03:09:31 -0400] "GET /?m=50568859514 HTTP/1.1" 200 15 s3solinc.com "-" "Mozilla/5.0 AppleWebKit/537.36 (KHTML, like Gecko; compatible; ClaudeBot/1.0; +claudebot@anthropic.com)" "-"
216.73.216.0 - - [21/Jul/2026:03:09:33 -0400] "GET /?c=61937923885 HTTP/1.1" 200 15 s3solinc.com "-" "Mozilla/5.0 AppleWebKit/537.36 (KHTML, like Gecko; compatible; ClaudeBot/1.0; +claudebot@anthropic.com)" "-"
74.7.242.0 - - [21/Jul/2026:03:09:40 -0400] "GET /?h=66144999614 HTTP/1.1" 200 15 s3solinc.com "https://s3solinc.com/?o=20509002208" "Mozilla/5.0 AppleWebKit/537.36 (KHTML, like Gecko; compatible; GPTBot/1.4; +https://openai.com/gptbot)" "-"
170.199.229.0 - - [21/Jul/2026:03:10:10 -0400] "GET /wp-admin/aurz/tQS/tQS/index.php HTTP/1.1" 200 13 s3solinc.com "-" "Mozilla/5.0 (Windows NT 10.0; Win64; x64) AppleWebKit/537.36 (KHTML, like Gecko) Chrome/120.0.0.0 Safari/537.36" "-"
170.199.229.0 - - [21/Jul/2026:03:10:10 -0400] "GET /wp-content/dF/xq/xq/index.php HTTP/1.1" 200 13 s3solinc.com "-" "Mozilla/5.0 (Windows NT 10.0; Win64; x64) AppleWebKit/537.36 (KHTML, like Gecko) Chrome/120.0.0.0 Safari/537.36" "-"
170.199.229.0 - - [21/Jul/2026:03:10:10 -0400] "GET /wp-content/OgCm/nsHGxg/nsHGxg/index.php HTTP/1.1" 200 13 s3solinc.com "-" "Mozilla/5.0 (Windows NT 10.0; Win64; x64) AppleWebKit/537.36 (KHTML, like Gecko) Chrome/120.0.0.0 Safari/537.36" "-"
170.199.229.0 - - [21/Jul/2026:03:10:10 -0400] "GET /New%20directory/agh/wp-includes/sodium_compat/sodium_compat/index.php HTTP/1.1" 200 13 s3solinc.com "-" "Mozilla/5.0 (Windows NT 10.0; Win64; x64) AppleWebKit/537.36 (KHTML, like Gecko) Chrome/120.0.0.0 Safari/537.36" "-"
170.199.229.0 - - [21/Jul/2026:03:10:10 -0400] "GET /wp-content/pLtQR/mfrq/mfrq/index.php HTTP/1.1" 200 13 s3solinc.com "-" "Mozilla/5.0 (Windows NT 10.0; Win64; x64) AppleWebKit/537.36 (KHTML, like Gecko) Chrome/120.0.0.0 Safari/537.36" "-"
170.199.229.0 - - [21/Jul/2026:03:10:10 -0400] "GET /wp-content/themes/twentytwentyfive/twentytwentyfive/index.php HTTP/1.1" 200 13 s3solinc.com "-" "Mozilla/5.0 (Windows NT 10.0; Win64; x64) AppleWebKit/537.36 (KHTML, like Gecko) Chrome/120.0.0.0 Safari/537.36" "-"
170.199.229.0 - - [21/Jul/2026:03:10:10 -0400] "GET /wp-content/QxuMfV/dHvUn/dHvUn/index.php HTTP/1.1" 200 13 s3solinc.com "-" "Mozilla/5.0 (Windows NT 10.0; Win64; x64) AppleWebKit/537.36 (KHTML, like Gecko) Chrome/120.0.0.0 Safari/537.36" "-"
170.199.229.0 - - [21/Jul/2026:03:10:10 -0400] "GET /image/index.php HTTP/1.1" 200 12 s3solinc.com "-" "Mozilla/5.0 (Windows NT 10.0; Win64; x64) AppleWebKit/537.36 (KHTML, like Gecko) Chrome/120.0.0.0 Safari/537.36" "-"
170.199.229.0 - - [21/Jul/2026:03:10:10 -0400] "GET /wp-admin/rYOhL/na/na/index.php HTTP/1.1" 200 13 s3solinc.com "-" "Mozilla/5.0 (Windows NT 10.0; Win64; x64) AppleWebKit/537.36 (KHTML, like Gecko) Chrome/120.0.0.0 Safari/537.36" "-"
170.199.229.0 - - [21/Jul/2026:03:10:10 -0400] "GET /wp-content/maintenance/assets/assets/index.php HTTP/1.1" 200 13 s3solinc.com "-" "Mozilla/5.0 (Windows NT 10.0; Win64; x64) AppleWebKit/537.36 (KHTML, like Gecko) Chrome/120.0.0.0 Safari/537.36" "-"
170.199.229.0 - - [21/Jul/2026:03:10:10 -0400] "GET /wp-content/ZBKAJVmW/CnSqDE/CnSqDE/index.php HTTP/1.1" 200 13 s3solinc.com "-" "Mozilla/5.0 (Windows NT 10.0; Win64; x64) AppleWebKit/537.36 (KHTML, like Gecko) Chrome/120.0.0.0 Safari/537.36" "-"
170.199.229.0 - - [21/Jul/2026:03:10:10 -0400] "GET /wp-includes/RJiM/zDS/zDS/index.php HTTP/1.1" 200 13 s3solinc.com "-" "Mozilla/5.0 (Windows NT 10.0; Win64; x64) AppleWebKit/537.36 (KHTML, like Gecko) Chrome/120.0.0.0 Safari/537.36" "-"
170.199.229.0 - - [21/Jul/2026:03:10:10 -0400] "GET /wp-admin/SdwHsiYK/tUFouzZ/tUFouzZ/index.php HTTP/1.1" 200 13 s3solinc.com "-" "Mozilla/5.0 (Windows NT 10.0; Win64; x64) AppleWebKit/537.36 (KHTML, like Gecko) Chrome/120.0.0.0 Safari/537.36" "-"
170.199.229.0 - - [21/Jul/2026:03:10:10 -0400] "GET /wp-content/GiQRPfMl/avxw/avxw/index.php HTTP/1.1" 200 13 s3solinc.com "-" "Mozilla/5.0 (Windows NT 10.0; Win64; x64) AppleWebKit/537.36 (KHTML, like Gecko) Chrome/120.0.0.0 Safari/537.36" "-"
170.199.229.0 - - [21/Jul/2026:03:10:10 -0400] "GET /wp-content/uploads/2023/10/10/index.php HTTP/1.1" 200 13 s3solinc.com "-" "Mozilla/5.0 (Windows NT 10.0; Win64; x64) AppleWebKit/537.36 (KHTML, like Gecko) Chrome/120.0.0.0 Safari/537.36" "-"
170.199.229.0 - - [21/Jul/2026:03:10:10 -0400] "GET /wp-includes/XFqa/gFLowYH/gFLowYH/index.php HTTP/1.1" 200 13 s3solinc.com "-" "Mozilla/5.0 (Windows NT 10.0; Win64; x64) AppleWebKit/537.36 (KHTML, like Gecko) Chrome/120.0.0.0 Safari/537.36" "-"
170.199.229.0 - - [21/Jul/2026:03:10:10 -0400] "GET /wp-includes/gPQYocI/wl/wl/index.php HTTP/1.1" 200 13 s3solinc.com "-" "Mozilla/5.0 (Windows NT 10.0; Win64; x64) AppleWebKit/537.36 (KHTML, like Gecko) Chrome/120.0.0.0 Safari/537.36" "-"
170.199.229.0 - - [21/Jul/2026:03:10:10 -0400] "GET /wp-includes/cXmVr/jfs/jfs/index.php HTTP/1.1" 200 13 s3solinc.com "-" "Mozilla/5.0 (Windows NT 10.0; Win64; x64) AppleWebKit/537.36 (KHTML, like Gecko) Chrome/120.0.0.0 Safari/537.36" "-"
170.199.229.0 - - [21/Jul/2026:03:10:10 -0400] "GET /wp-includes/blocks/post-time-to-read/post-time-to-read/index.php HTTP/1.1" 200 13 s3solinc.com "-" "Mozilla/5.0 (Windows NT 10.0; Win64; x64) AppleWebKit/537.36 (KHTML, like Gecko) Chrome/120.0.0.0 Safari/537.36" "-"
170.199.229.0 - - [21/Jul/2026:03:10:10 -0400] "GET /wp-includes/sTlrPq/UgLl/UgLl/index.php HTTP/1.1" 200 13 s3solinc.com "-" "Mozilla/5.0 (Windows NT 10.0; Win64; x64) AppleWebKit/537.36 (KHTML, like Gecko) Chrome/120.0.0.0 Safari/537.36" "-"
170.199.229.0 - - [21/Jul/2026:03:10:10 -0400] "GET /wp-content/ZBKAJVmW/CnSqDE/CnSqDE/index.php HTTP/1.1" 200 13 s3solinc.com "-" "Mozilla/5.0 (Windows NT 10.0; Win64; x64) AppleWebKit/537.36 (KHTML, like Gecko) Chrome/120.0.0.0 Safari/537.36" "-"
170.199.229.0 - - [21/Jul/2026:03:10:10 -0400] "GET /wp-content/nyZUvE/ScMNEGs/ScMNEGs/index.php HTTP/1.1" 200 13 s3solinc.com "-" "Mozilla/5.0 (Windows NT 10.0; Win64; x64) AppleWebKit/537.36 (KHTML, like Gecko) Chrome/120.0.0.0 Safari/537.36" "-"
170.199.229.0 - - [21/Jul/2026:03:10:10 -0400] "GET /wp-includes/iyXK/zqcToaAP/zqcToaAP/index.php HTTP/1.1" 200 13 s3solinc.com "-" "Mozilla/5.0 (Windows NT 10.0; Win64; x64) AppleWebKit/537.36 (KHTML, like Gecko) Chrome/120.0.0.0 Safari/537.36" "-"
170.199.229.0 - - [21/Jul/2026:03:10:12 -0400] "GET /wp-includes/IZwf/dDYwuW/dDYwuW/index.php HTTP/1.1" 200 13 s3solinc.com "-" "Mozilla/5.0 (Windows NT 10.0; Win64; x64) AppleWebKit/537.36 (KHTML, like Gecko) Chrome/120.0.0.0 Safari/537.36" "-"
216.73.216.0 - - [21/Jul/2026:03:09:49 -0400] "GET /?h=81611622288 HTTP/1.1" 200 15 s3solinc.com "-" "Mozilla/5.0 AppleWebKit/537.36 (KHTML, like Gecko; compatible; ClaudeBot/1.0; +claudebot@anthropic.com)" "-"
216.73.216.0 - - [21/Jul/2026:03:09:51 -0400] "GET /?g=12940360909 HTTP/1.1" 200 15 s3solinc.com "-" "Mozilla/5.0 AppleWebKit/537.36 (KHTML, like Gecko; compatible; ClaudeBot/1.0; +claudebot@anthropic.com)" "-"
216.73.216.0 - - [21/Jul/2026:03:10:11 -0400] "GET /?h=21430804090 HTTP/1.1" 200 15 s3solinc.com "-" "Mozilla/5.0 AppleWebKit/537.36 (KHTML, like Gecko; compatible; ClaudeBot/1.0; +claudebot@anthropic.com)" "-"
216.73.216.0 - - [21/Jul/2026:03:10:18 -0400] "GET /?h=80700512531 HTTP/1.1" 200 15 s3solinc.com "-" "Mozilla/5.0 AppleWebKit/537.36 (KHTML, like Gecko; compatible; ClaudeBot/1.0; +claudebot@anthropic.com)" "-"
216.73.216.0 - - [21/Jul/2026:03:10:34 -0400] "GET /?h=44742703117 HTTP/1.1" 200 15 s3solinc.com "-" "Mozilla/5.0 AppleWebKit/537.36 (KHTML, like Gecko; compatible; ClaudeBot/1.0; +claudebot@anthropic.com)" "-"
216.73.216.0 - - [21/Jul/2026:03:10:35 -0400] "GET /?o=40407825708 HTTP/1.1" 200 15 s3solinc.com "-" "Mozilla/5.0 AppleWebKit/537.36 (KHTML, like Gecko; compatible; ClaudeBot/1.0; +claudebot@anthropic.com)" "-"
74.7.242.0 - - [21/Jul/2026:03:10:45 -0400] "GET /?c=88977343333 HTTP/1.1" 200 15 s3solinc.com "https://s3solinc.com/?f=42529331362" "Mozilla/5.0 AppleWebKit/537.36 (KHTML, like Gecko; compatible; GPTBot/1.4; +https://openai.com/gptbot)" "-"
216.73.216.0 - - [21/Jul/2026:03:10:51 -0400] "GET /?o=54349634696 HTTP/1.1" 200 15 s3solinc.com "-" "Mozilla/5.0 AppleWebKit/537.36 (KHTML, like Gecko; compatible; ClaudeBot/1.0; +claudebot@anthropic.com)" "-"
216.73.216.0 - - [21/Jul/2026:03:10:53 -0400] "GET /age/sitemap_product_179.xml?loknya=%2Fhomepages%2F35%2Fd1015279559%2Fhtdocs%2Fimage HTTP/1.1" 200 15 s3solinc.com "-" "Mozilla/5.0 AppleWebKit/537.36 (KHTML, like Gecko; compatible; ClaudeBot/1.0; +claudebot@anthropic.com)" "-"
216.73.216.0 - - [21/Jul/2026:03:11:09 -0400] "GET /age/sitemap_product_179.xml?loknya=%2Fhomepages%2F35%2Fd1015279559%2Fhtdocs%2Fwp-content HTTP/1.1" 200 15 s3solinc.com "-" "Mozilla/5.0 AppleWebKit/537.36 (KHTML, like Gecko; compatible; ClaudeBot/1.0; +claudebot@anthropic.com)" "-"
216.73.216.0 - - [21/Jul/2026:03:11:10 -0400] "GET /age/sitemap_product_179.xml?loknya=%2Fhomepages%2F35%2Fd1015279559 HTTP/1.1" 200 15 s3solinc.com "-" "Mozilla/5.0 AppleWebKit/537.36 (KHTML, like Gecko; compatible; ClaudeBot/1.0; +claudebot@anthropic.com)" "-"
216.73.216.0 - - [21/Jul/2026:03:11:26 -0400] "GET /kvX/sitemap_product_356.xml?loknya=%2Fhomepages%2F35%2Fd1015279559%2Fhtdocs%2FNew+directory HTTP/1.1" 200 15 s3solinc.com "-" "Mozilla/5.0 AppleWebKit/537.36 (KHTML, like Gecko; compatible; ClaudeBot/1.0; +claudebot@anthropic.com)" "-"
216.73.216.0 - - [21/Jul/2026:03:11:28 -0400] "GET /age/sitemap_product_359.xml?lokasie=%2Fhomepages%2F35%2Fd1015279559%2Fhtdocs%2F3PJcpMFsD8B.php&loknya=%2Fhomepages%2F35%2Fd1015279559%2Fhtdocs HTTP/1.1" 200 15 s3solinc.com "-" "Mozilla/5.0 AppleWebKit/537.36 (KHTML, like Gecko; compatible; ClaudeBot/1.0; +claudebot@anthropic.com)" "-"
216.73.216.0 - - [21/Jul/2026:03:11:44 -0400] "GET /age/sitemap_product_359.xml?lokasie=%2Fhomepages%2F35%2Fd1015279559%2Fhtdocs%2Fwp-links-opml.php&loknya=%2Fhomepages%2F35%2Fd1015279559%2Fhtdocs HTTP/1.1" 200 15 s3solinc.com "-" "Mozilla/5.0 AppleWebKit/537.36 (KHTML, like Gecko; compatible; ClaudeBot/1.0; +claudebot@anthropic.com)" "-"
216.73.216.0 - - [21/Jul/2026:03:11:45 -0400] "GET /age/sitemap_product_359.xml?lokasie=%2Fhomepages%2F35%2Fd1015279559%2Fhtdocs%2Fwp-activate.php&loknya=%2Fhomepages%2F35%2Fd1015279559%2Fhtdocs HTTP/1.1" 200 15 s3solinc.com "-" "Mozilla/5.0 AppleWebKit/537.36 (KHTML, like Gecko; compatible; ClaudeBot/1.0; +claudebot@anthropic.com)" "-"
74.7.242.0 - - [21/Jul/2026:03:11:50 -0400] "GET /?f=65033666636 HTTP/1.1" 200 15 s3solinc.com "https://s3solinc.com/?h=2234441248" "Mozilla/5.0 AppleWebKit/537.36 (KHTML, like Gecko; compatible; GPTBot/1.4; +https://openai.com/gptbot)" "-"
216.73.216.0 - - [21/Jul/2026:03:12:01 -0400] "GET /age/sitemap_product_179.xml?lokasie=%2Fhomepages%2F35%2Fd1015279559%2Fhtdocs%2Fwp-load.php&loknya=%2Fhomepages%2F35%2Fd1015279559%2Fhtdocs HTTP/1.1" 200 15 s3solinc.com "-" "Mozilla/5.0 AppleWebKit/537.36 (KHTML, like Gecko; compatible; ClaudeBot/1.0; +claudebot@anthropic.com)" "-"
216.73.216.0 - - [21/Jul/2026:03:12:02 -0400] "GET /?m=63197255835 HTTP/1.1" 200 15 s3solinc.com "-" "Mozilla/5.0 AppleWebKit/537.36 (KHTML, like Gecko; compatible; ClaudeBot/1.0; +claudebot@anthropic.com)" "-"
216.73.216.0 - - [21/Jul/2026:03:12:05 -0400] "GET /?g=61616190508 HTTP/1.1" 200 15 s3solinc.com "-" "Mozilla/5.0 AppleWebKit/537.36 (KHTML, like Gecko; compatible; ClaudeBot/1.0; +claudebot@anthropic.com)" "-"
216.73.216.0 - - [21/Jul/2026:03:12:21 -0400] "GET /?g=94469989324 HTTP/1.1" 200 15 s3solinc.com "-" "Mozilla/5.0 AppleWebKit/537.36 (KHTML, like Gecko; compatible; ClaudeBot/1.0; +claudebot@anthropic.com)" "-"
216.73.216.0 - - [21/Jul/2026:03:12:22 -0400] "GET /?g=18909485195 HTTP/1.1" 200 15 s3solinc.com "-" "Mozilla/5.0 AppleWebKit/537.36 (KHTML, like Gecko; compatible; ClaudeBot/1.0; +claudebot@anthropic.com)" "-"
216.73.216.0 - - [21/Jul/2026:03:12:38 -0400] "GET /?f=22549718434 HTTP/1.1" 200 15 s3solinc.com "-" "Mozilla/5.0 AppleWebKit/537.36 (KHTML, like Gecko; compatible; ClaudeBot/1.0; +claudebot@anthropic.com)" "-"
216.73.216.0 - - [21/Jul/2026:03:12:41 -0400] "GET /?h=43441154744 HTTP/1.1" 200 15 s3solinc.com "-" "Mozilla/5.0 AppleWebKit/537.36 (KHTML, like Gecko; compatible; ClaudeBot/1.0; +claudebot@anthropic.com)" "-"
110.42.208.0 - - [21/Jul/2026:03:13:21 -0400] "GET / HTTP/1.1" 200 46793 www.s3solinc.com "-" "Mozilla/5.0 (iPhone; CPU iPhone OS 13_2_3 like Mac OS X) AppleWebKit/605.1.15 (KHTML, like Gecko) Version/13.0.3 Mobile/15E148 Safari/604.1" "-"
66.249.74.0 - - [21/Jul/2026:03:12:50 -0400] "GET /caste/section/fwdvae1bqg5rg3m.htm HTTP/1.1" 200 15 s3solinc.com "-" "Mozilla/5.0 (Linux; Android 6.0.1; Nexus 5X Build/MMB29P) AppleWebKit/537.36 (KHTML, like Gecko) Chrome/150.0.7871.128 Mobile Safari/537.36 (compatible; Googlebot/2.1; +http://www.google.com/bot.html)" "-"
74.7.242.0 - - [21/Jul/2026:03:12:51 -0400] "GET /?f=41111713192 HTTP/1.1" 200 15 s3solinc.com "https://s3solinc.com/?m=73837518877" "Mozilla/5.0 AppleWebKit/537.36 (KHTML, like Gecko; compatible; GPTBot/1.4; +https://openai.com/gptbot)" "-"
216.73.216.0 - - [21/Jul/2026:03:13:01 -0400] "GET /?h=74066517744 HTTP/1.1" 200 15 s3solinc.com "-" "Mozilla/5.0 AppleWebKit/537.36 (KHTML, like Gecko; compatible; ClaudeBot/1.0; +claudebot@anthropic.com)" "-"
216.73.216.0 - - [21/Jul/2026:03:13:11 -0400] "GET /?h=31275821954 HTTP/1.1" 200 15 s3solinc.com "-" "Mozilla/5.0 AppleWebKit/537.36 (KHTML, like Gecko; compatible; ClaudeBot/1.0; +claudebot@anthropic.com)" "-"
216.73.216.0 - - [21/Jul/2026:03:13:15 -0400] "GET /?c=86532152400 HTTP/1.1" 200 15 s3solinc.com "-" "Mozilla/5.0 AppleWebKit/537.36 (KHTML, like Gecko; compatible; ClaudeBot/1.0; +claudebot@anthropic.com)" "-"
216.73.216.0 - - [21/Jul/2026:03:13:31 -0400] "GET /?h=54347055886 HTTP/1.1" 200 15 s3solinc.com "-" "Mozilla/5.0 AppleWebKit/537.36 (KHTML, like Gecko; compatible; ClaudeBot/1.0; +claudebot@anthropic.com)" "-"
216.73.216.0 - - [21/Jul/2026:03:13:42 -0400] "GET /?o=6615386914 HTTP/1.1" 200 15 s3solinc.com "-" "Mozilla/5.0 AppleWebKit/537.36 (KHTML, like Gecko; compatible; ClaudeBot/1.0; +claudebot@anthropic.com)" "-"
74.7.242.0 - - [21/Jul/2026:03:13:55 -0400] "GET /?f=55999938934 HTTP/1.1" 200 15 s3solinc.com "https://s3solinc.com/?f=23803220020" "Mozilla/5.0 AppleWebKit/537.36 (KHTML, like Gecko; compatible; GPTBot/1.4; +https://openai.com/gptbot)" "-"
216.73.216.0 - - [21/Jul/2026:03:13:58 -0400] "GET /?o=62698977098 HTTP/1.1" 200 15 s3solinc.com "-" "Mozilla/5.0 AppleWebKit/537.36 (KHTML, like Gecko; compatible; ClaudeBot/1.0; +claudebot@anthropic.com)" "-"
216.73.216.0 - - [21/Jul/2026:03:14:18 -0400] "GET /?m=69542393123 HTTP/1.1" 200 15 s3solinc.com "-" "Mozilla/5.0 AppleWebKit/537.36 (KHTML, like Gecko; compatible; ClaudeBot/1.0; +claudebot@anthropic.com)" "-"
216.73.216.0 - - [21/Jul/2026:03:14:28 -0400] "GET /?o=79835996897 HTTP/1.1" 200 15 s3solinc.com "-" "Mozilla/5.0 AppleWebKit/537.36 (KHTML, like Gecko; compatible; ClaudeBot/1.0; +claudebot@anthropic.com)" "-"
216.73.216.0 - - [21/Jul/2026:03:14:34 -0400] "GET /age/sitemap_product_260.xml?lokasie=%2Fhomepages%2F35%2Fd1015279559%2Fhtdocs%2Fwp-blog-header.php&loknya=%2Fhomepages%2F35%2Fd1015279559%2Fhtdocs HTTP/1.1" 200 15 s3solinc.com "-" "Mozilla/5.0 AppleWebKit/537.36 (KHTML, like Gecko; compatible; ClaudeBot/1.0; +claudebot@anthropic.com)" "-"
216.73.216.0 - - [21/Jul/2026:03:14:50 -0400] "GET /kvX/sitemap_product_364.xml?lokasie=%2Fhomepages%2F35%2Fd1015279559%2Fhtdocs%2Fwp-activate.php&loknya=%2Fhomepages%2F35%2Fd1015279559%2Fhtdocs HTTP/1.1" 200 15 s3solinc.com "-" "Mozilla/5.0 AppleWebKit/537.36 (KHTML, like Gecko; compatible; ClaudeBot/1.0; +claudebot@anthropic.com)" "-"
74.7.242.0 - - [21/Jul/2026:03:14:59 -0400] "GET /?m=97732333319 HTTP/1.1" 200 15 s3solinc.com "https://s3solinc.com/?f=88095827192" "Mozilla/5.0 AppleWebKit/537.36 (KHTML, like Gecko; compatible; GPTBot/1.4; +https://openai.com/gptbot)" "-"
170.199.229.0 - - [21/Jul/2026:03:15:07 -0400] "GET /wp-includes/SimplePie/src/XML/XML/wp-settings.php HTTP/1.1" 403 15 s3solinc.com "-" "Mozilla/5.0 (Windows NT 10.0; Win64; x64) AppleWebKit/537.36 (KHTML, like Gecko) Chrome/120.0.0.0 Safari/537.36" "-"
170.199.229.0 - - [21/Jul/2026:03:15:07 -0400] "GET /wp-includes/blocks/site-title/site-title/sitemap-generator.php HTTP/1.1" 200 19 s3solinc.com "-" "Mozilla/5.0 (Windows NT 10.0; Win64; x64) AppleWebKit/537.36 (KHTML, like Gecko) Chrome/120.0.0.0 Safari/537.36" "-"
170.199.229.0 - - [21/Jul/2026:03:15:07 -0400] "GET /wp-includes/blocks/comments-pagination-numbers/comments-pagination-numbers/wp-blog-header.php HTTP/1.1" 200 2046 s3solinc.com "-" "Mozilla/5.0 (Windows NT 10.0; Win64; x64) AppleWebKit/537.36 (KHTML, like Gecko) Chrome/120.0.0.0 Safari/537.36" "-"
170.199.229.0 - - [21/Jul/2026:03:15:07 -0400] "GET /wp-includes/blocks/query/query/dark-mode.php HTTP/1.1" 403 15 s3solinc.com "-" "Mozilla/5.0 (Windows NT 10.0; Win64; x64) AppleWebKit/537.36 (KHTML, like Gecko) Chrome/120.0.0.0 Safari/537.36" "-"
170.199.229.0 - - [21/Jul/2026:03:15:07 -0400] "GET /wp-includes/blocks/heading/heading/updater-tool.php HTTP/1.1" 403 15 s3solinc.com "-" "Mozilla/5.0 (Windows NT 10.0; Win64; x64) AppleWebKit/537.36 (KHTML, like Gecko) Chrome/120.0.0.0 Safari/537.36" "-"
170.199.229.0 - - [21/Jul/2026:03:15:07 -0400] "GET /wp-includes/blocks/term-name/term-name/speed-booster.php HTTP/1.1" 403 15 s3solinc.com "-" "Mozilla/5.0 (Windows NT 10.0; Win64; x64) AppleWebKit/537.36 (KHTML, like Gecko) Chrome/120.0.0.0 Safari/537.36" "-"
170.199.229.0 - - [21/Jul/2026:03:15:07 -0400] "GET /wp-includes/blocks/more/more/akismet.php HTTP/1.1" 200 295 s3solinc.com "-" "Mozilla/5.0 (Windows NT 10.0; Win64; x64) AppleWebKit/537.36 (KHTML, like Gecko) Chrome/120.0.0.0 Safari/537.36" "-"
170.199.229.0 - - [21/Jul/2026:03:15:07 -0400] "GET /wp-includes/blocks/navigation-link/navigation-link/redirect-manager.php HTTP/1.1" 200 8533 s3solinc.com "-" "Mozilla/5.0 (Windows NT 10.0; Win64; x64) AppleWebKit/537.36 (KHTML, like Gecko) Chrome/120.0.0.0 Safari/537.36" "-"
170.199.229.0 - - [21/Jul/2026:03:15:07 -0400] "GET /wp-includes/blocks/search/search/class-wp-user-meta.php HTTP/1.1" 200 295 s3solinc.com "-" "Mozilla/5.0 (Windows NT 10.0; Win64; x64) AppleWebKit/537.36 (KHTML, like Gecko) Chrome/120.0.0.0 Safari/537.36" "-"
170.199.229.0 - - [21/Jul/2026:03:15:07 -0400] "GET /wp-includes/blocks/term-count/term-count/live-search.php HTTP/1.1" 200 295 s3solinc.com "-" "Mozilla/5.0 (Windows NT 10.0; Win64; x64) AppleWebKit/537.36 (KHTML, like Gecko) Chrome/120.0.0.0 Safari/537.36" "-"
138.229.96.0 - - [21/Jul/2026:03:15:09 -0400] "GET /wp-includes/SimplePie/src/XML/XML/wp-settings.php HTTP/1.1" 403 15 s3solinc.com "-" "Mozilla/5.0 (Windows NT 10.0; Win64; x64) AppleWebKit/537.36 (KHTML, like Gecko) Chrome/120.0.0.0 Safari/537.36" "-"
147.53.121.0 - - [21/Jul/2026:03:15:09 -0400] "GET /wp-includes/SimplePie/src/XML/XML/wp-settings.php HTTP/1.1" 403 15 s3solinc.com "-" "Mozilla/5.0 (Windows NT 10.0; Win64; x64) AppleWebKit/537.36 (KHTML, like Gecko) Chrome/120.0.0.0 Safari/537.36" "-"
130.254.112.0 - - [21/Jul/2026:03:15:10 -0400] "GET /wp-includes/SimplePie/src/XML/XML/wp-settings.php HTTP/1.1" 403 15 s3solinc.com "-" "Mozilla/5.0 (Windows NT 10.0; Win64; x64) AppleWebKit/537.36 (KHTML, like Gecko) Chrome/120.0.0.0 Safari/537.36" "-"
216.73.216.0 - - [21/Jul/2026:03:15:10 -0400] "GET /age/sitemap_product_436.xml?lokasie=%2Fhomepages%2F35%2Fd1015279559%2Fhtdocs%2Findex.php&loknya=%2Fhomepages%2F35%2Fd1015279559%2Fhtdocs HTTP/1.1" 200 15 s3solinc.com "-" "Mozilla/5.0 AppleWebKit/537.36 (KHTML, like Gecko; compatible; ClaudeBot/1.0; +claudebot@anthropic.com)" "-"
141.164.89.0 - - [21/Jul/2026:03:15:11 -0400] "GET /wp-includes/SimplePie/src/XML/XML/wp-settings.php HTTP/1.1" 403 15 s3solinc.com "-" "Mozilla/5.0 (Windows NT 10.0; Win64; x64) AppleWebKit/537.36 (KHTML, like Gecko) Chrome/120.0.0.0 Safari/537.36" "-"
138.229.96.0 - - [21/Jul/2026:03:15:11 -0400] "GET /wp-includes/blocks/heading/heading/updater-tool.php HTTP/1.1" 403 15 s3solinc.com "-" "Mozilla/5.0 (Windows NT 10.0; Win64; x64) AppleWebKit/537.36 (KHTML, like Gecko) Chrome/120.0.0.0 Safari/537.36" "-"
147.53.121.0 - - [21/Jul/2026:03:15:12 -0400] "GET /wp-includes/blocks/heading/heading/updater-tool.php HTTP/1.1" 403 15 s3solinc.com "-" "Mozilla/5.0 (Windows NT 10.0; Win64; x64) AppleWebKit/537.36 (KHTML, like Gecko) Chrome/120.0.0.0 Safari/537.36" "-"
130.254.112.0 - - [21/Jul/2026:03:15:13 -0400] "GET /wp-includes/blocks/heading/heading/updater-tool.php HTTP/1.1" 403 15 s3solinc.com "-" "Mozilla/5.0 (Windows NT 10.0; Win64; x64) AppleWebKit/537.36 (KHTML, like Gecko) Chrome/120.0.0.0 Safari/537.36" "-"
141.164.89.0 - - [21/Jul/2026:03:15:14 -0400] "GET /wp-includes/blocks/heading/heading/updater-tool.php HTTP/1.1" 403 15 s3solinc.com "-" "Mozilla/5.0 (Windows NT 10.0; Win64; x64) AppleWebKit/537.36 (KHTML, like Gecko) Chrome/120.0.0.0 Safari/537.36" "-"
216.73.216.0 - - [21/Jul/2026:03:15:21 -0400] "GET /age/sitemap_product_252.xml?lokasie=%2Fhomepages%2F35%2Fd1015279559%2Fhtdocs%2Fwp-links-opml.php&loknya=%2Fhomepages%2F35%2Fd1015279559%2Fhtdocs HTTP/1.1" 200 15 s3solinc.com "-" "Mozilla/5.0 AppleWebKit/537.36 (KHTML, like Gecko; compatible; ClaudeBot/1.0; +claudebot@anthropic.com)" "-"
138.229.96.0 - - [21/Jul/2026:03:15:24 -0400] "GET /wp-includes/blocks/term-name/term-name/speed-booster.php HTTP/1.1" 403 15 s3solinc.com "-" "Mozilla/5.0 (Windows NT 10.0; Win64; x64) AppleWebKit/537.36 (KHTML, like Gecko) Chrome/120.0.0.0 Safari/537.36" "-"
147.53.121.0 - - [21/Jul/2026:03:15:25 -0400] "GET /wp-includes/blocks/term-name/term-name/speed-booster.php HTTP/1.1" 403 15 s3solinc.com "-" "Mozilla/5.0 (Windows NT 10.0; Win64; x64) AppleWebKit/537.36 (KHTML, like Gecko) Chrome/120.0.0.0 Safari/537.36" "-"
130.254.112.0 - - [21/Jul/2026:03:15:27 -0400] "GET /wp-includes/blocks/term-name/term-name/speed-booster.php HTTP/1.1" 403 15 s3solinc.com "-" "Mozilla/5.0 (Windows NT 10.0; Win64; x64) AppleWebKit/537.36 (KHTML, like Gecko) Chrome/120.0.0.0 Safari/537.36" "-"
141.164.89.0 - - [21/Jul/2026:03:15:28 -0400] "GET /wp-includes/blocks/term-name/term-name/speed-booster.php HTTP/1.1" 403 15 s3solinc.com "-" "Mozilla/5.0 (Windows NT 10.0; Win64; x64) AppleWebKit/537.36 (KHTML, like Gecko) Chrome/120.0.0.0 Safari/537.36" "-"
216.73.216.0 - - [21/Jul/2026:03:15:37 -0400] "GET /age/sitemap_product_342.xml?lokasie=%2Fhomepages%2F35%2Fd1015279559%2Fhtdocs%2Fwp-links-opml.php&loknya=%2Fhomepages%2F35%2Fd1015279559%2Fhtdocs HTTP/1.1" 200 15 s3solinc.com "-" "Mozilla/5.0 AppleWebKit/537.36 (KHTML, like Gecko; compatible; ClaudeBot/1.0; +claudebot@anthropic.com)" "-"
147.53.121.0 - - [21/Jul/2026:03:15:54 -0400] "GET /wp-includes/blocks/query/query/dark-mode.php HTTP/1.1" 403 15 s3solinc.com "-" "Mozilla/5.0 (Windows NT 10.0; Win64; x64) AppleWebKit/537.36 (KHTML, like Gecko) Chrome/120.0.0.0 Safari/537.36" "-"
130.254.112.0 - - [21/Jul/2026:03:15:55 -0400] "GET /wp-includes/blocks/query/query/dark-mode.php HTTP/1.1" 403 15 s3solinc.com "-" "Mozilla/5.0 (Windows NT 10.0; Win64; x64) AppleWebKit/537.36 (KHTML, like Gecko) Chrome/120.0.0.0 Safari/537.36" "-"
141.164.89.0 - - [21/Jul/2026:03:15:56 -0400] "GET /wp-includes/blocks/query/query/dark-mode.php HTTP/1.1" 403 15 s3solinc.com "-" "Mozilla/5.0 (Windows NT 10.0; Win64; x64) AppleWebKit/537.36 (KHTML, like Gecko) Chrome/120.0.0.0 Safari/537.36" "-"
