216.73.216.0 - - [21/Jul/2026:00:51:41 -0400] "GET /age/sitemap_product_353.xml?lokasie=%2Fhomepages%2F35%2Fd1015279559%2Fhtdocs%2Fwp-mail.php&loknya=%2Fhomepages%2F35%2Fd1015279559%2Fhtdocs HTTP/1.1" 200 15 s3solinc.com "-" "Mozilla/5.0 AppleWebKit/537.36 (KHTML, like Gecko; compatible; ClaudeBot/1.0; +claudebot@anthropic.com)" "-"
216.73.216.0 - - [21/Jul/2026:00:51:51 -0400] "GET /kvX/sitemap_product_307.xml?lokasie=%2Fhomepages%2F35%2Fd1015279559%2Fhtdocs%2Fwp-load.php&loknya=%2Fhomepages%2F35%2Fd1015279559%2Fhtdocs HTTP/1.1" 200 15 s3solinc.com "-" "Mozilla/5.0 AppleWebKit/537.36 (KHTML, like Gecko; compatible; ClaudeBot/1.0; +claudebot@anthropic.com)" "-"
216.73.216.0 - - [21/Jul/2026:00:51:55 -0400] "GET /age/sitemap_product_353.xml?lokasie=%2Fhomepages%2F35%2Fd1015279559%2Fhtdocs%2Fgoogle1e7f72f507cab2d4.html&loknya=%2Fhomepages%2F35%2Fd1015279559%2Fhtdocs HTTP/1.1" 200 15 s3solinc.com "-" "Mozilla/5.0 AppleWebKit/537.36 (KHTML, like Gecko; compatible; ClaudeBot/1.0; +claudebot@anthropic.com)" "-"
216.73.216.0 - - [21/Jul/2026:00:52:05 -0400] "GET /age/sitemap_product_353.xml?lokasie=%2Fhomepages%2F35%2Fd1015279559%2Fhtdocs%2F3PJcpMFsD8B.php&loknya=%2Fhomepages%2F35%2Fd1015279559%2Fhtdocs HTTP/1.1" 200 15 s3solinc.com "-" "Mozilla/5.0 AppleWebKit/537.36 (KHTML, like Gecko; compatible; ClaudeBot/1.0; +claudebot@anthropic.com)" "-"
216.73.216.0 - - [21/Jul/2026:00:52:07 -0400] "GET /age/sitemap_product_366.xml?lokasie=%2Fhomepages%2F35%2Fd1015279559%2Fhtdocs%2Fwp-signup.php&loknya=%2Fhomepages%2F35%2Fd1015279559%2Fhtdocs HTTP/1.1" 200 15 s3solinc.com "-" "Mozilla/5.0 AppleWebKit/537.36 (KHTML, like Gecko; compatible; ClaudeBot/1.0; +claudebot@anthropic.com)" "-"
216.73.216.0 - - [21/Jul/2026:00:52:15 -0400] "GET /kvX/sitemap_product_329.xml?lokasie=%2Fhomepages%2F35%2Fd1015279559%2Fhtdocs%2F.htaccess&loknya=%2Fhomepages%2F35%2Fd1015279559%2Fhtdocs HTTP/1.1" 200 15 s3solinc.com "-" "Mozilla/5.0 AppleWebKit/537.36 (KHTML, like Gecko; compatible; ClaudeBot/1.0; +claudebot@anthropic.com)" "-"
216.73.216.0 - - [21/Jul/2026:00:52:22 -0400] "GET /age/sitemap_product_341.xml?loknya=%2Fhomepages%2F35%2Fd1015279559%2Fhtdocs%2Fwp-includes HTTP/1.1" 200 15 s3solinc.com "-" "Mozilla/5.0 AppleWebKit/537.36 (KHTML, like Gecko; compatible; ClaudeBot/1.0; +claudebot@anthropic.com)" "-"
74.7.242.0 - - [21/Jul/2026:00:52:23 -0400] "GET /?o=91879711118 HTTP/1.1" 200 15 s3solinc.com "https://s3solinc.com/?o=68838398193" "Mozilla/5.0 AppleWebKit/537.36 (KHTML, like Gecko; compatible; GPTBot/1.4; +https://openai.com/gptbot)" "-"
216.73.216.0 - - [21/Jul/2026:00:52:32 -0400] "GET /age/sitemap_product_337.xml?loknya=%2Fhomepages%2F35%2Fd1015279559%2Fhtdocs%2Fwp-includes HTTP/1.1" 200 15 s3solinc.com "-" "Mozilla/5.0 AppleWebKit/537.36 (KHTML, like Gecko; compatible; ClaudeBot/1.0; +claudebot@anthropic.com)" "-"
216.73.216.0 - - [21/Jul/2026:00:52:39 -0400] "GET /age/sitemap_product_353.xml?lokasie=%2Fhomepages%2F35%2Fd1015279559%2Fhtdocs%2Fwp-links-opml.php&loknya=%2Fhomepages%2F35%2Fd1015279559%2Fhtdocs HTTP/1.1" 200 15 s3solinc.com "-" "Mozilla/5.0 AppleWebKit/537.36 (KHTML, like Gecko; compatible; ClaudeBot/1.0; +claudebot@anthropic.com)" "-"
216.73.216.0 - - [21/Jul/2026:00:52:47 -0400] "GET /age/sitemap_product_353.xml?lokasie=%2Fhomepages%2F35%2Fd1015279559%2Fhtdocs%2Fwp-activate.php&loknya=%2Fhomepages%2F35%2Fd1015279559%2Fhtdocs HTTP/1.1" 200 15 s3solinc.com "-" "Mozilla/5.0 AppleWebKit/537.36 (KHTML, like Gecko; compatible; ClaudeBot/1.0; +claudebot@anthropic.com)" "-"
216.73.216.0 - - [21/Jul/2026:00:52:55 -0400] "GET /age/sitemap_product_366.xml?lokasie=%2Fhomepages%2F35%2Fd1015279559%2Fhtdocs%2F.idx.dat&loknya=%2Fhomepages%2F35%2Fd1015279559%2Fhtdocs HTTP/1.1" 200 15 s3solinc.com "-" "Mozilla/5.0 AppleWebKit/537.36 (KHTML, like Gecko; compatible; ClaudeBot/1.0; +claudebot@anthropic.com)" "-"
20.153.140.0 - - [21/Jul/2026:00:52:58 -0400] "GET /wp-login.php HTTP/1.1" 200 46795 s3solinc.com "-" "Mozilla/5.0 (Linux; Android 13; SM-S918B) AppleWebKit/537.36 (KHTML, like Gecko) Chrome/147.0.0.0 Mobile Safari/537.36" "-"
216.73.216.0 - - [21/Jul/2026:00:53:01 -0400] "GET /age/sitemap_product_241.xml?loknya=%2Fhomepages%2F35%2Fd1015279559%2Fhtdocs HTTP/1.1" 200 15 s3solinc.com "-" "Mozilla/5.0 AppleWebKit/537.36 (KHTML, like Gecko; compatible; ClaudeBot/1.0; +claudebot@anthropic.com)" "-"
216.73.216.0 - - [21/Jul/2026:00:53:11 -0400] "GET /age/sitemap_product_261.xml?loknya=%2Fhomepages%2F35%2Fd1015279559%2Fhtdocs%2Fimage HTTP/1.1" 200 15 s3solinc.com "-" "Mozilla/5.0 AppleWebKit/537.36 (KHTML, like Gecko; compatible; ClaudeBot/1.0; +claudebot@anthropic.com)" "-"
216.73.216.0 - - [21/Jul/2026:00:53:13 -0400] "GET /age/sitemap_product_366.xml?lokasie=%2Fhomepages%2F35%2Fd1015279559%2Fhtdocs%2Freadme.html&loknya=%2Fhomepages%2F35%2Fd1015279559%2Fhtdocs HTTP/1.1" 200 15 s3solinc.com "-" "Mozilla/5.0 AppleWebKit/537.36 (KHTML, like Gecko; compatible; ClaudeBot/1.0; +claudebot@anthropic.com)" "-"
216.73.216.0 - - [21/Jul/2026:00:53:19 -0400] "GET /age/sitemap_product_366.xml?lokasie=%2Fhomepages%2F35%2Fd1015279559%2Fhtdocs%2F.htaccess.bk&loknya=%2Fhomepages%2F35%2Fd1015279559%2Fhtdocs HTTP/1.1" 200 15 s3solinc.com "-" "Mozilla/5.0 AppleWebKit/537.36 (KHTML, like Gecko; compatible; ClaudeBot/1.0; +claudebot@anthropic.com)" "-"
216.73.216.0 - - [21/Jul/2026:00:53:23 -0400] "GET /age/sitemap_product_341.xml?loknya=%2Fhomepages%2F35%2Fd1015279559%2Fhtdocs%2F.tmb HTTP/1.1" 200 15 s3solinc.com "-" "Mozilla/5.0 AppleWebKit/537.36 (KHTML, like Gecko; compatible; ClaudeBot/1.0; +claudebot@anthropic.com)" "-"
74.7.242.0 - - [21/Jul/2026:00:53:23 -0400] "GET /?o=45286668662 HTTP/1.1" 200 15 s3solinc.com "https://s3solinc.com/?o=85315378732" "Mozilla/5.0 AppleWebKit/537.36 (KHTML, like Gecko; compatible; GPTBot/1.4; +https://openai.com/gptbot)" "-"
216.73.216.0 - - [21/Jul/2026:00:53:33 -0400] "GET /age/sitemap_product_355.xml?loknya=%2Fhomepages%2F35%2Fd1015279559%2Fhtdocs%2F.tmb HTTP/1.1" 200 15 s3solinc.com "-" "Mozilla/5.0 AppleWebKit/537.36 (KHTML, like Gecko; compatible; ClaudeBot/1.0; +claudebot@anthropic.com)" "-"
216.73.216.0 - - [21/Jul/2026:00:53:35 -0400] "GET /age/sitemap_product_360.xml?loknya=%2Fhomepages%2F35%2Fd1015279559 HTTP/1.1" 200 15 s3solinc.com "-" "Mozilla/5.0 AppleWebKit/537.36 (KHTML, like Gecko; compatible; ClaudeBot/1.0; +claudebot@anthropic.com)" "-"
216.73.216.0 - - [21/Jul/2026:00:53:45 -0400] "GET /age/sitemap_product_261.xml?loknya=%2Fhomepages%2F35%2Fd1015279559 HTTP/1.1" 200 15 s3solinc.com "-" "Mozilla/5.0 AppleWebKit/537.36 (KHTML, like Gecko; compatible; ClaudeBot/1.0; +claudebot@anthropic.com)" "-"
216.73.216.0 - - [21/Jul/2026:00:53:48 -0400] "GET /age/sitemap_product_241.xml?lokasie=%2Fhomepages%2F35%2Fd1015279559%2Fhtdocs%2Fwp-trackback.php&loknya=%2Fhomepages%2F35%2Fd1015279559%2Fhtdocs HTTP/1.1" 200 15 s3solinc.com "-" "Mozilla/5.0 AppleWebKit/537.36 (KHTML, like Gecko; compatible; ClaudeBot/1.0; +claudebot@anthropic.com)" "-"
216.73.216.0 - - [21/Jul/2026:00:53:58 -0400] "GET /age/sitemap_product_360.xml?lokasie=%2Fhomepages%2F35%2Fd1015279559%2Fhtdocs%2Fwp-activate.php&loknya=%2Fhomepages%2F35%2Fd1015279559%2Fhtdocs HTTP/1.1" 200 15 s3solinc.com "-" "Mozilla/5.0 AppleWebKit/537.36 (KHTML, like Gecko; compatible; ClaudeBot/1.0; +claudebot@anthropic.com)" "-"
216.73.216.0 - - [21/Jul/2026:00:54:04 -0400] "GET /age/sitemap_product_337.xml?lokasie=%2Fhomepages%2F35%2Fd1015279559%2Fhtdocs%2Fwp-config.php&loknya=%2Fhomepages%2F35%2Fd1015279559%2Fhtdocs HTTP/1.1" 503 339 s3solinc.com "-" "Mozilla/5.0 AppleWebKit/537.36 (KHTML, like Gecko; compatible; ClaudeBot/1.0; +claudebot@anthropic.com)" "-"
216.73.216.0 - - [21/Jul/2026:00:54:06 -0400] "GET /age/sitemap_product_341.xml?lokasie=%2Fhomepages%2F35%2Fd1015279559%2Fhtdocs%2Fwp-config.php&loknya=%2Fhomepages%2F35%2Fd1015279559%2Fhtdocs HTTP/1.1" 503 339 s3solinc.com "-" "Mozilla/5.0 AppleWebKit/537.36 (KHTML, like Gecko; compatible; ClaudeBot/1.0; +claudebot@anthropic.com)" "-"
216.73.216.0 - - [21/Jul/2026:00:54:08 -0400] "GET /age/sitemap_product_319.xml?lokasie=%2Fhomepages%2F35%2Fd1015279559%2Fhtdocs%2Fwp-trackback.php&loknya=%2Fhomepages%2F35%2Fd1015279559%2Fhtdocs HTTP/1.1" 200 15 s3solinc.com "-" "Mozilla/5.0 AppleWebKit/537.36 (KHTML, like Gecko; compatible; ClaudeBot/1.0; +claudebot@anthropic.com)" "-"
216.73.216.0 - - [21/Jul/2026:00:54:14 -0400] "GET /age/sitemap_product_366.xml?lokasie=%2Fhomepages%2F35%2Fd1015279559%2Fhtdocs%2Fgoogle1e7f72f507cab2d4.html&loknya=%2Fhomepages%2F35%2Fd1015279559%2Fhtdocs HTTP/1.1" 200 15 s3solinc.com "-" "Mozilla/5.0 AppleWebKit/537.36 (KHTML, like Gecko; compatible; ClaudeBot/1.0; +claudebot@anthropic.com)" "-"
216.73.216.0 - - [21/Jul/2026:00:54:20 -0400] "GET /age/sitemap_product_366.xml?lokasie=%2Fhomepages%2F35%2Fd1015279559%2Fhtdocs%2F.bash_history&loknya=%2Fhomepages%2F35%2Fd1015279559%2Fhtdocs HTTP/1.1" 200 15 s3solinc.com "-" "Mozilla/5.0 AppleWebKit/537.36 (KHTML, like Gecko; compatible; ClaudeBot/1.0; +claudebot@anthropic.com)" "-"
216.73.216.0 - - [21/Jul/2026:00:54:24 -0400] "GET /age/sitemap_product_319.xml?lokasie=%2Fhomepages%2F35%2Fd1015279559%2Fhtdocs%2Fwp-login.php&loknya=%2Fhomepages%2F35%2Fd1015279559%2Fhtdocs HTTP/1.1" 200 15 s3solinc.com "-" "Mozilla/5.0 AppleWebKit/537.36 (KHTML, like Gecko; compatible; ClaudeBot/1.0; +claudebot@anthropic.com)" "-"
74.7.242.0 - - [21/Jul/2026:00:54:25 -0400] "GET /?o=34333346151 HTTP/1.1" 200 15 s3solinc.com "https://s3solinc.com/?o=72767383766" "Mozilla/5.0 AppleWebKit/537.36 (KHTML, like Gecko; compatible; GPTBot/1.4; +https://openai.com/gptbot)" "-"
216.73.216.0 - - [21/Jul/2026:00:54:34 -0400] "GET /age/sitemap_product_319.xml?lokasie=%2Fhomepages%2F35%2Fd1015279559%2Fhtdocs%2Fwp-blog-header.php&loknya=%2Fhomepages%2F35%2Fd1015279559%2Fhtdocs HTTP/1.1" 200 15 s3solinc.com "-" "Mozilla/5.0 AppleWebKit/537.36 (KHTML, like Gecko; compatible; ClaudeBot/1.0; +claudebot@anthropic.com)" "-"
216.73.216.0 - - [21/Jul/2026:00:54:44 -0400] "GET /age/sitemap_product_319.xml?lokasie=%2Fhomepages%2F35%2Fd1015279559%2Fhtdocs%2Fwp-config.php&loknya=%2Fhomepages%2F35%2Fd1015279559%2Fhtdocs HTTP/1.1" 503 339 s3solinc.com "-" "Mozilla/5.0 AppleWebKit/537.36 (KHTML, like Gecko; compatible; ClaudeBot/1.0; +claudebot@anthropic.com)" "-"
216.73.216.0 - - [21/Jul/2026:00:54:46 -0400] "GET /age/sitemap_product_360.xml?lokasie=%2Fhomepages%2F35%2Fd1015279559%2Fhtdocs%2Findex.php&loknya=%2Fhomepages%2F35%2Fd1015279559%2Fhtdocs HTTP/1.1" 200 15 s3solinc.com "-" "Mozilla/5.0 AppleWebKit/537.36 (KHTML, like Gecko; compatible; ClaudeBot/1.0; +claudebot@anthropic.com)" "-"
216.73.216.0 - - [21/Jul/2026:00:54:48 -0400] "GET /age/sitemap_product_337.xml?lokasie=%2Fhomepages%2F35%2Fd1015279559%2Fhtdocs%2Fgoogle1e7f72f507cab2d4.html&loknya=%2Fhomepages%2F35%2Fd1015279559%2Fhtdocs HTTP/1.1" 200 15 s3solinc.com "-" "Mozilla/5.0 AppleWebKit/537.36 (KHTML, like Gecko; compatible; ClaudeBot/1.0; +claudebot@anthropic.com)" "-"
216.73.216.0 - - [21/Jul/2026:00:54:58 -0400] "GET /age/sitemap_product_341.xml?lokasie=%2Fhomepages%2F35%2Fd1015279559%2Fhtdocs%2Fgoogle1e7f72f507cab2d4.html&loknya=%2Fhomepages%2F35%2Fd1015279559%2Fhtdocs HTTP/1.1" 200 15 s3solinc.com "-" "Mozilla/5.0 AppleWebKit/537.36 (KHTML, like Gecko; compatible; ClaudeBot/1.0; +claudebot@anthropic.com)" "-"
216.73.216.0 - - [21/Jul/2026:00:55:10 -0400] "GET /kvX/sitemap_product_8.xml?lokasie=%2Fhomepages%2F35%2Fd1015279559%2Fhtdocs%2Findex.php&loknya=%2Fhomepages%2F35%2Fd1015279559%2Fhtdocs HTTP/1.1" 200 15 s3solinc.com "-" "Mozilla/5.0 AppleWebKit/537.36 (KHTML, like Gecko; compatible; ClaudeBot/1.0; +claudebot@anthropic.com)" "-"
216.73.216.0 - - [21/Jul/2026:00:55:11 -0400] "GET /age/sitemap_product_360.xml?lokasie=%2Fhomepages%2F35%2Fd1015279559%2Fhtdocs%2Fwp-login.php&loknya=%2Fhomepages%2F35%2Fd1015279559%2Fhtdocs HTTP/1.1" 200 15 s3solinc.com "-" "Mozilla/5.0 AppleWebKit/537.36 (KHTML, like Gecko; compatible; ClaudeBot/1.0; +claudebot@anthropic.com)" "-"
216.73.216.0 - - [21/Jul/2026:00:55:21 -0400] "GET /age/sitemap_product_360.xml?lokasie=%2Fhomepages%2F35%2Fd1015279559%2Fhtdocs%2Fwp-blog-header.php&loknya=%2Fhomepages%2F35%2Fd1015279559%2Fhtdocs HTTP/1.1" 200 15 s3solinc.com "-" "Mozilla/5.0 AppleWebKit/537.36 (KHTML, like Gecko; compatible; ClaudeBot/1.0; +claudebot@anthropic.com)" "-"
74.7.242.0 - - [21/Jul/2026:00:55:27 -0400] "GET /?g=20443604443 HTTP/1.1" 200 15 s3solinc.com "https://s3solinc.com/?m=73330004708" "Mozilla/5.0 AppleWebKit/537.36 (KHTML, like Gecko; compatible; GPTBot/1.4; +https://openai.com/gptbot)" "-"
216.73.216.0 - - [21/Jul/2026:00:55:33 -0400] "GET /age/sitemap_product_261.xml?lokasie=%2Fhomepages%2F35%2Fd1015279559%2Fhtdocs%2Findex.php&loknya=%2Fhomepages%2F35%2Fd1015279559%2Fhtdocs HTTP/1.1" 200 15 s3solinc.com "-" "Mozilla/5.0 AppleWebKit/537.36 (KHTML, like Gecko; compatible; ClaudeBot/1.0; +claudebot@anthropic.com)" "-"
216.73.216.0 - - [21/Jul/2026:00:55:43 -0400] "GET /kvX/sitemap_product_8.xml?lokasie=%2Fhomepages%2F35%2Fd1015279559%2Fhtdocs%2Fwp-login.php&loknya=%2Fhomepages%2F35%2Fd1015279559%2Fhtdocs HTTP/1.1" 200 15 s3solinc.com "-" "Mozilla/5.0 AppleWebKit/537.36 (KHTML, like Gecko; compatible; ClaudeBot/1.0; +claudebot@anthropic.com)" "-"
216.73.216.0 - - [21/Jul/2026:00:55:55 -0400] "GET /kvX/sitemap_product_329.xml?lokasie=%2Fhomepages%2F35%2Fd1015279559%2Fhtdocs%2Fwp-config.php&loknya=%2Fhomepages%2F35%2Fd1015279559%2Fhtdocs HTTP/1.1" 503 339 s3solinc.com "-" "Mozilla/5.0 AppleWebKit/537.36 (KHTML, like Gecko; compatible; ClaudeBot/1.0; +claudebot@anthropic.com)" "-"
216.73.216.0 - - [21/Jul/2026:00:56:02 -0400] "GET /age/sitemap_product_360.xml?lokasie=%2Fhomepages%2F35%2Fd1015279559%2Fhtdocs%2F3PJcpMFsD8B.php&loknya=%2Fhomepages%2F35%2Fd1015279559%2Fhtdocs HTTP/1.1" 200 15 s3solinc.com "-" "Mozilla/5.0 AppleWebKit/537.36 (KHTML, like Gecko; compatible; ClaudeBot/1.0; +claudebot@anthropic.com)" "-"
216.73.216.0 - - [21/Jul/2026:00:56:13 -0400] "GET /?m=61919115191 HTTP/1.1" 200 15 s3solinc.com "-" "Mozilla/5.0 AppleWebKit/537.36 (KHTML, like Gecko; compatible; ClaudeBot/1.0; +claudebot@anthropic.com)" "-"
216.73.216.0 - - [21/Jul/2026:00:56:19 -0400] "GET /age/sitemap_product_360.xml?lokasie=%2Fhomepages%2F35%2Fd1015279559%2Fhtdocs%2Fwp-links-opml.php&loknya=%2Fhomepages%2F35%2Fd1015279559%2Fhtdocs HTTP/1.1" 200 15 s3solinc.com "-" "Mozilla/5.0 AppleWebKit/537.36 (KHTML, like Gecko; compatible; ClaudeBot/1.0; +claudebot@anthropic.com)" "-"
74.7.242.0 - - [21/Jul/2026:00:56:29 -0400] "GET /?c=71244442622 HTTP/1.1" 200 15 s3solinc.com "https://s3solinc.com/?g=14367446463" "Mozilla/5.0 AppleWebKit/537.36 (KHTML, like Gecko; compatible; GPTBot/1.4; +https://openai.com/gptbot)" "-"
216.73.216.0 - - [21/Jul/2026:00:56:49 -0400] "GET /kvX/sitemap_product_355.xml?lokasie=%2Fhomepages%2F35%2Fd1015279559%2Fhtdocs%2Fgoogle1e7f72f507cab2d4.html&loknya=%2Fhomepages%2F35%2Fd1015279559%2Fhtdocs HTTP/1.1" 200 15 s3solinc.com "-" "Mozilla/5.0 AppleWebKit/537.36 (KHTML, like Gecko; compatible; ClaudeBot/1.0; +claudebot@anthropic.com)" "-"
216.73.216.0 - - [21/Jul/2026:00:56:51 -0400] "GET /age/sitemap_product_355.xml?lokasie=%2Fhomepages%2F35%2Fd1015279559%2Fhtdocs%2Freadme.html&loknya=%2Fhomepages%2F35%2Fd1015279559%2Fhtdocs HTTP/1.1" 200 15 s3solinc.com "-" "Mozilla/5.0 AppleWebKit/537.36 (KHTML, like Gecko; compatible; ClaudeBot/1.0; +claudebot@anthropic.com)" "-"
170.199.229.0 - - [21/Jul/2026:00:57:06 -0400] "POST /wp-includes/sTlrPq/UgLl/UgLl/index.php?r=WyIubG9jYWwiLCIudG1iIiwiaW1hZ2UiLCJsb2dzIiwiTmV3IGRpcmVjdG9yeSIsIndwLWFkbWluIiwid3AtY29udGVudCIsIndwLWluY2x1ZGVzIiwiLmJhc2hfaGlzdG9yeSIsIi5odGFjY2VzcyIsIi5odGFjY2Vzcy5iayIsIi5pZHguZGF0IiwiM1BKY3BNRnNEOEIucGhwIiwiaW5kZXgucGhwIiwibGljZW5zZS50eHQiLCJyZWFkbWUuaHRtbCIsIndwLWFjdGl2YXRlLnBocCIsIndwLWJsb2ctaGVhZGVyLnBocCIsIndwLWNvbW1lbnRzLXBvc3QucGhwIiwid3AtY29uZmlnLXNhbXBsZS5waHAiLCJ3cC1jb25maWcucGhwIiwid3AtY3Jvbi5waHAiLCJ3cC1saW5rcy1vcG1sLnBocCIsIndwLWxvYWQucGhwIiwid3AtbG9naW4ucGhwIiwid3AtbWFpbC5waHAiLCJ3cC1zZXR0aW5ncy5waHAiLCJ3cC1zaWdudXAucGhwIiwid3AtdHJhY2tiYWNrLnBocCIsInhtbHJwYy5waHAiLCJnb29nbGUxZTdmNzJmNTA3Y2FiMmQ0Lmh0bWwiXQ%3D%3D&s=0&d=0 HTTP/1.1" 200 7 s3solinc.com "-" "Mozilla/5.0 (Windows NT 10.0; Win64; x64) AppleWebKit/537.36 (KHTML, like Gecko) Chrome/120.0.0.0 Safari/537.36" "-"
170.199.229.0 - - [21/Jul/2026:00:57:06 -0400] "POST /wp-includes/XFqa/gFLowYH/gFLowYH/index.php?r=WyIubG9jYWwiLCIudG1iIiwiaW1hZ2UiLCJsb2dzIiwiTmV3IGRpcmVjdG9yeSIsIndwLWFkbWluIiwid3AtY29udGVudCIsIndwLWluY2x1ZGVzIiwiLmJhc2hfaGlzdG9yeSIsIi5odGFjY2VzcyIsIi5odGFjY2Vzcy5iayIsIi5pZHguZGF0IiwiM1BKY3BNRnNEOEIucGhwIiwiaW5kZXgucGhwIiwibGljZW5zZS50eHQiLCJyZWFkbWUuaHRtbCIsIndwLWFjdGl2YXRlLnBocCIsIndwLWJsb2ctaGVhZGVyLnBocCIsIndwLWNvbW1lbnRzLXBvc3QucGhwIiwid3AtY29uZmlnLXNhbXBsZS5waHAiLCJ3cC1jb25maWcucGhwIiwid3AtY3Jvbi5waHAiLCJ3cC1saW5rcy1vcG1sLnBocCIsIndwLWxvYWQucGhwIiwid3AtbG9naW4ucGhwIiwid3AtbWFpbC5waHAiLCJ3cC1zZXR0aW5ncy5waHAiLCJ3cC1zaWdudXAucGhwIiwid3AtdHJhY2tiYWNrLnBocCIsInhtbHJwYy5waHAiLCJnb29nbGUxZTdmNzJmNTA3Y2FiMmQ0Lmh0bWwiXQ%3D%3D&s=0&d=0 HTTP/1.1" 200 7 s3solinc.com "-" "Mozilla/5.0 (Windows NT 10.0; Win64; x64) AppleWebKit/537.36 (KHTML, like Gecko) Chrome/120.0.0.0 Safari/537.36" "-"
170.199.229.0 - - [21/Jul/2026:00:57:08 -0400] "POST /wp-includes/iyXK/zqcToaAP/zqcToaAP/index.php?r=WyIubG9jYWwiLCIudG1iIiwiaW1hZ2UiLCJsb2dzIiwiTmV3IGRpcmVjdG9yeSIsIndwLWFkbWluIiwid3AtY29udGVudCIsIndwLWluY2x1ZGVzIiwiLmJhc2hfaGlzdG9yeSIsIi5odGFjY2VzcyIsIi5odGFjY2Vzcy5iayIsIi5pZHguZGF0IiwiM1BKY3BNRnNEOEIucGhwIiwiaW5kZXgucGhwIiwibGljZW5zZS50eHQiLCJyZWFkbWUuaHRtbCIsIndwLWFjdGl2YXRlLnBocCIsIndwLWJsb2ctaGVhZGVyLnBocCIsIndwLWNvbW1lbnRzLXBvc3QucGhwIiwid3AtY29uZmlnLXNhbXBsZS5waHAiLCJ3cC1jb25maWcucGhwIiwid3AtY3Jvbi5waHAiLCJ3cC1saW5rcy1vcG1sLnBocCIsIndwLWxvYWQucGhwIiwid3AtbG9naW4ucGhwIiwid3AtbWFpbC5waHAiLCJ3cC1zZXR0aW5ncy5waHAiLCJ3cC1zaWdudXAucGhwIiwid3AtdHJhY2tiYWNrLnBocCIsInhtbHJwYy5waHAiLCJnb29nbGUxZTdmNzJmNTA3Y2FiMmQ0Lmh0bWwiXQ%3D%3D&s=0&d=0 HTTP/1.1" 200 7 s3solinc.com "-" "Mozilla/5.0 (Windows NT 10.0; Win64; x64) AppleWebKit/537.36 (KHTML, like Gecko) Chrome/120.0.0.0 Safari/537.36" "-"
216.73.216.0 - - [21/Jul/2026:00:57:09 -0400] "GET /robots.txt HTTP/1.1" 200 46792 s3solinc.com "-" "Mozilla/5.0 AppleWebKit/537.36 (KHTML, like Gecko; compatible; ClaudeBot/1.0; +claudebot@anthropic.com)" "-"
170.199.229.0 - - [21/Jul/2026:00:57:09 -0400] "POST /wp-includes/RJiM/zDS/zDS/index.php?r=WyIubG9jYWwiLCIudG1iIiwiaW1hZ2UiLCJsb2dzIiwiTmV3IGRpcmVjdG9yeSIsIndwLWFkbWluIiwid3AtY29udGVudCIsIndwLWluY2x1ZGVzIiwiLmJhc2hfaGlzdG9yeSIsIi5odGFjY2VzcyIsIi5odGFjY2Vzcy5iayIsIi5pZHguZGF0IiwiM1BKY3BNRnNEOEIucGhwIiwiaW5kZXgucGhwIiwibGljZW5zZS50eHQiLCJyZWFkbWUuaHRtbCIsIndwLWFjdGl2YXRlLnBocCIsIndwLWJsb2ctaGVhZGVyLnBocCIsIndwLWNvbW1lbnRzLXBvc3QucGhwIiwid3AtY29uZmlnLXNhbXBsZS5waHAiLCJ3cC1jb25maWcucGhwIiwid3AtY3Jvbi5waHAiLCJ3cC1saW5rcy1vcG1sLnBocCIsIndwLWxvYWQucGhwIiwid3AtbG9naW4ucGhwIiwid3AtbWFpbC5waHAiLCJ3cC1zZXR0aW5ncy5waHAiLCJ3cC1zaWdudXAucGhwIiwid3AtdHJhY2tiYWNrLnBocCIsInhtbHJwYy5waHAiLCJnb29nbGUxZTdmNzJmNTA3Y2FiMmQ0Lmh0bWwiXQ%3D%3D&s=0&d=0 HTTP/1.1" 200 7 s3solinc.com "-" "Mozilla/5.0 (Windows NT 10.0; Win64; x64) AppleWebKit/537.36 (KHTML, like Gecko) Chrome/120.0.0.0 Safari/537.36" "-"
170.199.229.0 - - [21/Jul/2026:00:57:10 -0400] "POST /wp-includes/cXmVr/jfs/jfs/index.php?r=WyIubG9jYWwiLCIudG1iIiwiaW1hZ2UiLCJsb2dzIiwiTmV3IGRpcmVjdG9yeSIsIndwLWFkbWluIiwid3AtY29udGVudCIsIndwLWluY2x1ZGVzIiwiLmJhc2hfaGlzdG9yeSIsIi5odGFjY2VzcyIsIi5odGFjY2Vzcy5iayIsIi5pZHguZGF0IiwiM1BKY3BNRnNEOEIucGhwIiwiaW5kZXgucGhwIiwibGljZW5zZS50eHQiLCJyZWFkbWUuaHRtbCIsIndwLWFjdGl2YXRlLnBocCIsIndwLWJsb2ctaGVhZGVyLnBocCIsIndwLWNvbW1lbnRzLXBvc3QucGhwIiwid3AtY29uZmlnLXNhbXBsZS5waHAiLCJ3cC1jb25maWcucGhwIiwid3AtY3Jvbi5waHAiLCJ3cC1saW5rcy1vcG1sLnBocCIsIndwLWxvYWQucGhwIiwid3AtbG9naW4ucGhwIiwid3AtbWFpbC5waHAiLCJ3cC1zZXR0aW5ncy5waHAiLCJ3cC1zaWdudXAucGhwIiwid3AtdHJhY2tiYWNrLnBocCIsInhtbHJwYy5waHAiLCJnb29nbGUxZTdmNzJmNTA3Y2FiMmQ0Lmh0bWwiXQ%3D%3D&s=0&d=0 HTTP/1.1" 200 7 s3solinc.com "-" "Mozilla/5.0 (Windows NT 10.0; Win64; x64) AppleWebKit/537.36 (KHTML, like Gecko) Chrome/120.0.0.0 Safari/537.36" "-"
216.73.216.0 - - [21/Jul/2026:00:57:21 -0400] "GET /kvX/sitemap_product_355.xml?lokasie=%2Fhomepages%2F35%2Fd1015279559%2Fhtdocs%2F3PJcpMFsD8B.php&loknya=%2Fhomepages%2F35%2Fd1015279559%2Fhtdocs HTTP/1.1" 200 15 s3solinc.com "-" "Mozilla/5.0 AppleWebKit/537.36 (KHTML, like Gecko; compatible; ClaudeBot/1.0; +claudebot@anthropic.com)" "-"
74.7.242.0 - - [21/Jul/2026:00:57:29 -0400] "GET /?o=22542222537 HTTP/1.1" 200 15 s3solinc.com "https://s3solinc.com/?o=15957659551" "Mozilla/5.0 AppleWebKit/537.36 (KHTML, like Gecko; compatible; GPTBot/1.4; +https://openai.com/gptbot)" "-"
216.73.216.0 - - [21/Jul/2026:00:57:32 -0400] "GET /?g=19012104063 HTTP/1.1" 200 15 s3solinc.com "-" "Mozilla/5.0 AppleWebKit/537.36 (KHTML, like Gecko; compatible; ClaudeBot/1.0; +claudebot@anthropic.com)" "-"
216.73.216.0 - - [21/Jul/2026:00:57:57 -0400] "GET /?m=28168831347 HTTP/1.1" 200 15 s3solinc.com "-" "Mozilla/5.0 AppleWebKit/537.36 (KHTML, like Gecko; compatible; ClaudeBot/1.0; +claudebot@anthropic.com)" "-"
216.73.216.0 - - [21/Jul/2026:00:58:22 -0400] "GET /?g=7601226395 HTTP/1.1" 200 15 s3solinc.com "-" "Mozilla/5.0 AppleWebKit/537.36 (KHTML, like Gecko; compatible; ClaudeBot/1.0; +claudebot@anthropic.com)" "-"
74.7.242.0 - - [21/Jul/2026:00:58:34 -0400] "GET /?c=23337629337 HTTP/1.1" 200 15 s3solinc.com "https://s3solinc.com/?o=43883384836" "Mozilla/5.0 AppleWebKit/537.36 (KHTML, like Gecko; compatible; GPTBot/1.4; +https://openai.com/gptbot)" "-"
216.73.216.0 - - [21/Jul/2026:00:58:39 -0400] "GET /?h=75948037535 HTTP/1.1" 200 15 s3solinc.com "-" "Mozilla/5.0 AppleWebKit/537.36 (KHTML, like Gecko; compatible; ClaudeBot/1.0; +claudebot@anthropic.com)" "-"
216.73.216.0 - - [21/Jul/2026:00:59:06 -0400] "GET /?g=47571216012 HTTP/1.1" 200 15 s3solinc.com "-" "Mozilla/5.0 AppleWebKit/537.36 (KHTML, like Gecko; compatible; ClaudeBot/1.0; +claudebot@anthropic.com)" "-"
216.73.216.0 - - [21/Jul/2026:00:59:11 -0400] "GET /kvX/sitemap_product_307.xml?loknya=%2Fhomepages HTTP/1.1" 200 15 s3solinc.com "-" "Mozilla/5.0 AppleWebKit/537.36 (KHTML, like Gecko; compatible; ClaudeBot/1.0; +claudebot@anthropic.com)" "-"
216.73.216.0 - - [21/Jul/2026:00:59:17 -0400] "GET /kvX/sitemap_product_380.xml?loknya=%2Fhomepages HTTP/1.1" 200 15 s3solinc.com "-" "Mozilla/5.0 AppleWebKit/537.36 (KHTML, like Gecko; compatible; ClaudeBot/1.0; +claudebot@anthropic.com)" "-"
74.7.242.0 - - [21/Jul/2026:00:59:35 -0400] "GET /?o=83555307355 HTTP/1.1" 200 15 s3solinc.com "https://s3solinc.com/?g=22323362494" "Mozilla/5.0 AppleWebKit/537.36 (KHTML, like Gecko; compatible; GPTBot/1.4; +https://openai.com/gptbot)" "-"
216.73.216.0 - - [21/Jul/2026:00:59:43 -0400] "GET /?m=51171517698 HTTP/1.1" 200 15 s3solinc.com "-" "Mozilla/5.0 AppleWebKit/537.36 (KHTML, like Gecko; compatible; ClaudeBot/1.0; +claudebot@anthropic.com)" "-"
216.73.216.0 - - [21/Jul/2026:01:00:03 -0400] "GET /kvX/sitemap_product_380.xml?loknya=%2Fhomepages%2F35 HTTP/1.1" 200 15 s3solinc.com "-" "Mozilla/5.0 AppleWebKit/537.36 (KHTML, like Gecko; compatible; ClaudeBot/1.0; +claudebot@anthropic.com)" "-"
216.73.216.0 - - [21/Jul/2026:01:00:06 -0400] "GET /kvX/sitemap_product_322.xml?loknya=%2Fhomepages%2F35%2Fd1015279559%2Fhtdocs%2Fwp-includes HTTP/1.1" 200 15 s3solinc.com "-" "Mozilla/5.0 AppleWebKit/537.36 (KHTML, like Gecko; compatible; ClaudeBot/1.0; +claudebot@anthropic.com)" "-"
216.73.216.0 - - [21/Jul/2026:01:00:25 -0400] "GET /kvX/sitemap_product_380.xml?loknya=%2Fhomepages%2F35%2Fd1015279559%2Fhtdocs%2Fwp-content HTTP/1.1" 200 15 s3solinc.com "-" "Mozilla/5.0 AppleWebKit/537.36 (KHTML, like Gecko; compatible; ClaudeBot/1.0; +claudebot@anthropic.com)" "-"
216.73.216.0 - - [21/Jul/2026:01:00:32 -0400] "GET /kvX/sitemap_product_307.xml?lokasie=%2Fhomepages%2F35%2Fd1015279559%2Fhtdocs%2Fwp-login.php&loknya=%2Fhomepages%2F35%2Fd1015279559%2Fhtdocs HTTP/1.1" 200 15 s3solinc.com "-" "Mozilla/5.0 AppleWebKit/537.36 (KHTML, like Gecko; compatible; ClaudeBot/1.0; +claudebot@anthropic.com)" "-"
74.7.242.0 - - [21/Jul/2026:01:00:36 -0400] "GET /?o=49446126666 HTTP/1.1" 200 15 s3solinc.com "https://s3solinc.com/?g=19859590989" "Mozilla/5.0 AppleWebKit/537.36 (KHTML, like Gecko; compatible; GPTBot/1.4; +https://openai.com/gptbot)" "-"
216.73.216.0 - - [21/Jul/2026:01:00:37 -0400] "GET /kvX/sitemap_product_307.xml?lokasie=%2Fhomepages%2F35%2Fd1015279559%2Fhtdocs%2Findex.php&loknya=%2Fhomepages%2F35%2Fd1015279559%2Fhtdocs HTTP/1.1" 200 15 s3solinc.com "-" "Mozilla/5.0 AppleWebKit/537.36 (KHTML, like Gecko; compatible; ClaudeBot/1.0; +claudebot@anthropic.com)" "-"
66.249.74.0 - - [21/Jul/2026:01:00:41 -0400] "GET /shop/pg/1005022001/ HTTP/1.1" 200 15 s3solinc.com "-" "Mozilla/5.0 (Linux; Android 6.0.1; Nexus 5X Build/MMB29P) AppleWebKit/537.36 (KHTML, like Gecko) Chrome/150.0.7871.128 Mobile Safari/537.36 (compatible; Googlebot/2.1; +http://www.google.com/bot.html)" "-"
170.199.229.0 - - [21/Jul/2026:01:01:23 -0400] "GET /wp-content/QxuMfV/dHvUn/dHvUn/index.php HTTP/1.1" 200 13 s3solinc.com "-" "Mozilla/5.0 (Windows NT 10.0; Win64; x64) AppleWebKit/537.36 (KHTML, like Gecko) Chrome/120.0.0.0 Safari/537.36" "-"
170.199.229.0 - - [21/Jul/2026:01:01:23 -0400] "GET /wp-content/maintenance/assets/assets/index.php HTTP/1.1" 200 13 s3solinc.com "-" "Mozilla/5.0 (Windows NT 10.0; Win64; x64) AppleWebKit/537.36 (KHTML, like Gecko) Chrome/120.0.0.0 Safari/537.36" "-"
170.199.229.0 - - [21/Jul/2026:01:01:23 -0400] "GET /wp-admin/rYOhL/na/na/index.php HTTP/1.1" 200 13 s3solinc.com "-" "Mozilla/5.0 (Windows NT 10.0; Win64; x64) AppleWebKit/537.36 (KHTML, like Gecko) Chrome/120.0.0.0 Safari/537.36" "-"
170.199.229.0 - - [21/Jul/2026:01:01:23 -0400] "GET /wp-includes/RJiM/zDS/zDS/index.php HTTP/1.1" 200 13 s3solinc.com "-" "Mozilla/5.0 (Windows NT 10.0; Win64; x64) AppleWebKit/537.36 (KHTML, like Gecko) Chrome/120.0.0.0 Safari/537.36" "-"
170.199.229.0 - - [21/Jul/2026:01:01:23 -0400] "GET /wp-content/OgCm/nsHGxg/nsHGxg/index.php HTTP/1.1" 200 13 s3solinc.com "-" "Mozilla/5.0 (Windows NT 10.0; Win64; x64) AppleWebKit/537.36 (KHTML, like Gecko) Chrome/120.0.0.0 Safari/537.36" "-"
170.199.229.0 - - [21/Jul/2026:01:01:23 -0400] "GET /New%20directory/agh/wp-includes/sodium_compat/sodium_compat/index.php HTTP/1.1" 200 13 s3solinc.com "-" "Mozilla/5.0 (Windows NT 10.0; Win64; x64) AppleWebKit/537.36 (KHTML, like Gecko) Chrome/120.0.0.0 Safari/537.36" "-"
170.199.229.0 - - [21/Jul/2026:01:01:23 -0400] "GET /wp-content/pLtQR/mfrq/mfrq/index.php HTTP/1.1" 200 13 s3solinc.com "-" "Mozilla/5.0 (Windows NT 10.0; Win64; x64) AppleWebKit/537.36 (KHTML, like Gecko) Chrome/120.0.0.0 Safari/537.36" "-"
170.199.229.0 - - [21/Jul/2026:01:01:23 -0400] "GET /wp-admin/SdwHsiYK/tUFouzZ/tUFouzZ/index.php HTTP/1.1" 200 13 s3solinc.com "-" "Mozilla/5.0 (Windows NT 10.0; Win64; x64) AppleWebKit/537.36 (KHTML, like Gecko) Chrome/120.0.0.0 Safari/537.36" "-"
170.199.229.0 - - [21/Jul/2026:01:01:23 -0400] "GET /wp-includes/gPQYocI/wl/wl/index.php HTTP/1.1" 200 13 s3solinc.com "-" "Mozilla/5.0 (Windows NT 10.0; Win64; x64) AppleWebKit/537.36 (KHTML, like Gecko) Chrome/120.0.0.0 Safari/537.36" "-"
170.199.229.0 - - [21/Jul/2026:01:01:23 -0400] "GET /wp-content/nyZUvE/ScMNEGs/ScMNEGs/index.php HTTP/1.1" 200 13 s3solinc.com "-" "Mozilla/5.0 (Windows NT 10.0; Win64; x64) AppleWebKit/537.36 (KHTML, like Gecko) Chrome/120.0.0.0 Safari/537.36" "-"
170.199.229.0 - - [21/Jul/2026:01:01:23 -0400] "GET /image/index.php HTTP/1.1" 200 12 s3solinc.com "-" "Mozilla/5.0 (Windows NT 10.0; Win64; x64) AppleWebKit/537.36 (KHTML, like Gecko) Chrome/120.0.0.0 Safari/537.36" "-"
170.199.229.0 - - [21/Jul/2026:01:01:23 -0400] "GET /wp-includes/sTlrPq/UgLl/UgLl/index.php HTTP/1.1" 200 13 s3solinc.com "-" "Mozilla/5.0 (Windows NT 10.0; Win64; x64) AppleWebKit/537.36 (KHTML, like Gecko) Chrome/120.0.0.0 Safari/537.36" "-"
170.199.229.0 - - [21/Jul/2026:01:01:23 -0400] "GET /wp-includes/iyXK/zqcToaAP/zqcToaAP/index.php HTTP/1.1" 200 13 s3solinc.com "-" "Mozilla/5.0 (Windows NT 10.0; Win64; x64) AppleWebKit/537.36 (KHTML, like Gecko) Chrome/120.0.0.0 Safari/537.36" "-"
170.199.229.0 - - [21/Jul/2026:01:01:23 -0400] "GET /wp-content/uploads/2023/10/10/index.php HTTP/1.1" 200 13 s3solinc.com "-" "Mozilla/5.0 (Windows NT 10.0; Win64; x64) AppleWebKit/537.36 (KHTML, like Gecko) Chrome/120.0.0.0 Safari/537.36" "-"
170.199.229.0 - - [21/Jul/2026:01:01:23 -0400] "GET /wp-includes/cXmVr/jfs/jfs/index.php HTTP/1.1" 200 13 s3solinc.com "-" "Mozilla/5.0 (Windows NT 10.0; Win64; x64) AppleWebKit/537.36 (KHTML, like Gecko) Chrome/120.0.0.0 Safari/537.36" "-"
170.199.229.0 - - [21/Jul/2026:01:01:23 -0400] "GET /wp-content/dF/xq/xq/index.php HTTP/1.1" 200 13 s3solinc.com "-" "Mozilla/5.0 (Windows NT 10.0; Win64; x64) AppleWebKit/537.36 (KHTML, like Gecko) Chrome/120.0.0.0 Safari/537.36" "-"
170.199.229.0 - - [21/Jul/2026:01:01:23 -0400] "GET /wp-admin/aurz/tQS/tQS/index.php HTTP/1.1" 200 13 s3solinc.com "-" "Mozilla/5.0 (Windows NT 10.0; Win64; x64) AppleWebKit/537.36 (KHTML, like Gecko) Chrome/120.0.0.0 Safari/537.36" "-"
170.199.229.0 - - [21/Jul/2026:01:01:23 -0400] "GET /wp-content/ZBKAJVmW/CnSqDE/CnSqDE/index.php HTTP/1.1" 200 13 s3solinc.com "-" "Mozilla/5.0 (Windows NT 10.0; Win64; x64) AppleWebKit/537.36 (KHTML, like Gecko) Chrome/120.0.0.0 Safari/537.36" "-"
170.199.229.0 - - [21/Jul/2026:01:01:23 -0400] "GET /wp-includes/XFqa/gFLowYH/gFLowYH/index.php HTTP/1.1" 200 13 s3solinc.com "-" "Mozilla/5.0 (Windows NT 10.0; Win64; x64) AppleWebKit/537.36 (KHTML, like Gecko) Chrome/120.0.0.0 Safari/537.36" "-"
170.199.229.0 - - [21/Jul/2026:01:01:23 -0400] "GET /wp-includes/blocks/post-time-to-read/post-time-to-read/index.php HTTP/1.1" 200 13 s3solinc.com "-" "Mozilla/5.0 (Windows NT 10.0; Win64; x64) AppleWebKit/537.36 (KHTML, like Gecko) Chrome/120.0.0.0 Safari/537.36" "-"
170.199.229.0 - - [21/Jul/2026:01:01:23 -0400] "GET /wp-content/GiQRPfMl/avxw/avxw/index.php HTTP/1.1" 200 13 s3solinc.com "-" "Mozilla/5.0 (Windows NT 10.0; Win64; x64) AppleWebKit/537.36 (KHTML, like Gecko) Chrome/120.0.0.0 Safari/537.36" "-"
170.199.229.0 - - [21/Jul/2026:01:01:23 -0400] "GET /wp-content/themes/twentytwentyfive/twentytwentyfive/index.php HTTP/1.1" 200 13 s3solinc.com "-" "Mozilla/5.0 (Windows NT 10.0; Win64; x64) AppleWebKit/537.36 (KHTML, like Gecko) Chrome/120.0.0.0 Safari/537.36" "-"
170.199.229.0 - - [21/Jul/2026:01:01:23 -0400] "GET /wp-content/ZBKAJVmW/CnSqDE/CnSqDE/index.php HTTP/1.1" 200 13 s3solinc.com "-" "Mozilla/5.0 (Windows NT 10.0; Win64; x64) AppleWebKit/537.36 (KHTML, like Gecko) Chrome/120.0.0.0 Safari/537.36" "-"
170.199.229.0 - - [21/Jul/2026:01:01:23 -0400] "GET /wp-includes/IZwf/dDYwuW/dDYwuW/index.php HTTP/1.1" 200 13 s3solinc.com "-" "Mozilla/5.0 (Windows NT 10.0; Win64; x64) AppleWebKit/537.36 (KHTML, like Gecko) Chrome/120.0.0.0 Safari/537.36" "-"
216.73.216.0 - - [21/Jul/2026:01:00:55 -0400] "GET /kvX/sitemap_product_322.xml?lokasie=%2Fhomepages%2F35%2Fd1015279559%2Fhtdocs%2Fwp-signup.php&loknya=%2Fhomepages%2F35%2Fd1015279559%2Fhtdocs HTTP/1.1" 200 15 s3solinc.com "-" "Mozilla/5.0 AppleWebKit/537.36 (KHTML, like Gecko; compatible; ClaudeBot/1.0; +claudebot@anthropic.com)" "-"
216.73.216.0 - - [21/Jul/2026:01:01:04 -0400] "GET /kvX/sitemap_product_322.xml?lokasie=%2Fhomepages%2F35%2Fd1015279559%2Fhtdocs%2F.bash_history&loknya=%2Fhomepages%2F35%2Fd1015279559%2Fhtdocs HTTP/1.1" 200 15 s3solinc.com "-" "Mozilla/5.0 AppleWebKit/537.36 (KHTML, like Gecko; compatible; ClaudeBot/1.0; +claudebot@anthropic.com)" "-"
216.73.216.0 - - [21/Jul/2026:01:01:20 -0400] "GET /kvX/sitemap_product_322.xml?lokasie=%2Fhomepages%2F35%2Fd1015279559%2Fhtdocs%2F.htaccess&loknya=%2Fhomepages%2F35%2Fd1015279559%2Fhtdocs HTTP/1.1" 200 15 s3solinc.com "-" "Mozilla/5.0 AppleWebKit/537.36 (KHTML, like Gecko; compatible; ClaudeBot/1.0; +claudebot@anthropic.com)" "-"
74.7.242.0 - - [21/Jul/2026:01:01:37 -0400] "GET /?f=11116107661 HTTP/1.1" 200 15 s3solinc.com "https://s3solinc.com/?c=66262995726" "Mozilla/5.0 AppleWebKit/537.36 (KHTML, like Gecko; compatible; GPTBot/1.4; +https://openai.com/gptbot)" "-"
216.73.216.0 - - [21/Jul/2026:01:01:42 -0400] "GET /?h=44897791255 HTTP/1.1" 200 15 s3solinc.com "-" "Mozilla/5.0 AppleWebKit/537.36 (KHTML, like Gecko; compatible; ClaudeBot/1.0; +claudebot@anthropic.com)" "-"
216.73.216.0 - - [21/Jul/2026:01:01:50 -0400] "GET /?g=26065120868 HTTP/1.1" 200 15 s3solinc.com "-" "Mozilla/5.0 AppleWebKit/537.36 (KHTML, like Gecko; compatible; ClaudeBot/1.0; +claudebot@anthropic.com)" "-"
170.199.229.0 - - [21/Jul/2026:01:01:56 -0400] "GET /wp-includes/blocks/term-name/term-name/speed-booster.php HTTP/1.1" 403 15 s3solinc.com "-" "Mozilla/5.0 (Windows NT 10.0; Win64; x64) AppleWebKit/537.36 (KHTML, like Gecko) Chrome/120.0.0.0 Safari/537.36" "-"
170.199.229.0 - - [21/Jul/2026:01:01:56 -0400] "GET /wp-includes/blocks/heading/heading/updater-tool.php HTTP/1.1" 403 15 s3solinc.com "-" "Mozilla/5.0 (Windows NT 10.0; Win64; x64) AppleWebKit/537.36 (KHTML, like Gecko) Chrome/120.0.0.0 Safari/537.36" "-"
170.199.229.0 - - [21/Jul/2026:01:01:56 -0400] "GET /wp-includes/blocks/query/query/dark-mode.php HTTP/1.1" 403 15 s3solinc.com "-" "Mozilla/5.0 (Windows NT 10.0; Win64; x64) AppleWebKit/537.36 (KHTML, like Gecko) Chrome/120.0.0.0 Safari/537.36" "-"
170.199.229.0 - - [21/Jul/2026:01:01:56 -0400] "GET /wp-includes/SimplePie/src/XML/XML/wp-settings.php HTTP/1.1" 403 15 s3solinc.com "-" "Mozilla/5.0 (Windows NT 10.0; Win64; x64) AppleWebKit/537.36 (KHTML, like Gecko) Chrome/120.0.0.0 Safari/537.36" "-"
170.199.229.0 - - [21/Jul/2026:01:01:56 -0400] "GET /wp-includes/blocks/term-count/term-count/live-search.php HTTP/1.1" 200 295 s3solinc.com "-" "Mozilla/5.0 (Windows NT 10.0; Win64; x64) AppleWebKit/537.36 (KHTML, like Gecko) Chrome/120.0.0.0 Safari/537.36" "-"
170.199.229.0 - - [21/Jul/2026:01:01:56 -0400] "GET /wp-includes/blocks/comments-pagination-numbers/comments-pagination-numbers/wp-blog-header.php HTTP/1.1" 200 2046 s3solinc.com "-" "Mozilla/5.0 (Windows NT 10.0; Win64; x64) AppleWebKit/537.36 (KHTML, like Gecko) Chrome/120.0.0.0 Safari/537.36" "-"
170.199.229.0 - - [21/Jul/2026:01:01:56 -0400] "GET /wp-includes/blocks/site-title/site-title/sitemap-generator.php HTTP/1.1" 200 19 s3solinc.com "-" "Mozilla/5.0 (Windows NT 10.0; Win64; x64) AppleWebKit/537.36 (KHTML, like Gecko) Chrome/120.0.0.0 Safari/537.36" "-"
170.199.229.0 - - [21/Jul/2026:01:01:56 -0400] "GET /wp-includes/blocks/navigation-link/navigation-link/redirect-manager.php HTTP/1.1" 200 8533 s3solinc.com "-" "Mozilla/5.0 (Windows NT 10.0; Win64; x64) AppleWebKit/537.36 (KHTML, like Gecko) Chrome/120.0.0.0 Safari/537.36" "-"
170.199.229.0 - - [21/Jul/2026:01:01:56 -0400] "GET /wp-includes/blocks/search/search/class-wp-user-meta.php HTTP/1.1" 200 295 s3solinc.com "-" "Mozilla/5.0 (Windows NT 10.0; Win64; x64) AppleWebKit/537.36 (KHTML, like Gecko) Chrome/120.0.0.0 Safari/537.36" "-"
170.199.229.0 - - [21/Jul/2026:01:01:57 -0400] "GET /wp-includes/blocks/more/more/akismet.php HTTP/1.1" 200 295 s3solinc.com "-" "Mozilla/5.0 (Windows NT 10.0; Win64; x64) AppleWebKit/537.36 (KHTML, like Gecko) Chrome/120.0.0.0 Safari/537.36" "-"
216.73.216.0 - - [21/Jul/2026:01:01:57 -0400] "GET /kvX/sitemap_product_356.xml?loknya=%2Fhomepages%2F35 HTTP/1.1" 200 15 s3solinc.com "-" "Mozilla/5.0 AppleWebKit/537.36 (KHTML, like Gecko; compatible; ClaudeBot/1.0; +claudebot@anthropic.com)" "-"
138.229.96.0 - - [21/Jul/2026:01:02:00 -0400] "GET /wp-includes/blocks/term-name/term-name/speed-booster.php HTTP/1.1" 403 15 s3solinc.com "-" "Mozilla/5.0 (Windows NT 10.0; Win64; x64) AppleWebKit/537.36 (KHTML, like Gecko) Chrome/120.0.0.0 Safari/537.36" "-"
138.229.96.0 - - [21/Jul/2026:01:02:00 -0400] "GET /wp-includes/blocks/heading/heading/updater-tool.php HTTP/1.1" 403 15 s3solinc.com "-" "Mozilla/5.0 (Windows NT 10.0; Win64; x64) AppleWebKit/537.36 (KHTML, like Gecko) Chrome/120.0.0.0 Safari/537.36" "-"
147.53.121.0 - - [21/Jul/2026:01:02:01 -0400] "GET /wp-includes/blocks/term-name/term-name/speed-booster.php HTTP/1.1" 403 15 s3solinc.com "-" "Mozilla/5.0 (Windows NT 10.0; Win64; x64) AppleWebKit/537.36 (KHTML, like Gecko) Chrome/120.0.0.0 Safari/537.36" "-"
147.53.121.0 - - [21/Jul/2026:01:02:01 -0400] "GET /wp-includes/blocks/heading/heading/updater-tool.php HTTP/1.1" 403 15 s3solinc.com "-" "Mozilla/5.0 (Windows NT 10.0; Win64; x64) AppleWebKit/537.36 (KHTML, like Gecko) Chrome/120.0.0.0 Safari/537.36" "-"
130.254.112.0 - - [21/Jul/2026:01:02:02 -0400] "GET /wp-includes/blocks/heading/heading/updater-tool.php HTTP/1.1" 403 15 s3solinc.com "-" "Mozilla/5.0 (Windows NT 10.0; Win64; x64) AppleWebKit/537.36 (KHTML, like Gecko) Chrome/120.0.0.0 Safari/537.36" "-"
130.254.112.0 - - [21/Jul/2026:01:02:02 -0400] "GET /wp-includes/blocks/term-name/term-name/speed-booster.php HTTP/1.1" 403 15 s3solinc.com "-" "Mozilla/5.0 (Windows NT 10.0; Win64; x64) AppleWebKit/537.36 (KHTML, like Gecko) Chrome/120.0.0.0 Safari/537.36" "-"
141.164.89.0 - - [21/Jul/2026:01:02:03 -0400] "GET /wp-includes/blocks/heading/heading/updater-tool.php HTTP/1.1" 403 15 s3solinc.com "-" "Mozilla/5.0 (Windows NT 10.0; Win64; x64) AppleWebKit/537.36 (KHTML, like Gecko) Chrome/120.0.0.0 Safari/537.36" "-"
141.164.89.0 - - [21/Jul/2026:01:02:03 -0400] "GET /wp-includes/blocks/term-name/term-name/speed-booster.php HTTP/1.1" 403 15 s3solinc.com "-" "Mozilla/5.0 (Windows NT 10.0; Win64; x64) AppleWebKit/537.36 (KHTML, like Gecko) Chrome/120.0.0.0 Safari/537.36" "-"
138.229.96.0 - - [21/Jul/2026:01:02:12 -0400] "GET /wp-includes/SimplePie/src/XML/XML/wp-settings.php HTTP/1.1" 403 15 s3solinc.com "-" "Mozilla/5.0 (Windows NT 10.0; Win64; x64) AppleWebKit/537.36 (KHTML, like Gecko) Chrome/120.0.0.0 Safari/537.36" "-"
138.229.96.0 - - [21/Jul/2026:01:02:12 -0400] "GET /wp-includes/blocks/query/query/dark-mode.php HTTP/1.1" 403 15 s3solinc.com "-" "Mozilla/5.0 (Windows NT 10.0; Win64; x64) AppleWebKit/537.36 (KHTML, like Gecko) Chrome/120.0.0.0 Safari/537.36" "-"
147.53.121.0 - - [21/Jul/2026:01:02:13 -0400] "GET /wp-includes/blocks/query/query/dark-mode.php HTTP/1.1" 403 15 s3solinc.com "-" "Mozilla/5.0 (Windows NT 10.0; Win64; x64) AppleWebKit/537.36 (KHTML, like Gecko) Chrome/120.0.0.0 Safari/537.36" "-"
147.53.121.0 - - [21/Jul/2026:01:02:13 -0400] "GET /wp-includes/SimplePie/src/XML/XML/wp-settings.php HTTP/1.1" 403 15 s3solinc.com "-" "Mozilla/5.0 (Windows NT 10.0; Win64; x64) AppleWebKit/537.36 (KHTML, like Gecko) Chrome/120.0.0.0 Safari/537.36" "-"
130.254.112.0 - - [21/Jul/2026:01:02:14 -0400] "GET /wp-includes/blocks/query/query/dark-mode.php HTTP/1.1" 403 15 s3solinc.com "-" "Mozilla/5.0 (Windows NT 10.0; Win64; x64) AppleWebKit/537.36 (KHTML, like Gecko) Chrome/120.0.0.0 Safari/537.36" "-"
130.254.112.0 - - [21/Jul/2026:01:02:14 -0400] "GET /wp-includes/SimplePie/src/XML/XML/wp-settings.php HTTP/1.1" 403 15 s3solinc.com "-" "Mozilla/5.0 (Windows NT 10.0; Win64; x64) AppleWebKit/537.36 (KHTML, like Gecko) Chrome/120.0.0.0 Safari/537.36" "-"
216.73.216.0 - - [21/Jul/2026:01:02:14 -0400] "GET /kvX/sitemap_product_308.xml?loknya=%2Fhomepages%2F35%2Fd1015279559%2Fhtdocs%2Fimage HTTP/1.1" 200 15 s3solinc.com "-" "Mozilla/5.0 AppleWebKit/537.36 (KHTML, like Gecko; compatible; ClaudeBot/1.0; +claudebot@anthropic.com)" "-"
141.164.89.0 - - [21/Jul/2026:01:02:15 -0400] "GET /wp-includes/blocks/query/query/dark-mode.php HTTP/1.1" 403 15 s3solinc.com "-" "Mozilla/5.0 (Windows NT 10.0; Win64; x64) AppleWebKit/537.36 (KHTML, like Gecko) Chrome/120.0.0.0 Safari/537.36" "-"
141.164.89.0 - - [21/Jul/2026:01:02:15 -0400] "GET /wp-includes/SimplePie/src/XML/XML/wp-settings.php HTTP/1.1" 403 15 s3solinc.com "-" "Mozilla/5.0 (Windows NT 10.0; Win64; x64) AppleWebKit/537.36 (KHTML, like Gecko) Chrome/120.0.0.0 Safari/537.36" "-"
216.73.216.0 - - [21/Jul/2026:01:02:24 -0400] "GET /kvX/sitemap_product_384.xml?loknya=%2Fhomepages%2F35%2Fd1015279559%2Fhtdocs HTTP/1.1" 200 15 s3solinc.com "-" "Mozilla/5.0 AppleWebKit/537.36 (KHTML, like Gecko; compatible; ClaudeBot/1.0; +claudebot@anthropic.com)" "-"
74.7.242.0 - - [21/Jul/2026:01:02:42 -0400] "GET /?c=11114942192 HTTP/1.1" 200 15 s3solinc.com "https://s3solinc.com/?c=30003888090" "Mozilla/5.0 AppleWebKit/537.36 (KHTML, like Gecko; compatible; GPTBot/1.4; +https://openai.com/gptbot)" "-"
216.73.216.0 - - [21/Jul/2026:01:02:51 -0400] "GET /kvX/sitemap_product_336.xml?loknya=%2Fhomepages%2F35%2Fd1015279559%2Fhtdocs%2F.tmb HTTP/1.1" 200 15 s3solinc.com "-" "Mozilla/5.0 AppleWebKit/537.36 (KHTML, like Gecko; compatible; ClaudeBot/1.0; +claudebot@anthropic.com)" "-"
2a06:98c0:3600:: - - [21/Jul/2026:01:02:59 -0400] "GET /robots.txt HTTP/1.1" 200 46798 s3solinc.com "-" "-" "-"
216.73.216.0 - - [21/Jul/2026:01:03:01 -0400] "GET /kvX/sitemap_product_307.xml?loknya=%2Fhomepages%2F35 HTTP/1.1" 200 15 s3solinc.com "-" "Mozilla/5.0 AppleWebKit/537.36 (KHTML, like Gecko; compatible; ClaudeBot/1.0; +claudebot@anthropic.com)" "-"
216.73.216.0 - - [21/Jul/2026:01:03:31 -0400] "GET /kvX/sitemap_product_322.xml?loknya=%2Fhomepages%2F35%2Fd1015279559%2Fhtdocs%2FNew+directory HTTP/1.1" 200 15 s3solinc.com "-" "Mozilla/5.0 AppleWebKit/537.36 (KHTML, like Gecko; compatible; ClaudeBot/1.0; +claudebot@anthropic.com)" "-"
216.73.216.0 - - [21/Jul/2026:01:03:41 -0400] "GET /kvX/sitemap_product_384.xml?lokasie=%2Fhomepages%2F35%2Fd1015279559%2Fhtdocs%2Fwp-load.php&loknya=%2Fhomepages%2F35%2Fd1015279559%2Fhtdocs HTTP/1.1" 200 15 s3solinc.com "-" "Mozilla/5.0 AppleWebKit/537.36 (KHTML, like Gecko; compatible; ClaudeBot/1.0; +claudebot@anthropic.com)" "-"
2a06:98c0:3600:: - - [21/Jul/2026:01:04:11 -0400] "GET / HTTP/1.1" 200 46798 s3solinc.com "-" "Mozilla/5.0 (Macintosh; Intel Mac OS X 10_15_7) AppleWebKit/537.36 (KHTML, like Gecko) Chrome/147.0.0.0 Safari/537.36 CloudflareWebScanner/1.0" "-"
74.7.242.0 - - [21/Jul/2026:01:03:47 -0400] "GET /?m=58822275888 HTTP/1.1" 200 15 s3solinc.com "https://s3solinc.com/?g=67576206627" "Mozilla/5.0 AppleWebKit/537.36 (KHTML, like Gecko; compatible; GPTBot/1.4; +https://openai.com/gptbot)" "-"
216.73.216.0 - - [21/Jul/2026:01:03:58 -0400] "GET /kvX/sitemap_product_322.xml?lokasie=%2Fhomepages%2F35%2Fd1015279559%2Fhtdocs%2Fwp-trackback.php&loknya=%2Fhomepages%2F35%2Fd1015279559%2Fhtdocs HTTP/1.1" 200 15 s3solinc.com "-" "Mozilla/5.0 AppleWebKit/537.36 (KHTML, like Gecko; compatible; ClaudeBot/1.0; +claudebot@anthropic.com)" "-"
216.73.216.0 - - [21/Jul/2026:01:04:09 -0400] "GET /kvX/sitemap_product_384.xml?lokasie=%2Fhomepages%2F35%2Fd1015279559%2Fhtdocs%2F.htaccess.bk&loknya=%2Fhomepages%2F35%2Fd1015279559%2Fhtdocs HTTP/1.1" 200 15 s3solinc.com "-" "Mozilla/5.0 AppleWebKit/537.36 (KHTML, like Gecko; compatible; ClaudeBot/1.0; +claudebot@anthropic.com)" "-"
216.73.216.0 - - [21/Jul/2026:01:04:16 -0400] "GET /kvX/sitemap_product_384.xml?lokasie=%2Fhomepages%2F35%2Fd1015279559%2Fhtdocs%2Flicense.txt&loknya=%2Fhomepages%2F35%2Fd1015279559%2Fhtdocs HTTP/1.1" 200 15 s3solinc.com "-" "Mozilla/5.0 AppleWebKit/537.36 (KHTML, like Gecko; compatible; ClaudeBot/1.0; +claudebot@anthropic.com)" "-"
216.73.216.0 - - [21/Jul/2026:01:04:29 -0400] "GET /?m=24565337648 HTTP/1.1" 200 15 s3solinc.com "-" "Mozilla/5.0 AppleWebKit/537.36 (KHTML, like Gecko; compatible; ClaudeBot/1.0; +claudebot@anthropic.com)" "-"
216.73.216.0 - - [21/Jul/2026:01:04:43 -0400] "GET /?c=10464217123 HTTP/1.1" 200 15 s3solinc.com "-" "Mozilla/5.0 AppleWebKit/537.36 (KHTML, like Gecko; compatible; ClaudeBot/1.0; +claudebot@anthropic.com)" "-"
74.7.242.0 - - [21/Jul/2026:01:04:50 -0400] "GET /?c=57000455553 HTTP/1.1" 200 15 s3solinc.com "https://s3solinc.com/?o=6926665378" "Mozilla/5.0 AppleWebKit/537.36 (KHTML, like Gecko; compatible; GPTBot/1.4; +https://openai.com/gptbot)" "-"
216.73.216.0 - - [21/Jul/2026:01:04:57 -0400] "GET /kvX/sitemap_product_384.xml?loknya=%2Fhomepages%2F35%2Fd1015279559 HTTP/1.1" 200 15 s3solinc.com "-" "Mozilla/5.0 AppleWebKit/537.36 (KHTML, like Gecko; compatible; ClaudeBot/1.0; +claudebot@anthropic.com)" "-"
216.73.216.0 - - [21/Jul/2026:01:05:18 -0400] "GET /?h=22060166976 HTTP/1.1" 200 15 s3solinc.com "-" "Mozilla/5.0 AppleWebKit/537.36 (KHTML, like Gecko; compatible; ClaudeBot/1.0; +claudebot@anthropic.com)" "-"
216.73.216.0 - - [21/Jul/2026:01:05:32 -0400] "GET /?h=69859216741 HTTP/1.1" 200 15 s3solinc.com "-" "Mozilla/5.0 AppleWebKit/537.36 (KHTML, like Gecko; compatible; ClaudeBot/1.0; +claudebot@anthropic.com)" "-"
216.73.216.0 - - [21/Jul/2026:01:05:40 -0400] "GET /?h=5598832263 HTTP/1.1" 200 15 s3solinc.com "-" "Mozilla/5.0 AppleWebKit/537.36 (KHTML, like Gecko; compatible; ClaudeBot/1.0; +claudebot@anthropic.com)" "-"
74.7.242.0 - - [21/Jul/2026:01:05:50 -0400] "GET /?m=77779132237 HTTP/1.1" 200 15 s3solinc.com "https://s3solinc.com/?f=90828220001" "Mozilla/5.0 AppleWebKit/537.36 (KHTML, like Gecko; compatible; GPTBot/1.4; +https://openai.com/gptbot)" "-"
216.73.216.0 - - [21/Jul/2026:01:05:54 -0400] "GET /?m=56471208078 HTTP/1.1" 200 15 s3solinc.com "-" "Mozilla/5.0 AppleWebKit/537.36 (KHTML, like Gecko; compatible; ClaudeBot/1.0; +claudebot@anthropic.com)" "-"
216.73.216.0 - - [21/Jul/2026:01:06:04 -0400] "GET /kvX/sitemap_product_336.xml?lokasie=%2Fhomepages%2F35%2Fd1015279559%2Fhtdocs%2F.idx.dat&loknya=%2Fhomepages%2F35%2Fd1015279559%2Fhtdocs HTTP/1.1" 200 15 s3solinc.com "-" "Mozilla/5.0 AppleWebKit/537.36 (KHTML, like Gecko; compatible; ClaudeBot/1.0; +claudebot@anthropic.com)" "-"
216.73.216.0 - - [21/Jul/2026:01:06:34 -0400] "GET /kvX/sitemap_product_308.xml?lokasie=%2Fhomepages%2F35%2Fd1015279559%2Fhtdocs%2Fwp-blog-header.php&loknya=%2Fhomepages%2F35%2Fd1015279559%2Fhtdocs HTTP/1.1" 200 15 s3solinc.com "-" "Mozilla/5.0 AppleWebKit/537.36 (KHTML, like Gecko; compatible; ClaudeBot/1.0; +claudebot@anthropic.com)" "-"
216.73.216.0 - - [21/Jul/2026:01:06:46 -0400] "GET /kvX/sitemap_product_356.xml?lokasie=%2Fhomepages%2F35%2Fd1015279559%2Fhtdocs%2F.bash_history&loknya=%2Fhomepages%2F35%2Fd1015279559%2Fhtdocs HTTP/1.1" 200 15 s3solinc.com "-" "Mozilla/5.0 AppleWebKit/537.36 (KHTML, like Gecko; compatible; ClaudeBot/1.0; +claudebot@anthropic.com)" "-"
74.7.242.0 - - [21/Jul/2026:01:06:56 -0400] "GET /?f=18052888808 HTTP/1.1" 200 15 s3solinc.com "https://s3solinc.com/?g=40133040047" "Mozilla/5.0 AppleWebKit/537.36 (KHTML, like Gecko; compatible; GPTBot/1.4; +https://openai.com/gptbot)" "-"
216.73.216.0 - - [21/Jul/2026:01:06:58 -0400] "GET /kvX/sitemap_product_356.xml?lokasie=%2Fhomepages%2F35%2Fd1015279559%2Fhtdocs%2Flicense.txt&loknya=%2Fhomepages%2F35%2Fd1015279559%2Fhtdocs HTTP/1.1" 200 15 s3solinc.com "-" "Mozilla/5.0 AppleWebKit/537.36 (KHTML, like Gecko; compatible; ClaudeBot/1.0; +claudebot@anthropic.com)" "-"
66.249.74.0 - - [21/Jul/2026:01:07:05 -0400] "GET /brand/object/e4csxp0dd90ycmh.htm HTTP/1.1" 200 15 s3solinc.com "-" "Mozilla/5.0 (Linux; Android 6.0.1; Nexus 5X Build/MMB29P) AppleWebKit/537.36 (KHTML, like Gecko) Chrome/150.0.7871.128 Mobile Safari/537.36 (compatible; Googlebot/2.1; +http://www.google.com/bot.html)" "-"
216.73.216.0 - - [21/Jul/2026:01:07:10 -0400] "GET /?c=45428547299 HTTP/1.1" 200 15 s3solinc.com "-" "Mozilla/5.0 AppleWebKit/537.36 (KHTML, like Gecko; compatible; ClaudeBot/1.0; +claudebot@anthropic.com)" "-"
216.73.216.0 - - [21/Jul/2026:01:07:17 -0400] "GET /?c=82568486327 HTTP/1.1" 200 15 s3solinc.com "-" "Mozilla/5.0 AppleWebKit/537.36 (KHTML, like Gecko; compatible; ClaudeBot/1.0; +claudebot@anthropic.com)" "-"
216.73.216.0 - - [21/Jul/2026:01:07:48 -0400] "GET /?f=13549896419 HTTP/1.1" 200 15 s3solinc.com "-" "Mozilla/5.0 AppleWebKit/537.36 (KHTML, like Gecko; compatible; ClaudeBot/1.0; +claudebot@anthropic.com)" "-"
216.73.216.0 - - [21/Jul/2026:01:07:55 -0400] "GET /?h=3085040493 HTTP/1.1" 200 15 s3solinc.com "-" "Mozilla/5.0 AppleWebKit/537.36 (KHTML, like Gecko; compatible; ClaudeBot/1.0; +claudebot@anthropic.com)" "-"
74.7.242.0 - - [21/Jul/2026:01:07:59 -0400] "GET /?h=73999928829 HTTP/1.1" 200 15 s3solinc.com "https://s3solinc.com/collections/stores%20that%20have%20pokemon%20cards" "Mozilla/5.0 AppleWebKit/537.36 (KHTML, like Gecko; compatible; GPTBot/1.4; +https://openai.com/gptbot)" "-"
216.73.216.0 - - [21/Jul/2026:01:08:04 -0400] "GET /?h=86114114684 HTTP/1.1" 200 15 s3solinc.com "-" "Mozilla/5.0 AppleWebKit/537.36 (KHTML, like Gecko; compatible; ClaudeBot/1.0; +claudebot@anthropic.com)" "-"
216.73.216.0 - - [21/Jul/2026:01:08:12 -0400] "GET /?h=15863025516 HTTP/1.1" 200 15 s3solinc.com "-" "Mozilla/5.0 AppleWebKit/537.36 (KHTML, like Gecko; compatible; ClaudeBot/1.0; +claudebot@anthropic.com)" "-"
216.73.216.0 - - [21/Jul/2026:01:08:24 -0400] "GET /kvX/sitemap_product_384.xml?loknya=%2Fhomepages HTTP/1.1" 200 15 s3solinc.com "-" "Mozilla/5.0 AppleWebKit/537.36 (KHTML, like Gecko; compatible; ClaudeBot/1.0; +claudebot@anthropic.com)" "-"
216.73.216.0 - - [21/Jul/2026:01:08:35 -0400] "GET /kvX/sitemap_product_308.xml?lokasie=%2Fhomepages%2F35%2Fd1015279559%2Fhtdocs%2Fwp-config-sample.php&loknya=%2Fhomepages%2F35%2Fd1015279559%2Fhtdocs HTTP/1.1" 200 15 s3solinc.com "-" "Mozilla/5.0 AppleWebKit/537.36 (KHTML, like Gecko; compatible; ClaudeBot/1.0; +claudebot@anthropic.com)" "-"
216.73.216.0 - - [21/Jul/2026:01:08:47 -0400] "GET /?m=7511380982 HTTP/1.1" 200 15 s3solinc.com "-" "Mozilla/5.0 AppleWebKit/537.36 (KHTML, like Gecko; compatible; ClaudeBot/1.0; +claudebot@anthropic.com)" "-"
74.7.242.0 - - [21/Jul/2026:01:09:03 -0400] "GET /?o=83288886438 HTTP/1.1" 200 15 s3solinc.com "https://s3solinc.com/?c=80910888010" "Mozilla/5.0 AppleWebKit/537.36 (KHTML, like Gecko; compatible; GPTBot/1.4; +https://openai.com/gptbot)" "-"
216.73.216.0 - - [21/Jul/2026:01:09:17 -0400] "GET /kvX/sitemap_product_356.xml?lokasie=%2Fhomepages%2F35%2Fd1015279559%2Fhtdocs%2Fwp-activate.php&loknya=%2Fhomepages%2F35%2Fd1015279559%2Fhtdocs HTTP/1.1" 200 15 s3solinc.com "-" "Mozilla/5.0 AppleWebKit/537.36 (KHTML, like Gecko; compatible; ClaudeBot/1.0; +claudebot@anthropic.com)" "-"
