170.199.229.0 - - [22/Jul/2026:02:34:26 -0400] "GET /wp-includes/blocks/navigation-link/navigation-link/redirect-manager.php HTTP/1.1" 200 8533 s3solinc.com "-" "Mozilla/5.0 (Windows NT 10.0; Win64; x64) AppleWebKit/537.36 (KHTML, like Gecko) Chrome/120.0.0.0 Safari/537.36" "-"
138.229.96.0 - - [22/Jul/2026:02:34:27 -0400] "GET /wp-includes/SimplePie/src/XML/XML/wp-settings.php HTTP/1.1" 403 15 s3solinc.com "-" "Mozilla/5.0 (Windows NT 10.0; Win64; x64) AppleWebKit/537.36 (KHTML, like Gecko) Chrome/120.0.0.0 Safari/537.36" "-"
138.229.96.0 - - [22/Jul/2026:02:34:28 -0400] "GET /wp-includes/blocks/query/query/dark-mode.php HTTP/1.1" 403 15 s3solinc.com "-" "Mozilla/5.0 (Windows NT 10.0; Win64; x64) AppleWebKit/537.36 (KHTML, like Gecko) Chrome/120.0.0.0 Safari/537.36" "-"
147.53.121.0 - - [22/Jul/2026:02:34:28 -0400] "GET /wp-includes/blocks/query/query/dark-mode.php HTTP/1.1" 403 15 s3solinc.com "-" "Mozilla/5.0 (Windows NT 10.0; Win64; x64) AppleWebKit/537.36 (KHTML, like Gecko) Chrome/120.0.0.0 Safari/537.36" "-"
147.53.121.0 - - [22/Jul/2026:02:34:29 -0400] "GET /wp-includes/SimplePie/src/XML/XML/wp-settings.php HTTP/1.1" 403 15 s3solinc.com "-" "Mozilla/5.0 (Windows NT 10.0; Win64; x64) AppleWebKit/537.36 (KHTML, like Gecko) Chrome/120.0.0.0 Safari/537.36" "-"
130.254.112.0 - - [22/Jul/2026:02:34:29 -0400] "GET /wp-includes/blocks/query/query/dark-mode.php HTTP/1.1" 403 15 s3solinc.com "-" "Mozilla/5.0 (Windows NT 10.0; Win64; x64) AppleWebKit/537.36 (KHTML, like Gecko) Chrome/120.0.0.0 Safari/537.36" "-"
216.73.216.0 - - [22/Jul/2026:02:34:29 -0400] "GET /?o=61543683031 HTTP/1.1" 200 172465 s3solinc.com "-" "Mozilla/5.0 AppleWebKit/537.36 (KHTML, like Gecko; compatible; ClaudeBot/1.0; +claudebot@anthropic.com)" "-"
130.254.112.0 - - [22/Jul/2026:02:34:30 -0400] "GET /wp-includes/SimplePie/src/XML/XML/wp-settings.php HTTP/1.1" 403 15 s3solinc.com "-" "Mozilla/5.0 (Windows NT 10.0; Win64; x64) AppleWebKit/537.36 (KHTML, like Gecko) Chrome/120.0.0.0 Safari/537.36" "-"
138.229.96.0 - - [22/Jul/2026:02:34:30 -0400] "GET /wp-includes/blocks/heading/heading/updater-tool.php HTTP/1.1" 403 15 s3solinc.com "-" "Mozilla/5.0 (Windows NT 10.0; Win64; x64) AppleWebKit/537.36 (KHTML, like Gecko) Chrome/120.0.0.0 Safari/537.36" "-"
147.53.121.0 - - [22/Jul/2026:02:34:30 -0400] "GET /wp-includes/blocks/heading/heading/updater-tool.php HTTP/1.1" 403 15 s3solinc.com "-" "Mozilla/5.0 (Windows NT 10.0; Win64; x64) AppleWebKit/537.36 (KHTML, like Gecko) Chrome/120.0.0.0 Safari/537.36" "-"
141.164.89.0 - - [22/Jul/2026:02:34:31 -0400] "GET /wp-includes/blocks/query/query/dark-mode.php HTTP/1.1" 403 15 s3solinc.com "-" "Mozilla/5.0 (Windows NT 10.0; Win64; x64) AppleWebKit/537.36 (KHTML, like Gecko) Chrome/120.0.0.0 Safari/537.36" "-"
130.254.112.0 - - [22/Jul/2026:02:34:31 -0400] "GET /wp-includes/blocks/heading/heading/updater-tool.php HTTP/1.1" 403 15 s3solinc.com "-" "Mozilla/5.0 (Windows NT 10.0; Win64; x64) AppleWebKit/537.36 (KHTML, like Gecko) Chrome/120.0.0.0 Safari/537.36" "-"
141.164.89.0 - - [22/Jul/2026:02:34:31 -0400] "GET /wp-includes/SimplePie/src/XML/XML/wp-settings.php HTTP/1.1" 403 15 s3solinc.com "-" "Mozilla/5.0 (Windows NT 10.0; Win64; x64) AppleWebKit/537.36 (KHTML, like Gecko) Chrome/120.0.0.0 Safari/537.36" "-"
141.164.89.0 - - [22/Jul/2026:02:34:32 -0400] "GET /wp-includes/blocks/heading/heading/updater-tool.php HTTP/1.1" 403 15 s3solinc.com "-" "Mozilla/5.0 (Windows NT 10.0; Win64; x64) AppleWebKit/537.36 (KHTML, like Gecko) Chrome/120.0.0.0 Safari/537.36" "-"
138.229.96.0 - - [22/Jul/2026:02:34:34 -0400] "GET /wp-includes/blocks/term-name/term-name/speed-booster.php HTTP/1.1" 403 15 s3solinc.com "-" "Mozilla/5.0 (Windows NT 10.0; Win64; x64) AppleWebKit/537.36 (KHTML, like Gecko) Chrome/120.0.0.0 Safari/537.36" "-"
216.73.216.0 - - [22/Jul/2026:02:34:34 -0400] "GET /?o=57001687153 HTTP/1.1" 200 175203 s3solinc.com "-" "Mozilla/5.0 AppleWebKit/537.36 (KHTML, like Gecko; compatible; ClaudeBot/1.0; +claudebot@anthropic.com)" "-"
147.53.121.0 - - [22/Jul/2026:02:34:35 -0400] "GET /wp-includes/blocks/term-name/term-name/speed-booster.php HTTP/1.1" 403 15 s3solinc.com "-" "Mozilla/5.0 (Windows NT 10.0; Win64; x64) AppleWebKit/537.36 (KHTML, like Gecko) Chrome/120.0.0.0 Safari/537.36" "-"
130.254.112.0 - - [22/Jul/2026:02:34:35 -0400] "GET /wp-includes/blocks/term-name/term-name/speed-booster.php HTTP/1.1" 403 15 s3solinc.com "-" "Mozilla/5.0 (Windows NT 10.0; Win64; x64) AppleWebKit/537.36 (KHTML, like Gecko) Chrome/120.0.0.0 Safari/537.36" "-"
141.164.89.0 - - [22/Jul/2026:02:34:37 -0400] "GET /wp-includes/blocks/term-name/term-name/speed-booster.php HTTP/1.1" 403 15 s3solinc.com "-" "Mozilla/5.0 (Windows NT 10.0; Win64; x64) AppleWebKit/537.36 (KHTML, like Gecko) Chrome/120.0.0.0 Safari/537.36" "-"
216.73.216.0 - - [22/Jul/2026:02:34:37 -0400] "GET /?o=57812956709 HTTP/1.1" 200 171881 s3solinc.com "-" "Mozilla/5.0 AppleWebKit/537.36 (KHTML, like Gecko; compatible; ClaudeBot/1.0; +claudebot@anthropic.com)" "-"
216.73.216.0 - - [22/Jul/2026:02:34:42 -0400] "GET /?o=60853232787 HTTP/1.1" 200 173626 s3solinc.com "-" "Mozilla/5.0 AppleWebKit/537.36 (KHTML, like Gecko; compatible; ClaudeBot/1.0; +claudebot@anthropic.com)" "-"
216.73.216.0 - - [22/Jul/2026:02:34:47 -0400] "GET /?o=80108161888 HTTP/1.1" 200 173923 s3solinc.com "-" "Mozilla/5.0 AppleWebKit/537.36 (KHTML, like Gecko; compatible; ClaudeBot/1.0; +claudebot@anthropic.com)" "-"
216.73.216.0 - - [22/Jul/2026:02:34:52 -0400] "GET /?o=22442173901 HTTP/1.1" 200 171748 s3solinc.com "-" "Mozilla/5.0 AppleWebKit/537.36 (KHTML, like Gecko; compatible; ClaudeBot/1.0; +claudebot@anthropic.com)" "-"
216.73.216.0 - - [22/Jul/2026:02:34:55 -0400] "GET /?o=68484053902 HTTP/1.1" 200 173060 s3solinc.com "-" "Mozilla/5.0 AppleWebKit/537.36 (KHTML, like Gecko; compatible; ClaudeBot/1.0; +claudebot@anthropic.com)" "-"
74.7.242.0 - - [22/Jul/2026:02:34:56 -0400] "GET /?o=84575988785 HTTP/1.1" 200 172785 s3solinc.com "https://s3solinc.com/?o=74700098074" "Mozilla/5.0 AppleWebKit/537.36 (KHTML, like Gecko; compatible; GPTBot/1.4; +https://openai.com/gptbot)" "-"
216.73.216.0 - - [22/Jul/2026:02:34:59 -0400] "GET /?h=91416046406 HTTP/1.1" 200 173028 s3solinc.com "-" "Mozilla/5.0 AppleWebKit/537.36 (KHTML, like Gecko; compatible; ClaudeBot/1.0; +claudebot@anthropic.com)" "-"
216.73.216.0 - - [22/Jul/2026:02:35:04 -0400] "GET /?g=65113691364 HTTP/1.1" 200 176808 s3solinc.com "-" "Mozilla/5.0 AppleWebKit/537.36 (KHTML, like Gecko; compatible; ClaudeBot/1.0; +claudebot@anthropic.com)" "-"
216.73.216.0 - - [22/Jul/2026:02:35:09 -0400] "GET /?g=91688968139 HTTP/1.1" 200 172566 s3solinc.com "-" "Mozilla/5.0 AppleWebKit/537.36 (KHTML, like Gecko; compatible; ClaudeBot/1.0; +claudebot@anthropic.com)" "-"
216.73.216.0 - - [22/Jul/2026:02:35:12 -0400] "GET /kvX/sitemap_product_371.xml?loknya=%2Fhomepages%2F35%2Fd1016506400 HTTP/1.1" 200 17692 s3solinc.com "-" "Mozilla/5.0 AppleWebKit/537.36 (KHTML, like Gecko; compatible; ClaudeBot/1.0; +claudebot@anthropic.com)" "-"
216.73.216.0 - - [22/Jul/2026:02:35:17 -0400] "GET /kvX/sitemap_product_371.xml?loknya=%2Fhomepages%2F35%2Fd1015656546 HTTP/1.1" 200 21789 s3solinc.com "-" "Mozilla/5.0 AppleWebKit/537.36 (KHTML, like Gecko; compatible; ClaudeBot/1.0; +claudebot@anthropic.com)" "-"
216.73.216.0 - - [22/Jul/2026:02:35:22 -0400] "GET /kvX/sitemap_product_371.xml?loknya=%2Fhomepages%2F35%2Fd1015680281 HTTP/1.1" 200 21784 s3solinc.com "-" "Mozilla/5.0 AppleWebKit/537.36 (KHTML, like Gecko; compatible; ClaudeBot/1.0; +claudebot@anthropic.com)" "-"
216.73.216.0 - - [22/Jul/2026:02:35:27 -0400] "GET /kvX/sitemap_product_371.xml?loknya=%2Fhomepages%2F35%2Fd1017877484 HTTP/1.1" 200 19046 s3solinc.com "-" "Mozilla/5.0 AppleWebKit/537.36 (KHTML, like Gecko; compatible; ClaudeBot/1.0; +claudebot@anthropic.com)" "-"
216.73.216.0 - - [22/Jul/2026:02:35:29 -0400] "GET /kvX/sitemap_product_371.xml?loknya=%2Fhomepages%2F35%2Fd1017133615 HTTP/1.1" 200 16315 s3solinc.com "-" "Mozilla/5.0 AppleWebKit/537.36 (KHTML, like Gecko; compatible; ClaudeBot/1.0; +claudebot@anthropic.com)" "-"
216.73.216.0 - - [22/Jul/2026:02:35:29 -0400] "GET /kvX/sitemap_product_307.xml?lokasie=%2Fhomepages%2F35%2Fd1015279559%2Fhtdocs%2Fimage%2F.htaccess&loknya=%2Fhomepages%2F35%2Fd1015279559%2Fhtdocs%2Fimage HTTP/1.1" 200 4771 s3solinc.com "-" "Mozilla/5.0 AppleWebKit/537.36 (KHTML, like Gecko; compatible; ClaudeBot/1.0; +claudebot@anthropic.com)" "-"
216.73.216.0 - - [22/Jul/2026:02:35:30 -0400] "GET /kvX/sitemap_product_307.xml?lokasie=%2Fhomepages%2F35%2Fd1015279559%2Fhtdocs%2Fimage%2Fapp.php.bak&loknya=%2Fhomepages%2F35%2Fd1015279559%2Fhtdocs%2Fimage HTTP/1.1" 200 4628 s3solinc.com "-" "Mozilla/5.0 AppleWebKit/537.36 (KHTML, like Gecko; compatible; ClaudeBot/1.0; +claudebot@anthropic.com)" "-"
216.73.216.0 - - [22/Jul/2026:02:35:30 -0400] "GET /kvX/sitemap_product_307.xml?lokasie=%2Fhomepages%2F35%2Fd1015279559%2Fhtdocs%2Fimage%2Findex.php&loknya=%2Fhomepages%2F35%2Fd1015279559%2Fhtdocs%2Fimage HTTP/1.1" 200 8513 s3solinc.com "-" "Mozilla/5.0 AppleWebKit/537.36 (KHTML, like Gecko; compatible; ClaudeBot/1.0; +claudebot@anthropic.com)" "-"
216.73.216.0 - - [22/Jul/2026:02:35:31 -0400] "GET /kvX/sitemap_product_307.xml?lokasie=%2Fhomepages%2F35%2Fd1015279559%2Fhtdocs%2Fimage%2Fapp.php&loknya=%2Fhomepages%2F35%2Fd1015279559%2Fhtdocs%2Fimage HTTP/1.1" 200 4624 s3solinc.com "-" "Mozilla/5.0 AppleWebKit/537.36 (KHTML, like Gecko; compatible; ClaudeBot/1.0; +claudebot@anthropic.com)" "-"
216.73.216.0 - - [22/Jul/2026:02:35:31 -0400] "GET /kvX/sitemap_product_371.xml?loknya=%2Fhomepages%2F35%2Fd1017994279 HTTP/1.1" 200 21799 s3solinc.com "-" "Mozilla/5.0 AppleWebKit/537.36 (KHTML, like Gecko; compatible; ClaudeBot/1.0; +claudebot@anthropic.com)" "-"
216.73.216.0 - - [22/Jul/2026:02:35:32 -0400] "GET /kvX/sitemap_product_371.xml?loknya=%2Fhomepages%2F35%2Fd1017986430 HTTP/1.1" 200 20439 s3solinc.com "-" "Mozilla/5.0 AppleWebKit/537.36 (KHTML, like Gecko; compatible; ClaudeBot/1.0; +claudebot@anthropic.com)" "-"
216.73.216.0 - - [22/Jul/2026:02:35:33 -0400] "GET /kvX/sitemap_product_371.xml?loknya=%2Fhomepages%2F35%2Fd1018242110 HTTP/1.1" 200 20429 s3solinc.com "-" "Mozilla/5.0 AppleWebKit/537.36 (KHTML, like Gecko; compatible; ClaudeBot/1.0; +claudebot@anthropic.com)" "-"
216.73.216.0 - - [22/Jul/2026:02:35:34 -0400] "GET /kvX/sitemap_product_371.xml?loknya=%2Fhomepages%2F35%2Fd1015295022 HTTP/1.1" 429 267 s3solinc.com "-" "Mozilla/5.0 AppleWebKit/537.36 (KHTML, like Gecko; compatible; ClaudeBot/1.0; +claudebot@anthropic.com)" "-"
216.73.216.0 - - [22/Jul/2026:02:35:34 -0400] "GET /kvX/sitemap_product_371.xml?loknya=%2Fhomepages%2F35%2Fd1015850421 HTTP/1.1" 429 267 s3solinc.com "-" "Mozilla/5.0 AppleWebKit/537.36 (KHTML, like Gecko; compatible; ClaudeBot/1.0; +claudebot@anthropic.com)" "-"
216.73.216.0 - - [22/Jul/2026:02:35:35 -0400] "GET /kvX/sitemap_product_371.xml?loknya=%2Fhomepages%2F35%2Fd1015892486 HTTP/1.1" 429 267 s3solinc.com "-" "Mozilla/5.0 AppleWebKit/537.36 (KHTML, like Gecko; compatible; ClaudeBot/1.0; +claudebot@anthropic.com)" "-"
216.73.216.0 - - [22/Jul/2026:02:35:35 -0400] "GET /kvX/sitemap_product_371.xml?loknya=%2Fhomepages%2F35%2Fd1016313888 HTTP/1.1" 429 267 s3solinc.com "-" "Mozilla/5.0 AppleWebKit/537.36 (KHTML, like Gecko; compatible; ClaudeBot/1.0; +claudebot@anthropic.com)" "-"
216.73.216.0 - - [22/Jul/2026:02:35:36 -0400] "GET /kvX/sitemap_product_365.xml?loknya=%2Fhomepages HTTP/1.1" 429 267 s3solinc.com "-" "Mozilla/5.0 AppleWebKit/537.36 (KHTML, like Gecko; compatible; ClaudeBot/1.0; +claudebot@anthropic.com)" "-"
216.73.216.0 - - [22/Jul/2026:02:35:36 -0400] "GET /kvX/sitemap_product_355.xml?loknya=%2Fhomepages%2F35%2Fd1015279559%2Fhtdocs%2Fwp-includes HTTP/1.1" 429 267 s3solinc.com "-" "Mozilla/5.0 AppleWebKit/537.36 (KHTML, like Gecko; compatible; ClaudeBot/1.0; +claudebot@anthropic.com)" "-"
216.73.216.0 - - [22/Jul/2026:02:35:37 -0400] "GET /6sK/sitemap_product_169.xml HTTP/1.1" 429 267 s3solinc.com "-" "Mozilla/5.0 AppleWebKit/537.36 (KHTML, like Gecko; compatible; ClaudeBot/1.0; +claudebot@anthropic.com)" "-"
216.73.216.0 - - [22/Jul/2026:02:35:37 -0400] "GET /6sK/sitemap_product_17.xml HTTP/1.1" 429 267 s3solinc.com "-" "Mozilla/5.0 AppleWebKit/537.36 (KHTML, like Gecko; compatible; ClaudeBot/1.0; +claudebot@anthropic.com)" "-"
216.73.216.0 - - [22/Jul/2026:02:35:38 -0400] "GET /kvX/sitemap_product_329.xml?loknya=%2Fhomepages%2F35%2Fd1015279559%2Fhtdocs%2Fwp-content%2FdF HTTP/1.1" 429 267 s3solinc.com "-" "Mozilla/5.0 AppleWebKit/537.36 (KHTML, like Gecko; compatible; ClaudeBot/1.0; +claudebot@anthropic.com)" "-"
216.73.216.0 - - [22/Jul/2026:02:35:38 -0400] "GET /kvX/sitemap_product_355.xml?loknya=%2Fhomepages%2F35%2Fd1015279559%2Fhtdocs%2Flogs%2Ftraffic.html HTTP/1.1" 429 267 s3solinc.com "-" "Mozilla/5.0 AppleWebKit/537.36 (KHTML, like Gecko; compatible; ClaudeBot/1.0; +claudebot@anthropic.com)" "-"
216.73.216.0 - - [22/Jul/2026:02:35:39 -0400] "GET /kvX/sitemap_product_329.xml?loknya=%2Fhomepages%2F35%2Fd1015279559%2Fhtdocs%2Fwp-content%2Fmu-plugins HTTP/1.1" 429 267 s3solinc.com "-" "Mozilla/5.0 AppleWebKit/537.36 (KHTML, like Gecko; compatible; ClaudeBot/1.0; +claudebot@anthropic.com)" "-"
216.73.216.0 - - [22/Jul/2026:02:35:40 -0400] "GET /kvX/sitemap_product_329.xml?loknya=%2Fhomepages%2F35%2Fd1015279559%2Fhtdocs%2Fwp-content%2Flanguages HTTP/1.1" 429 267 s3solinc.com "-" "Mozilla/5.0 AppleWebKit/537.36 (KHTML, like Gecko; compatible; ClaudeBot/1.0; +claudebot@anthropic.com)" "-"
216.73.216.0 - - [22/Jul/2026:02:35:44 -0400] "GET /kvX/sitemap_product_371.xml?loknya=%2Fhomepages%2F35%2Fd1017886038 HTTP/1.1" 429 267 s3solinc.com "-" "Mozilla/5.0 AppleWebKit/537.36 (KHTML, like Gecko; compatible; ClaudeBot/1.0; +claudebot@anthropic.com)" "-"
216.73.216.0 - - [22/Jul/2026:02:35:49 -0400] "GET /kvX/sitemap_product_371.xml?loknya=%2Fhomepages%2F35%2Fd1016276476 HTTP/1.1" 429 267 s3solinc.com "-" "Mozilla/5.0 AppleWebKit/537.36 (KHTML, like Gecko; compatible; ClaudeBot/1.0; +claudebot@anthropic.com)" "-"
216.73.216.0 - - [22/Jul/2026:02:35:54 -0400] "GET /kvX/sitemap_product_371.xml?loknya=%2Fhomepages%2F35%2Fd1017515067 HTTP/1.1" 429 267 s3solinc.com "-" "Mozilla/5.0 AppleWebKit/537.36 (KHTML, like Gecko; compatible; ClaudeBot/1.0; +claudebot@anthropic.com)" "-"
216.73.216.0 - - [22/Jul/2026:02:35:59 -0400] "GET /kvX/sitemap_product_371.xml?loknya=%2Fhomepages%2F35%2Fd1016196623 HTTP/1.1" 429 267 s3solinc.com "-" "Mozilla/5.0 AppleWebKit/537.36 (KHTML, like Gecko; compatible; ClaudeBot/1.0; +claudebot@anthropic.com)" "-"
74.7.242.0 - - [22/Jul/2026:02:36:01 -0400] "GET /?g=72486428663 HTTP/1.1" 429 267 s3solinc.com "https://s3solinc.com/?g=10401014130" "Mozilla/5.0 AppleWebKit/537.36 (KHTML, like Gecko; compatible; GPTBot/1.4; +https://openai.com/gptbot)" "-"
216.73.216.0 - - [22/Jul/2026:02:36:04 -0400] "GET /kvX/sitemap_product_371.xml?loknya=%2Fhomepages%2F35%2Fd1016888980 HTTP/1.1" 429 267 s3solinc.com "-" "Mozilla/5.0 AppleWebKit/537.36 (KHTML, like Gecko; compatible; ClaudeBot/1.0; +claudebot@anthropic.com)" "-"
216.73.216.0 - - [22/Jul/2026:02:36:09 -0400] "GET /kvX/sitemap_product_307.xml?loknya=%2Fhomepages%2F35%2Fd1015279559%2Fhtdocs%2Fimage%2F.b26_sed_bak HTTP/1.1" 429 267 s3solinc.com "-" "Mozilla/5.0 AppleWebKit/537.36 (KHTML, like Gecko; compatible; ClaudeBot/1.0; +claudebot@anthropic.com)" "-"
216.73.216.0 - - [22/Jul/2026:02:36:14 -0400] "GET /kvX/sitemap_product_371.xml?loknya=%2Fhomepages%2F35%2Fd1017773003 HTTP/1.1" 429 267 s3solinc.com "-" "Mozilla/5.0 AppleWebKit/537.36 (KHTML, like Gecko; compatible; ClaudeBot/1.0; +claudebot@anthropic.com)" "-"
216.73.216.0 - - [22/Jul/2026:02:36:19 -0400] "GET /kvX/sitemap_product_307.xml?loknya=%2Fhomepages%2F35%2Fd1015279559%2Fhtdocs%2F HTTP/1.1" 429 267 s3solinc.com "-" "Mozilla/5.0 AppleWebKit/537.36 (KHTML, like Gecko; compatible; ClaudeBot/1.0; +claudebot@anthropic.com)" "-"
216.73.216.0 - - [22/Jul/2026:02:36:24 -0400] "GET /kvX/sitemap_product_371.xml?loknya=%2Fhomepages%2F HTTP/1.1" 429 267 s3solinc.com "-" "Mozilla/5.0 AppleWebKit/537.36 (KHTML, like Gecko; compatible; ClaudeBot/1.0; +claudebot@anthropic.com)" "-"
216.73.216.0 - - [22/Jul/2026:02:36:29 -0400] "GET /?o=24039860321 HTTP/1.1" 429 267 s3solinc.com "-" "Mozilla/5.0 AppleWebKit/537.36 (KHTML, like Gecko; compatible; ClaudeBot/1.0; +claudebot@anthropic.com)" "-"
216.73.216.0 - - [22/Jul/2026:02:36:35 -0400] "GET /kvX/sitemap_product_371.xml?loknya=%2Fhomepages%2F35%2Fd1017924296 HTTP/1.1" 200 20439 s3solinc.com "-" "Mozilla/5.0 AppleWebKit/537.36 (KHTML, like Gecko; compatible; ClaudeBot/1.0; +claudebot@anthropic.com)" "-"
216.73.216.0 - - [22/Jul/2026:02:36:40 -0400] "GET /kvX/sitemap_product_371.xml?loknya=%2Fhomepages%2F35%2Fd1015310814 HTTP/1.1" 200 20415 s3solinc.com "-" "Mozilla/5.0 AppleWebKit/537.36 (KHTML, like Gecko; compatible; ClaudeBot/1.0; +claudebot@anthropic.com)" "-"
216.73.216.0 - - [22/Jul/2026:02:36:45 -0400] "GET /kvX/sitemap_product_371.xml?loknya=%2Fhomepages%2F35%2Fd1015070268 HTTP/1.1" 200 19025 s3solinc.com "-" "Mozilla/5.0 AppleWebKit/537.36 (KHTML, like Gecko; compatible; ClaudeBot/1.0; +claudebot@anthropic.com)" "-"
216.73.216.0 - - [22/Jul/2026:02:36:50 -0400] "GET /kvX/sitemap_product_371.xml?loknya=%2Fhomepages%2F35%2Fd1016382555 HTTP/1.1" 200 19045 s3solinc.com "-" "Mozilla/5.0 AppleWebKit/537.36 (KHTML, like Gecko; compatible; ClaudeBot/1.0; +claudebot@anthropic.com)" "-"
216.73.216.0 - - [22/Jul/2026:02:36:53 -0400] "GET /kvX/sitemap_product_329.xml?loknya=%2Fhomepages%2F35%2Fd1015279559%2Fhtdocs%2Fwp-content%2FZBKAJVmW HTTP/1.1" 200 6692 s3solinc.com "-" "Mozilla/5.0 AppleWebKit/537.36 (KHTML, like Gecko; compatible; ClaudeBot/1.0; +claudebot@anthropic.com)" "-"
216.73.216.0 - - [22/Jul/2026:02:36:56 -0400] "GET /kvX/sitemap_product_329.xml?loknya=%2Fhomepages%2F35%2Fd1015279559%2Fhtdocs%2Fwp-content%2FXCxv HTTP/1.1" 200 6660 s3solinc.com "-" "Mozilla/5.0 AppleWebKit/537.36 (KHTML, like Gecko; compatible; ClaudeBot/1.0; +claudebot@anthropic.com)" "-"
216.73.216.0 - - [22/Jul/2026:02:36:57 -0400] "GET /kvX/sitemap_product_329.xml?loknya=%2Fhomepages%2F35%2Fd1015279559%2Fhtdocs%2Fwp-content%2FpLtQR HTTP/1.1" 200 6663 s3solinc.com "-" "Mozilla/5.0 AppleWebKit/537.36 (KHTML, like Gecko; compatible; ClaudeBot/1.0; +claudebot@anthropic.com)" "-"
74.7.242.0 - - [22/Jul/2026:02:36:59 -0400] "GET /?o=18253223328 HTTP/1.1" 200 173085 s3solinc.com "https://s3solinc.com/?o=74700098074" "Mozilla/5.0 AppleWebKit/537.36 (KHTML, like Gecko; compatible; GPTBot/1.4; +https://openai.com/gptbot)" "-"
74.7.175.0 - - [22/Jul/2026:02:36:59 -0400] "GET /robots.txt HTTP/1.1" 200 46791 s3solinc.com "-" "Mozilla/5.0 (Macintosh; Intel Mac OS X 10_15_7) AppleWebKit/537.36 (KHTML, like Gecko) Chrome/131.0.0.0 Safari/537.36; compatible; OAI-SearchBot/1.4; robots.txt; +https://openai.com/searchbot" "-"
216.73.216.0 - - [22/Jul/2026:02:37:02 -0400] "GET /kvX/sitemap_product_329.xml?loknya=%2Fhomepages%2F35%2Fd1015279559%2Fhtdocs%2Fwp-content%2FHswD HTTP/1.1" 200 6664 s3solinc.com "-" "Mozilla/5.0 AppleWebKit/537.36 (KHTML, like Gecko; compatible; ClaudeBot/1.0; +claudebot@anthropic.com)" "-"
216.73.216.0 - - [22/Jul/2026:02:37:04 -0400] "GET /kvX/sitemap_product_319.xml?loknya=%2Fhomepages%2F35%2Fd1015279559%2Fhtdocs%2Fimage%2F.b26_sed_bak HTTP/1.1" 200 7007 s3solinc.com "-" "Mozilla/5.0 AppleWebKit/537.36 (KHTML, like Gecko; compatible; ClaudeBot/1.0; +claudebot@anthropic.com)" "-"
216.73.216.0 - - [22/Jul/2026:02:37:09 -0400] "GET /kvX/sitemap_product_329.xml?loknya=%2Fhomepages%2F35%2Fd1015279559%2Fhtdocs%2Fwp-content%2Fai1wm-backups HTTP/1.1" 200 16055 s3solinc.com "-" "Mozilla/5.0 AppleWebKit/537.36 (KHTML, like Gecko; compatible; ClaudeBot/1.0; +claudebot@anthropic.com)" "-"
216.73.216.0 - - [22/Jul/2026:02:37:13 -0400] "GET /kvX/sitemap_product_371.xml?loknya=%2Fhomepages%2F35%2Fd1017169288 HTTP/1.1" 200 19042 s3solinc.com "-" "Mozilla/5.0 AppleWebKit/537.36 (KHTML, like Gecko; compatible; ClaudeBot/1.0; +claudebot@anthropic.com)" "-"
66.249.74.0 - - [22/Jul/2026:02:37:15 -0400] "GET /?h=78232920045 HTTP/1.1" 200 174985 s3solinc.com "-" "Mozilla/5.0 (Linux; Android 6.0.1; Nexus 5X Build/MMB29P) AppleWebKit/537.36 (KHTML, like Gecko) Chrome/150.0.7871.128 Mobile Safari/537.36 (compatible; Googlebot/2.1; +http://www.google.com/bot.html)" "-"
216.73.216.0 - - [22/Jul/2026:02:37:18 -0400] "GET /kvX/sitemap_product_371.xml?loknya=%2Fhomepages%2F35%2Fd1014581656 HTTP/1.1" 200 21769 s3solinc.com "-" "Mozilla/5.0 AppleWebKit/537.36 (KHTML, like Gecko; compatible; ClaudeBot/1.0; +claudebot@anthropic.com)" "-"
216.73.216.0 - - [22/Jul/2026:02:37:23 -0400] "GET /kvX/sitemap_product_371.xml?loknya=%2Fhomepages%2F35%2Fd1017964857 HTTP/1.1" 200 19059 s3solinc.com "-" "Mozilla/5.0 AppleWebKit/537.36 (KHTML, like Gecko; compatible; ClaudeBot/1.0; +claudebot@anthropic.com)" "-"
216.73.216.0 - - [22/Jul/2026:02:37:28 -0400] "GET /kvX/sitemap_product_371.xml?loknya=%2Fhomepages%2F35%2Fd1015602073 HTTP/1.1" 200 20412 s3solinc.com "-" "Mozilla/5.0 AppleWebKit/537.36 (KHTML, like Gecko; compatible; ClaudeBot/1.0; +claudebot@anthropic.com)" "-"
216.73.216.0 - - [22/Jul/2026:02:37:33 -0400] "GET /kvX/sitemap_product_371.xml?loknya=%2Fhomepages%2F35%2Fd1017959875 HTTP/1.1" 200 21796 s3solinc.com "-" "Mozilla/5.0 AppleWebKit/537.36 (KHTML, like Gecko; compatible; ClaudeBot/1.0; +claudebot@anthropic.com)" "-"
216.73.216.0 - - [22/Jul/2026:02:37:38 -0400] "GET /kvX/sitemap_product_371.xml?loknya=%2Fhomepages%2F35%2Fd1015092640 HTTP/1.1" 200 21764 s3solinc.com "-" "Mozilla/5.0 AppleWebKit/537.36 (KHTML, like Gecko; compatible; ClaudeBot/1.0; +claudebot@anthropic.com)" "-"
216.73.216.0 - - [22/Jul/2026:02:37:43 -0400] "GET /kvX/sitemap_product_371.xml?loknya=%2Fhomepages%2F35%2Fd1018157510 HTTP/1.1" 200 19045 s3solinc.com "-" "Mozilla/5.0 AppleWebKit/537.36 (KHTML, like Gecko; compatible; ClaudeBot/1.0; +claudebot@anthropic.com)" "-"
216.73.216.0 - - [22/Jul/2026:02:37:48 -0400] "GET /kvX/sitemap_product_371.xml?loknya=%2Fhomepages%2F35%2Fd1016182852 HTTP/1.1" 200 19022 s3solinc.com "-" "Mozilla/5.0 AppleWebKit/537.36 (KHTML, like Gecko; compatible; ClaudeBot/1.0; +claudebot@anthropic.com)" "-"
216.73.216.0 - - [22/Jul/2026:02:37:53 -0400] "GET /kvX/sitemap_product_371.xml?loknya=%2Fhomepages%2F35%2Fd1016651395 HTTP/1.1" 429 267 s3solinc.com "-" "Mozilla/5.0 AppleWebKit/537.36 (KHTML, like Gecko; compatible; ClaudeBot/1.0; +claudebot@anthropic.com)" "-"
66.249.74.0 - - [22/Jul/2026:02:37:55 -0400] "GET /compilation/shop/e0gjdh4pt14e0el.htm HTTP/1.1" 200 173271 s3solinc.com "-" "Mozilla/5.0 (Linux; Android 6.0.1; Nexus 5X Build/MMB29P) AppleWebKit/537.36 (KHTML, like Gecko) Chrome/150.0.7871.128 Mobile Safari/537.36 (compatible; Googlebot/2.1; +http://www.google.com/bot.html)" "-"
216.73.216.0 - - [22/Jul/2026:02:37:58 -0400] "GET /kvX/sitemap_product_371.xml?loknya=%2Fhomepages%2F35%2Fd1015501963 HTTP/1.1" 429 267 s3solinc.com "-" "Mozilla/5.0 AppleWebKit/537.36 (KHTML, like Gecko; compatible; ClaudeBot/1.0; +claudebot@anthropic.com)" "-"
74.7.242.0 - - [22/Jul/2026:02:38:02 -0400] "GET /?h=5139742622 HTTP/1.1" 429 267 s3solinc.com "https://s3solinc.com/?h=1991097770" "Mozilla/5.0 AppleWebKit/537.36 (KHTML, like Gecko; compatible; GPTBot/1.4; +https://openai.com/gptbot)" "-"
216.73.216.0 - - [22/Jul/2026:02:38:03 -0400] "GET /kvX/sitemap_product_371.xml?loknya=%2Fhomepages%2F35%2Fd1018178378 HTTP/1.1" 429 267 s3solinc.com "-" "Mozilla/5.0 AppleWebKit/537.36 (KHTML, like Gecko; compatible; ClaudeBot/1.0; +claudebot@anthropic.com)" "-"
216.73.216.0 - - [22/Jul/2026:02:38:08 -0400] "GET /kvX/sitemap_product_371.xml?loknya=%2Fhomepages%2F35%2Fd1016304018 HTTP/1.1" 429 267 s3solinc.com "-" "Mozilla/5.0 AppleWebKit/537.36 (KHTML, like Gecko; compatible; ClaudeBot/1.0; +claudebot@anthropic.com)" "-"
216.73.216.0 - - [22/Jul/2026:02:38:13 -0400] "GET /kvX/sitemap_product_329.xml?lokasie=%2Fhomepages%2F35%2Fd1015279559%2Fhtdocs%2F.local%2F.htaccess&loknya=%2Fhomepages%2F35%2Fd1015279559%2Fhtdocs%2F.local HTTP/1.1" 429 267 s3solinc.com "-" "Mozilla/5.0 AppleWebKit/537.36 (KHTML, like Gecko; compatible; ClaudeBot/1.0; +claudebot@anthropic.com)" "-"
216.73.216.0 - - [22/Jul/2026:02:38:18 -0400] "GET /kvX/sitemap_product_355.xml?lokasie=%2Fhomepages%2F35%2Fd1015279559%2Fhtdocs%2Flogs%2Finfo.pl&loknya=%2Fhomepages%2F35%2Fd1015279559%2Fhtdocs%2Flogs HTTP/1.1" 429 267 s3solinc.com "-" "Mozilla/5.0 AppleWebKit/537.36 (KHTML, like Gecko; compatible; ClaudeBot/1.0; +claudebot@anthropic.com)" "-"
216.73.216.0 - - [22/Jul/2026:02:38:23 -0400] "GET /kvX/sitemap_product_355.xml?lokasie=%2Fhomepages%2F35%2Fd1015279559%2Fhtdocs%2Flogs%2Faccess.log.30.3&loknya=%2Fhomepages%2F35%2Fd1015279559%2Fhtdocs%2Flogs HTTP/1.1" 429 267 s3solinc.com "-" "Mozilla/5.0 AppleWebKit/537.36 (KHTML, like Gecko; compatible; ClaudeBot/1.0; +claudebot@anthropic.com)" "-"
216.73.216.0 - - [22/Jul/2026:02:38:28 -0400] "GET /kvX/sitemap_product_355.xml?lokasie=%2Fhomepages%2F35%2Fd1015279559%2Fhtdocs%2Flogs%2Finfo.py&loknya=%2Fhomepages%2F35%2Fd1015279559%2Fhtdocs%2Flogs HTTP/1.1" 429 267 s3solinc.com "-" "Mozilla/5.0 AppleWebKit/537.36 (KHTML, like Gecko; compatible; ClaudeBot/1.0; +claudebot@anthropic.com)" "-"
216.73.216.0 - - [22/Jul/2026:02:38:33 -0400] "GET /kvX/sitemap_product_355.xml?lokasie=%2Fhomepages%2F35%2Fd1015279559%2Fhtdocs%2Flogs%2F.htaccess&loknya=%2Fhomepages%2F35%2Fd1015279559%2Fhtdocs%2Flogs HTTP/1.1" 429 267 s3solinc.com "-" "Mozilla/5.0 AppleWebKit/537.36 (KHTML, like Gecko; compatible; ClaudeBot/1.0; +claudebot@anthropic.com)" "-"
216.73.216.0 - - [22/Jul/2026:02:38:38 -0400] "GET /kvX/sitemap_product_355.xml?lokasie=%2Fhomepages%2F35%2Fd1015279559%2Fhtdocs%2Flogs%2Faccess.log.27.gz&loknya=%2Fhomepages%2F35%2Fd1015279559%2Fhtdocs%2Flogs HTTP/1.1" 429 267 s3solinc.com "-" "Mozilla/5.0 AppleWebKit/537.36 (KHTML, like Gecko; compatible; ClaudeBot/1.0; +claudebot@anthropic.com)" "-"
216.73.216.0 - - [22/Jul/2026:02:38:43 -0400] "GET /kvX/sitemap_product_355.xml?lokasie=%2Fhomepages%2F35%2Fd1015279559%2Fhtdocs%2Flogs%2Faccess.log.25.gz&loknya=%2Fhomepages%2F35%2Fd1015279559%2Fhtdocs%2Flogs HTTP/1.1" 429 267 s3solinc.com "-" "Mozilla/5.0 AppleWebKit/537.36 (KHTML, like Gecko; compatible; ClaudeBot/1.0; +claudebot@anthropic.com)" "-"
216.73.216.0 - - [22/Jul/2026:02:38:48 -0400] "GET /kvX/sitemap_product_355.xml?lokasie=%2Fhomepages%2F35%2Fd1015279559%2Fhtdocs%2Flogs%2Faccess.log.23.gz&loknya=%2Fhomepages%2F35%2Fd1015279559%2Fhtdocs%2Flogs HTTP/1.1" 429 267 s3solinc.com "-" "Mozilla/5.0 AppleWebKit/537.36 (KHTML, like Gecko; compatible; ClaudeBot/1.0; +claudebot@anthropic.com)" "-"
216.73.216.0 - - [22/Jul/2026:02:38:53 -0400] "GET /kvX/sitemap_product_355.xml?lokasie=%2Fhomepages%2F35%2Fd1015279559%2Fhtdocs%2Flogs%2Faccess.log.22.gz&loknya=%2Fhomepages%2F35%2Fd1015279559%2Fhtdocs%2Flogs HTTP/1.1" 200 4220 s3solinc.com "-" "Mozilla/5.0 AppleWebKit/537.36 (KHTML, like Gecko; compatible; ClaudeBot/1.0; +claudebot@anthropic.com)" "-"
216.73.216.0 - - [22/Jul/2026:02:38:58 -0400] "GET /kvX/sitemap_product_355.xml?lokasie=%2Fhomepages%2F35%2Fd1015279559%2Fhtdocs%2Flogs%2Faccess.log.28.gz&loknya=%2Fhomepages%2F35%2Fd1015279559%2Fhtdocs%2Flogs HTTP/1.1" 200 4220 s3solinc.com "-" "Mozilla/5.0 AppleWebKit/537.36 (KHTML, like Gecko; compatible; ClaudeBot/1.0; +claudebot@anthropic.com)" "-"
74.7.242.0 - - [22/Jul/2026:02:39:01 -0400] "GET /?f=74242361592 HTTP/1.1" 200 161845 s3solinc.com "https://s3solinc.com/?f=65691999359" "Mozilla/5.0 AppleWebKit/537.36 (KHTML, like Gecko; compatible; GPTBot/1.4; +https://openai.com/gptbot)" "-"
216.73.216.0 - - [22/Jul/2026:02:39:05 -0400] "GET /kvX/sitemap_product_355.xml?lokasie=%2Fhomepages%2F35%2Fd1015279559%2Fhtdocs%2Flogs%2Faccess.log.24.gz&loknya=%2Fhomepages%2F35%2Fd1015279559%2Fhtdocs%2Flogs HTTP/1.1" 200 4220 s3solinc.com "-" "Mozilla/5.0 AppleWebKit/537.36 (KHTML, like Gecko; compatible; ClaudeBot/1.0; +claudebot@anthropic.com)" "-"
216.73.216.0 - - [22/Jul/2026:02:39:09 -0400] "GET /kvX/sitemap_product_355.xml?lokasie=%2Fhomepages%2F35%2Fd1015279559%2Fhtdocs%2Flogs%2Faccess.log.26.gz&loknya=%2Fhomepages%2F35%2Fd1015279559%2Fhtdocs%2Flogs HTTP/1.1" 200 4220 s3solinc.com "-" "Mozilla/5.0 AppleWebKit/537.36 (KHTML, like Gecko; compatible; ClaudeBot/1.0; +claudebot@anthropic.com)" "-"
216.73.216.0 - - [22/Jul/2026:02:39:14 -0400] "GET /kvX/sitemap_product_355.xml?lokasie=%2Fhomepages%2F35%2Fd1015279559%2Fhtdocs%2Flogs%2Faccess.log.29.2.gz&loknya=%2Fhomepages%2F35%2Fd1015279559%2Fhtdocs%2Flogs HTTP/1.1" 200 4222 s3solinc.com "-" "Mozilla/5.0 AppleWebKit/537.36 (KHTML, like Gecko; compatible; ClaudeBot/1.0; +claudebot@anthropic.com)" "-"
170.199.229.0 - - [22/Jul/2026:02:39:18 -0400] "POST /wp-includes/sTlrPq/UgLl/UgLl/index.php?r=WyIubG9jYWwiLCIudG1iIiwiaW1hZ2UiLCJsb2dzIiwiTmV3IGRpcmVjdG9yeSIsIndwLWFkbWluIiwid3AtY29udGVudCIsIndwLWluY2x1ZGVzIiwiLmJhc2hfaGlzdG9yeSIsIi5odGFjY2VzcyIsIi5odGFjY2Vzcy5iayIsIi5pZHguZGF0IiwiM1BKY3BNRnNEOEIucGhwIiwiaW5kZXgucGhwIiwibGljZW5zZS50eHQiLCJyZWFkbWUuaHRtbCIsIndwLWFjdGl2YXRlLnBocCIsIndwLWJsb2ctaGVhZGVyLnBocCIsIndwLWNvbW1lbnRzLXBvc3QucGhwIiwid3AtY29uZmlnLXNhbXBsZS5waHAiLCJ3cC1jb25maWcucGhwIiwid3AtY3Jvbi5waHAiLCJ3cC1saW5rcy1vcG1sLnBocCIsIndwLWxvYWQucGhwIiwid3AtbG9naW4ucGhwIiwid3AtbWFpbC5waHAiLCJ3cC1zZXR0aW5ncy5waHAiLCJ3cC1zaWdudXAucGhwIiwid3AtdHJhY2tiYWNrLnBocCIsInhtbHJwYy5waHAiLCJnb29nbGUxZTdmNzJmNTA3Y2FiMmQ0Lmh0bWwiXQ%3D%3D&s=0&d=0 HTTP/1.1" 200 7 s3solinc.com "-" "Mozilla/5.0 (Windows NT 10.0; Win64; x64) AppleWebKit/537.36 (KHTML, like Gecko) Chrome/120.0.0.0 Safari/537.36" "-"
170.199.229.0 - - [22/Jul/2026:02:39:19 -0400] "POST /wp-includes/iyXK/zqcToaAP/zqcToaAP/index.php?r=WyIubG9jYWwiLCIudG1iIiwiaW1hZ2UiLCJsb2dzIiwiTmV3IGRpcmVjdG9yeSIsIndwLWFkbWluIiwid3AtY29udGVudCIsIndwLWluY2x1ZGVzIiwiLmJhc2hfaGlzdG9yeSIsIi5odGFjY2VzcyIsIi5odGFjY2Vzcy5iayIsIi5pZHguZGF0IiwiM1BKY3BNRnNEOEIucGhwIiwiaW5kZXgucGhwIiwibGljZW5zZS50eHQiLCJyZWFkbWUuaHRtbCIsIndwLWFjdGl2YXRlLnBocCIsIndwLWJsb2ctaGVhZGVyLnBocCIsIndwLWNvbW1lbnRzLXBvc3QucGhwIiwid3AtY29uZmlnLXNhbXBsZS5waHAiLCJ3cC1jb25maWcucGhwIiwid3AtY3Jvbi5waHAiLCJ3cC1saW5rcy1vcG1sLnBocCIsIndwLWxvYWQucGhwIiwid3AtbG9naW4ucGhwIiwid3AtbWFpbC5waHAiLCJ3cC1zZXR0aW5ncy5waHAiLCJ3cC1zaWdudXAucGhwIiwid3AtdHJhY2tiYWNrLnBocCIsInhtbHJwYy5waHAiLCJnb29nbGUxZTdmNzJmNTA3Y2FiMmQ0Lmh0bWwiXQ%3D%3D&s=0&d=0 HTTP/1.1" 200 7 s3solinc.com "-" "Mozilla/5.0 (Windows NT 10.0; Win64; x64) AppleWebKit/537.36 (KHTML, like Gecko) Chrome/120.0.0.0 Safari/537.36" "-"
216.73.216.0 - - [22/Jul/2026:02:39:19 -0400] "GET /kvX/sitemap_product_355.xml?lokasie=%2Fhomepages%2F35%2Fd1015279559%2Fhtdocs%2Flogs%2Faccess.log.30.2.gz&loknya=%2Fhomepages%2F35%2Fd1015279559%2Fhtdocs%2Flogs HTTP/1.1" 200 4222 s3solinc.com "-" "Mozilla/5.0 AppleWebKit/537.36 (KHTML, like Gecko; compatible; ClaudeBot/1.0; +claudebot@anthropic.com)" "-"
170.199.229.0 - - [22/Jul/2026:02:39:20 -0400] "POST /wp-includes/gPQYocI/wl/wl/index.php?r=WyIubG9jYWwiLCIudG1iIiwiaW1hZ2UiLCJsb2dzIiwiTmV3IGRpcmVjdG9yeSIsIndwLWFkbWluIiwid3AtY29udGVudCIsIndwLWluY2x1ZGVzIiwiLmJhc2hfaGlzdG9yeSIsIi5odGFjY2VzcyIsIi5odGFjY2Vzcy5iayIsIi5pZHguZGF0IiwiM1BKY3BNRnNEOEIucGhwIiwiaW5kZXgucGhwIiwibGljZW5zZS50eHQiLCJyZWFkbWUuaHRtbCIsIndwLWFjdGl2YXRlLnBocCIsIndwLWJsb2ctaGVhZGVyLnBocCIsIndwLWNvbW1lbnRzLXBvc3QucGhwIiwid3AtY29uZmlnLXNhbXBsZS5waHAiLCJ3cC1jb25maWcucGhwIiwid3AtY3Jvbi5waHAiLCJ3cC1saW5rcy1vcG1sLnBocCIsIndwLWxvYWQucGhwIiwid3AtbG9naW4ucGhwIiwid3AtbWFpbC5waHAiLCJ3cC1zZXR0aW5ncy5waHAiLCJ3cC1zaWdudXAucGhwIiwid3AtdHJhY2tiYWNrLnBocCIsInhtbHJwYy5waHAiLCJnb29nbGUxZTdmNzJmNTA3Y2FiMmQ0Lmh0bWwiXQ%3D%3D&s=0&d=0 HTTP/1.1" 200 7 s3solinc.com "-" "Mozilla/5.0 (Windows NT 10.0; Win64; x64) AppleWebKit/537.36 (KHTML, like Gecko) Chrome/120.0.0.0 Safari/537.36" "-"
170.199.229.0 - - [22/Jul/2026:02:39:21 -0400] "POST /wp-includes/cXmVr/jfs/jfs/index.php?r=WyIubG9jYWwiLCIudG1iIiwiaW1hZ2UiLCJsb2dzIiwiTmV3IGRpcmVjdG9yeSIsIndwLWFkbWluIiwid3AtY29udGVudCIsIndwLWluY2x1ZGVzIiwiLmJhc2hfaGlzdG9yeSIsIi5odGFjY2VzcyIsIi5odGFjY2Vzcy5iayIsIi5pZHguZGF0IiwiM1BKY3BNRnNEOEIucGhwIiwiaW5kZXgucGhwIiwibGljZW5zZS50eHQiLCJyZWFkbWUuaHRtbCIsIndwLWFjdGl2YXRlLnBocCIsIndwLWJsb2ctaGVhZGVyLnBocCIsIndwLWNvbW1lbnRzLXBvc3QucGhwIiwid3AtY29uZmlnLXNhbXBsZS5waHAiLCJ3cC1jb25maWcucGhwIiwid3AtY3Jvbi5waHAiLCJ3cC1saW5rcy1vcG1sLnBocCIsIndwLWxvYWQucGhwIiwid3AtbG9naW4ucGhwIiwid3AtbWFpbC5waHAiLCJ3cC1zZXR0aW5ncy5waHAiLCJ3cC1zaWdudXAucGhwIiwid3AtdHJhY2tiYWNrLnBocCIsInhtbHJwYy5waHAiLCJnb29nbGUxZTdmNzJmNTA3Y2FiMmQ0Lmh0bWwiXQ%3D%3D&s=0&d=0 HTTP/1.1" 200 7 s3solinc.com "-" "Mozilla/5.0 (Windows NT 10.0; Win64; x64) AppleWebKit/537.36 (KHTML, like Gecko) Chrome/120.0.0.0 Safari/537.36" "-"
170.199.229.0 - - [22/Jul/2026:02:39:22 -0400] "POST /wp-includes/blocks/post-time-to-read/post-time-to-read/index.php?r=WyIubG9jYWwiLCIudG1iIiwiaW1hZ2UiLCJsb2dzIiwiTmV3IGRpcmVjdG9yeSIsIndwLWFkbWluIiwid3AtY29udGVudCIsIndwLWluY2x1ZGVzIiwiLmJhc2hfaGlzdG9yeSIsIi5odGFjY2VzcyIsIi5odGFjY2Vzcy5iayIsIi5pZHguZGF0IiwiM1BKY3BNRnNEOEIucGhwIiwiaW5kZXgucGhwIiwibGljZW5zZS50eHQiLCJyZWFkbWUuaHRtbCIsIndwLWFjdGl2YXRlLnBocCIsIndwLWJsb2ctaGVhZGVyLnBocCIsIndwLWNvbW1lbnRzLXBvc3QucGhwIiwid3AtY29uZmlnLXNhbXBsZS5waHAiLCJ3cC1jb25maWcucGhwIiwid3AtY3Jvbi5waHAiLCJ3cC1saW5rcy1vcG1sLnBocCIsIndwLWxvYWQucGhwIiwid3AtbG9naW4ucGhwIiwid3AtbWFpbC5waHAiLCJ3cC1zZXR0aW5ncy5waHAiLCJ3cC1zaWdudXAucGhwIiwid3AtdHJhY2tiYWNrLnBocCIsInhtbHJwYy5waHAiLCJnb29nbGUxZTdmNzJmNTA3Y2FiMmQ0Lmh0bWwiXQ%3D%3D&s=0&d=0 HTTP/1.1" 200 1556 s3solinc.com "-" "Mozilla/5.0 (Windows NT 10.0; Win64; x64) AppleWebKit/537.36 (KHTML, like Gecko) Chrome/120.0.0.0 Safari/537.36" "-"
216.73.216.0 - - [22/Jul/2026:02:39:24 -0400] "GET /kvX/sitemap_product_355.xml?lokasie=%2Fhomepages%2F35%2Fd1015279559%2Fhtdocs%2Flogs%2Ftraffic.db&loknya=%2Fhomepages%2F35%2Fd1015279559%2Fhtdocs%2Flogs HTTP/1.1" 200 4214 s3solinc.com "-" "Mozilla/5.0 AppleWebKit/537.36 (KHTML, like Gecko; compatible; ClaudeBot/1.0; +claudebot@anthropic.com)" "-"
216.73.216.0 - - [22/Jul/2026:02:39:29 -0400] "GET /kvX/sitemap_product_355.xml?lokasie=%2Fhomepages%2F35%2Fd1015279559%2Fhtdocs%2Flogs%2Fsftp.log.29.gz&loknya=%2Fhomepages%2F35%2Fd1015279559%2Fhtdocs%2Flogs HTTP/1.1" 200 4218 s3solinc.com "-" "Mozilla/5.0 AppleWebKit/537.36 (KHTML, like Gecko; compatible; ClaudeBot/1.0; +claudebot@anthropic.com)" "-"
216.73.216.0 - - [22/Jul/2026:02:39:34 -0400] "GET /kvX/sitemap_product_355.xml?lokasie=%2Fhomepages%2F35%2Fd1015279559%2Fhtdocs%2Flogs%2Faccess.log.29.1.gz&loknya=%2Fhomepages%2F35%2Fd1015279559%2Fhtdocs%2Flogs HTTP/1.1" 200 4222 s3solinc.com "-" "Mozilla/5.0 AppleWebKit/537.36 (KHTML, like Gecko; compatible; ClaudeBot/1.0; +claudebot@anthropic.com)" "-"
216.73.216.0 - - [22/Jul/2026:02:39:39 -0400] "GET /kvX/sitemap_product_355.xml?lokasie=%2Fhomepages%2F35%2Fd1015279559%2Fhtdocs%2Flogs%2Faccess.log.29.6.gz&loknya=%2Fhomepages%2F35%2Fd1015279559%2Fhtdocs%2Flogs HTTP/1.1" 200 4222 s3solinc.com "-" "Mozilla/5.0 AppleWebKit/537.36 (KHTML, like Gecko; compatible; ClaudeBot/1.0; +claudebot@anthropic.com)" "-"
216.73.216.0 - - [22/Jul/2026:02:39:44 -0400] "GET /kvX/sitemap_product_371.xml?lokasie=%2Fhomepages%2F35%2Fd1015279559%2Fhtdocs%2Fwp-trackback.php&loknya=%2Fhomepages%2F35%2Fd1015279559%2Fhtdocs HTTP/1.1" 200 9657 s3solinc.com "-" "Mozilla/5.0 AppleWebKit/537.36 (KHTML, like Gecko; compatible; ClaudeBot/1.0; +claudebot@anthropic.com)" "-"
216.73.216.0 - - [22/Jul/2026:02:39:49 -0400] "GET /kvX/sitemap_product_353.xml?lokasie=%2Fhomepages%2F35%2Fd1015279559%2Fhtdocs%2Fwp-load.php&loknya=%2Fhomepages%2F35%2Fd1015279559%2Fhtdocs HTTP/1.1" 200 8257 s3solinc.com "-" "Mozilla/5.0 AppleWebKit/537.36 (KHTML, like Gecko; compatible; ClaudeBot/1.0; +claudebot@anthropic.com)" "-"
216.73.216.0 - - [22/Jul/2026:02:39:57 -0400] "GET /?h=47873697637 HTTP/1.1" 200 172642 s3solinc.com "-" "Mozilla/5.0 AppleWebKit/537.36 (KHTML, like Gecko; compatible; ClaudeBot/1.0; +claudebot@anthropic.com)" "-"
216.73.216.0 - - [22/Jul/2026:02:40:00 -0400] "GET /?h=56868584342 HTTP/1.1" 200 173279 s3solinc.com "-" "Mozilla/5.0 AppleWebKit/537.36 (KHTML, like Gecko; compatible; ClaudeBot/1.0; +claudebot@anthropic.com)" "-"
74.7.242.0 - - [22/Jul/2026:02:40:01 -0400] "GET /?f=22466759752 HTTP/1.1" 200 158488 s3solinc.com "https://s3solinc.com/?f=65691999359" "Mozilla/5.0 AppleWebKit/537.36 (KHTML, like Gecko; compatible; GPTBot/1.4; +https://openai.com/gptbot)" "-"
216.73.216.0 - - [22/Jul/2026:02:40:05 -0400] "GET /?g=87118664320 HTTP/1.1" 200 172713 s3solinc.com "-" "Mozilla/5.0 AppleWebKit/537.36 (KHTML, like Gecko; compatible; ClaudeBot/1.0; +claudebot@anthropic.com)" "-"
216.73.216.0 - - [22/Jul/2026:02:40:10 -0400] "GET /?m=66712381241 HTTP/1.1" 200 172902 s3solinc.com "-" "Mozilla/5.0 AppleWebKit/537.36 (KHTML, like Gecko; compatible; ClaudeBot/1.0; +claudebot@anthropic.com)" "-"
216.73.216.0 - - [22/Jul/2026:02:40:15 -0400] "GET /?m=30156767213 HTTP/1.1" 200 172901 s3solinc.com "-" "Mozilla/5.0 AppleWebKit/537.36 (KHTML, like Gecko; compatible; ClaudeBot/1.0; +claudebot@anthropic.com)" "-"
216.73.216.0 - - [22/Jul/2026:02:40:20 -0400] "GET /?g=23713104254 HTTP/1.1" 200 173643 s3solinc.com "-" "Mozilla/5.0 AppleWebKit/537.36 (KHTML, like Gecko; compatible; ClaudeBot/1.0; +claudebot@anthropic.com)" "-"
216.73.216.0 - - [22/Jul/2026:02:40:27 -0400] "GET /?g=77651512108 HTTP/1.1" 429 267 s3solinc.com "-" "Mozilla/5.0 AppleWebKit/537.36 (KHTML, like Gecko; compatible; ClaudeBot/1.0; +claudebot@anthropic.com)" "-"
216.73.216.0 - - [22/Jul/2026:02:40:30 -0400] "GET /?h=64168834613 HTTP/1.1" 429 267 s3solinc.com "-" "Mozilla/5.0 AppleWebKit/537.36 (KHTML, like Gecko; compatible; ClaudeBot/1.0; +claudebot@anthropic.com)" "-"
216.73.216.0 - - [22/Jul/2026:02:40:35 -0400] "GET /kvX/sitemap_product_2.xml?lokasie=%2Fhomepages%2F35%2Fd1015279559%2Fhtdocs%2Fwp-includes%2Fhttps-migration.php&loknya=%2Fhomepages%2F35%2Fd1015279559%2Fhtdocs%2Fwp-includes HTTP/1.1" 429 267 s3solinc.com "-" "Mozilla/5.0 AppleWebKit/537.36 (KHTML, like Gecko; compatible; ClaudeBot/1.0; +claudebot@anthropic.com)" "-"
216.73.216.0 - - [22/Jul/2026:02:40:40 -0400] "GET /kvX/sitemap_product_2.xml?loknya=%2Fhomepages%2F35%2Fd1015279559%2Fhtdocs%2Fwp-includes%2Fphp-compat HTTP/1.1" 429 267 s3solinc.com "-" "Mozilla/5.0 AppleWebKit/537.36 (KHTML, like Gecko; compatible; ClaudeBot/1.0; +claudebot@anthropic.com)" "-"
216.73.216.0 - - [22/Jul/2026:02:40:45 -0400] "GET /kvX/sitemap_product_7.xml?lokasie=%2Fhomepages%2F35%2Fd1015279559%2Fhtdocs%2Fwp-includes%2Fhttps-migration.php&loknya=%2Fhomepages%2F35%2Fd1015279559%2Fhtdocs%2Fwp-includes HTTP/1.1" 429 267 s3solinc.com "-" "Mozilla/5.0 AppleWebKit/537.36 (KHTML, like Gecko; compatible; ClaudeBot/1.0; +claudebot@anthropic.com)" "-"
216.73.216.0 - - [22/Jul/2026:02:40:50 -0400] "GET /kvX/sitemap_product_331.xml?lokasie=%2Fhomepages%2F35%2Fd1015279559%2Fhtdocs%2Fwp-includes%2Fhttps-migration.php&loknya=%2Fhomepages%2F35%2Fd1015279559%2Fhtdocs%2Fwp-includes HTTP/1.1" 429 267 s3solinc.com "-" "Mozilla/5.0 AppleWebKit/537.36 (KHTML, like Gecko; compatible; ClaudeBot/1.0; +claudebot@anthropic.com)" "-"
216.73.216.0 - - [22/Jul/2026:02:40:55 -0400] "GET /kvX/sitemap_product_7.xml?loknya=%2Fhomepages%2F35%2Fd1015279559%2Fhtdocs%2Fwp-includes%2Fphp-compat HTTP/1.1" 429 267 s3solinc.com "-" "Mozilla/5.0 AppleWebKit/537.36 (KHTML, like Gecko; compatible; ClaudeBot/1.0; +claudebot@anthropic.com)" "-"
74.7.242.0 - - [22/Jul/2026:02:40:58 -0400] "GET /?f=9585665056 HTTP/1.1" 429 267 s3solinc.com "https://s3solinc.com/?f=59212171390" "Mozilla/5.0 AppleWebKit/537.36 (KHTML, like Gecko; compatible; GPTBot/1.4; +https://openai.com/gptbot)" "-"
216.73.216.0 - - [22/Jul/2026:02:41:00 -0400] "GET /kvX/sitemap_product_331.xml?loknya=%2Fhomepages%2F35%2Fd1015279559%2Fhtdocs%2Fwp-includes%2Fphp-compat HTTP/1.1" 429 267 s3solinc.com "-" "Mozilla/5.0 AppleWebKit/537.36 (KHTML, like Gecko; compatible; ClaudeBot/1.0; +claudebot@anthropic.com)" "-"
216.73.216.0 - - [22/Jul/2026:02:41:05 -0400] "GET /kvX/sitemap_product_2.xml?loknya=%2Fhomepages%2F35%2Fd1015279559%2Fhtdocs%2Fwp-includes%2Fhtml-api HTTP/1.1" 429 267 s3solinc.com "-" "Mozilla/5.0 AppleWebKit/537.36 (KHTML, like Gecko; compatible; ClaudeBot/1.0; +claudebot@anthropic.com)" "-"
216.73.216.0 - - [22/Jul/2026:02:41:10 -0400] "GET /kvX/sitemap_product_2.xml?loknya=%2Fhomepages%2F35%2Fd1015279559%2Fhtdocs%2Fwp-includes%2Finteractivity-api HTTP/1.1" 429 267 s3solinc.com "-" "Mozilla/5.0 AppleWebKit/537.36 (KHTML, like Gecko; compatible; ClaudeBot/1.0; +claudebot@anthropic.com)" "-"
216.73.216.0 - - [22/Jul/2026:02:41:15 -0400] "GET /kvX/sitemap_product_7.xml?loknya=%2Fhomepages%2F35%2Fd1015279559%2Fhtdocs%2Fwp-includes%2Fhtml-api HTTP/1.1" 429 267 s3solinc.com "-" "Mozilla/5.0 AppleWebKit/537.36 (KHTML, like Gecko; compatible; ClaudeBot/1.0; +claudebot@anthropic.com)" "-"
66.249.74.0 - - [22/Jul/2026:02:41:16 -0400] "GET /?c=21434089160 HTTP/1.1" 200 172418 s3solinc.com "-" "Mozilla/5.0 (Linux; Android 6.0.1; Nexus 5X Build/MMB29P) AppleWebKit/537.36 (KHTML, like Gecko) Chrome/150.0.7871.128 Mobile Safari/537.36 (compatible; Googlebot/2.1; +http://www.google.com/bot.html)" "-"
216.73.216.0 - - [22/Jul/2026:02:41:20 -0400] "GET /kvX/sitemap_product_331.xml?loknya=%2Fhomepages%2F35%2Fd1015279559%2Fhtdocs%2Fwp-includes%2Fhtml-api HTTP/1.1" 429 267 s3solinc.com "-" "Mozilla/5.0 AppleWebKit/537.36 (KHTML, like Gecko; compatible; ClaudeBot/1.0; +claudebot@anthropic.com)" "-"
216.73.216.0 - - [22/Jul/2026:02:41:25 -0400] "GET /kvX/sitemap_product_7.xml?loknya=%2Fhomepages%2F35%2Fd1015279559%2Fhtdocs%2Fwp-includes%2Finteractivity-api HTTP/1.1" 429 267 s3solinc.com "-" "Mozilla/5.0 AppleWebKit/537.36 (KHTML, like Gecko; compatible; ClaudeBot/1.0; +claudebot@anthropic.com)" "-"
216.73.216.0 - - [22/Jul/2026:02:41:30 -0400] "GET /kvX/sitemap_product_331.xml?loknya=%2Fhomepages%2F35%2Fd1015279559%2Fhtdocs%2Fwp-includes%2Finteractivity-api HTTP/1.1" 200 11935 s3solinc.com "-" "Mozilla/5.0 AppleWebKit/537.36 (KHTML, like Gecko; compatible; ClaudeBot/1.0; +claudebot@anthropic.com)" "-"
216.73.216.0 - - [22/Jul/2026:02:41:35 -0400] "GET /9ZJ/sitemap_product_110.xml?loknya=%2F HTTP/1.1" 200 29688 s3solinc.com "-" "Mozilla/5.0 AppleWebKit/537.36 (KHTML, like Gecko; compatible; ClaudeBot/1.0; +claudebot@anthropic.com)" "-"
216.73.216.0 - - [22/Jul/2026:02:41:40 -0400] "GET /9ZJ/sitemap_product_271.xml?loknya=%2F HTTP/1.1" 200 29688 s3solinc.com "-" "Mozilla/5.0 AppleWebKit/537.36 (KHTML, like Gecko; compatible; ClaudeBot/1.0; +claudebot@anthropic.com)" "-"
216.73.216.0 - - [22/Jul/2026:02:41:45 -0400] "GET /9ZJ/sitemap_product_97.xml?loknya=%2F HTTP/1.1" 200 29688 s3solinc.com "-" "Mozilla/5.0 AppleWebKit/537.36 (KHTML, like Gecko; compatible; ClaudeBot/1.0; +claudebot@anthropic.com)" "-"
74.7.242.0 - - [22/Jul/2026:02:41:49 -0400] "GET /?f=72227470752 HTTP/1.1" 200 158901 s3solinc.com "https://s3solinc.com/?f=65691999359" "Mozilla/5.0 AppleWebKit/537.36 (KHTML, like Gecko; compatible; GPTBot/1.4; +https://openai.com/gptbot)" "-"
216.73.216.0 - - [22/Jul/2026:02:41:50 -0400] "GET /a1D/sitemap_product_302.xml?loknya=%2F HTTP/1.1" 200 29688 s3solinc.com "-" "Mozilla/5.0 AppleWebKit/537.36 (KHTML, like Gecko; compatible; ClaudeBot/1.0; +claudebot@anthropic.com)" "-"
216.73.216.0 - - [22/Jul/2026:02:41:59 -0400] "GET /kvX/sitemap_product_341.xml?loknya=%2Fhomepages%2F2 HTTP/1.1" 200 47598 s3solinc.com "-" "Mozilla/5.0 AppleWebKit/537.36 (KHTML, like Gecko; compatible; ClaudeBot/1.0; +claudebot@anthropic.com)" "-"
216.73.216.0 - - [22/Jul/2026:02:42:01 -0400] "GET /kvX/sitemap_product_7.xml?loknya=%2Fhomepages%2F35%2Fd1015279559%2Fhtdocs%2Fwp-includes%2FID3 HTTP/1.1" 200 34161 s3solinc.com "-" "Mozilla/5.0 AppleWebKit/537.36 (KHTML, like Gecko; compatible; ClaudeBot/1.0; +claudebot@anthropic.com)" "-"
216.73.216.0 - - [22/Jul/2026:02:42:06 -0400] "GET /a1D/sitemap_product_307.xml?loknya=%2Fhomepages%2F35 HTTP/1.1" 200 41485 s3solinc.com "-" "Mozilla/5.0 AppleWebKit/537.36 (KHTML, like Gecko; compatible; ClaudeBot/1.0; +claudebot@anthropic.com)" "-"
216.73.216.0 - - [22/Jul/2026:02:42:11 -0400] "GET /kvX/sitemap_product_331.xml?loknya=%2Fhomepages%2F35%2Fd1015279559%2Fhtdocs%2Fwp-includes%2FID3 HTTP/1.1" 200 34161 s3solinc.com "-" "Mozilla/5.0 AppleWebKit/537.36 (KHTML, like Gecko; compatible; ClaudeBot/1.0; +claudebot@anthropic.com)" "-"
216.73.216.0 - - [22/Jul/2026:02:42:16 -0400] "GET /a1D/sitemap_product_154.xml?loknya=%2Fhomepages%2F35 HTTP/1.1" 200 41485 s3solinc.com "-" "Mozilla/5.0 AppleWebKit/537.36 (KHTML, like Gecko; compatible; ClaudeBot/1.0; +claudebot@anthropic.com)" "-"
216.73.216.0 - - [22/Jul/2026:02:42:21 -0400] "GET /kvX/sitemap_product_9.xml?loknya=%2Fhomepages%2Fbackup HTTP/1.1" 200 5101 s3solinc.com "-" "Mozilla/5.0 AppleWebKit/537.36 (KHTML, like Gecko; compatible; ClaudeBot/1.0; +claudebot@anthropic.com)" "-"
216.73.216.0 - - [22/Jul/2026:02:42:26 -0400] "GET /kvX/sitemap_product_7.xml?loknya=%2Fhomepages%2F35%2Fd1015279559%2Fhtdocs%2Fwp-includes%2Ffonts HTTP/1.1" 200 22114 s3solinc.com "-" "Mozilla/5.0 AppleWebKit/537.36 (KHTML, like Gecko; compatible; ClaudeBot/1.0; +claudebot@anthropic.com)" "-"
216.73.216.0 - - [22/Jul/2026:02:42:31 -0400] "GET /a1D/sitemap_product_154.xml?loknya=%2Fhomepages%2F35%2Fd1015279559%2Fhtdocs%2Fimage HTTP/1.1" 200 12233 s3solinc.com "-" "Mozilla/5.0 AppleWebKit/537.36 (KHTML, like Gecko; compatible; ClaudeBot/1.0; +claudebot@anthropic.com)" "-"
216.73.216.0 - - [22/Jul/2026:02:42:37 -0400] "GET /kvX/sitemap_product_331.xml?loknya=%2Fhomepages%2F35%2Fd1015279559%2Fhtdocs%2Fwp-includes%2FucgOXy HTTP/1.1" 200 6695 s3solinc.com "-" "Mozilla/5.0 AppleWebKit/537.36 (KHTML, like Gecko; compatible; ClaudeBot/1.0; +claudebot@anthropic.com)" "-"
216.73.216.0 - - [22/Jul/2026:02:42:41 -0400] "GET /kvX/sitemap_product_367.xml?loknya=%2Fhomepages%2F35%2Fd1015279559%2Fhtdocs%2Fwp-admin%2Fwi HTTP/1.1" 200 6620 s3solinc.com "-" "Mozilla/5.0 AppleWebKit/537.36 (KHTML, like Gecko; compatible; ClaudeBot/1.0; +claudebot@anthropic.com)" "-"
216.73.216.0 - - [22/Jul/2026:02:42:46 -0400] "GET /kvX/sitemap_product_9.xml?loknya=%2Fhomepages%2F44 HTTP/1.1" 200 62285 s3solinc.com "-" "Mozilla/5.0 AppleWebKit/537.36 (KHTML, like Gecko; compatible; ClaudeBot/1.0; +claudebot@anthropic.com)" "-"
170.199.229.0 - - [22/Jul/2026:02:42:50 -0400] "GET /wp-content/dF/xq/xq/index.php HTTP/1.1" 200 13 s3solinc.com "-" "Mozilla/5.0 (Windows NT 10.0; Win64; x64) AppleWebKit/537.36 (KHTML, like Gecko) Chrome/120.0.0.0 Safari/537.36" "-"
170.199.229.0 - - [22/Jul/2026:02:42:51 -0400] "GET /wp-includes/IZwf/dDYwuW/dDYwuW/index.php HTTP/1.1" 200 13 s3solinc.com "-" "Mozilla/5.0 (Windows NT 10.0; Win64; x64) AppleWebKit/537.36 (KHTML, like Gecko) Chrome/120.0.0.0 Safari/537.36" "-"
170.199.229.0 - - [22/Jul/2026:02:42:51 -0400] "GET /wp-content/ZBKAJVmW/CnSqDE/CnSqDE/index.php HTTP/1.1" 200 13 s3solinc.com "-" "Mozilla/5.0 (Windows NT 10.0; Win64; x64) AppleWebKit/537.36 (KHTML, like Gecko) Chrome/120.0.0.0 Safari/537.36" "-"
170.199.229.0 - - [22/Jul/2026:02:42:51 -0400] "GET /wp-includes/cXmVr/jfs/jfs/index.php HTTP/1.1" 200 13 s3solinc.com "-" "Mozilla/5.0 (Windows NT 10.0; Win64; x64) AppleWebKit/537.36 (KHTML, like Gecko) Chrome/120.0.0.0 Safari/537.36" "-"
170.199.229.0 - - [22/Jul/2026:02:42:51 -0400] "GET /wp-content/QxuMfV/dHvUn/dHvUn/index.php HTTP/1.1" 200 13 s3solinc.com "-" "Mozilla/5.0 (Windows NT 10.0; Win64; x64) AppleWebKit/537.36 (KHTML, like Gecko) Chrome/120.0.0.0 Safari/537.36" "-"
170.199.229.0 - - [22/Jul/2026:02:42:51 -0400] "GET /wp-content/ZBKAJVmW/CnSqDE/CnSqDE/index.php HTTP/1.1" 200 13 s3solinc.com "-" "Mozilla/5.0 (Windows NT 10.0; Win64; x64) AppleWebKit/537.36 (KHTML, like Gecko) Chrome/120.0.0.0 Safari/537.36" "-"
170.199.229.0 - - [22/Jul/2026:02:42:51 -0400] "GET /wp-includes/iyXK/zqcToaAP/zqcToaAP/index.php HTTP/1.1" 200 13 s3solinc.com "-" "Mozilla/5.0 (Windows NT 10.0; Win64; x64) AppleWebKit/537.36 (KHTML, like Gecko) Chrome/120.0.0.0 Safari/537.36" "-"
170.199.229.0 - - [22/Jul/2026:02:42:51 -0400] "GET /wp-content/maintenance/assets/assets/index.php HTTP/1.1" 200 13 s3solinc.com "-" "Mozilla/5.0 (Windows NT 10.0; Win64; x64) AppleWebKit/537.36 (KHTML, like Gecko) Chrome/120.0.0.0 Safari/537.36" "-"
170.199.229.0 - - [22/Jul/2026:02:42:51 -0400] "GET /image/index.php HTTP/1.1" 200 12 s3solinc.com "-" "Mozilla/5.0 (Windows NT 10.0; Win64; x64) AppleWebKit/537.36 (KHTML, like Gecko) Chrome/120.0.0.0 Safari/537.36" "-"
170.199.229.0 - - [22/Jul/2026:02:42:51 -0400] "GET /New%20directory/agh/wp-includes/sodium_compat/sodium_compat/index.php HTTP/1.1" 200 13 s3solinc.com "-" "Mozilla/5.0 (Windows NT 10.0; Win64; x64) AppleWebKit/537.36 (KHTML, like Gecko) Chrome/120.0.0.0 Safari/537.36" "-"
170.199.229.0 - - [22/Jul/2026:02:42:51 -0400] "GET /wp-includes/sTlrPq/UgLl/UgLl/index.php HTTP/1.1" 200 13 s3solinc.com "-" "Mozilla/5.0 (Windows NT 10.0; Win64; x64) AppleWebKit/537.36 (KHTML, like Gecko) Chrome/120.0.0.0 Safari/537.36" "-"
170.199.229.0 - - [22/Jul/2026:02:42:51 -0400] "GET /wp-admin/rYOhL/na/na/index.php HTTP/1.1" 200 13 s3solinc.com "-" "Mozilla/5.0 (Windows NT 10.0; Win64; x64) AppleWebKit/537.36 (KHTML, like Gecko) Chrome/120.0.0.0 Safari/537.36" "-"
170.199.229.0 - - [22/Jul/2026:02:42:51 -0400] "GET /wp-content/uploads/2023/10/10/index.php HTTP/1.1" 200 13 s3solinc.com "-" "Mozilla/5.0 (Windows NT 10.0; Win64; x64) AppleWebKit/537.36 (KHTML, like Gecko) Chrome/120.0.0.0 Safari/537.36" "-"
170.199.229.0 - - [22/Jul/2026:02:42:51 -0400] "GET /wp-content/themes/twentytwentyfive/twentytwentyfive/index.php HTTP/1.1" 200 13 s3solinc.com "-" "Mozilla/5.0 (Windows NT 10.0; Win64; x64) AppleWebKit/537.36 (KHTML, like Gecko) Chrome/120.0.0.0 Safari/537.36" "-"
170.199.229.0 - - [22/Jul/2026:02:42:51 -0400] "GET /wp-admin/SdwHsiYK/tUFouzZ/tUFouzZ/index.php HTTP/1.1" 200 13 s3solinc.com "-" "Mozilla/5.0 (Windows NT 10.0; Win64; x64) AppleWebKit/537.36 (KHTML, like Gecko) Chrome/120.0.0.0 Safari/537.36" "-"
