216.73.216.0 - - [22/Jul/2026:02:51:25 -0400] "GET /kvX/sitemap_product_3.xml?lokasie=%2Fhomepages%2F35%2Fd1015279559%2Fhtdocs%2Fwp-admin%2Fprivacy-policy-guide.php&loknya=%2Fhomepages%2F35%2Fd1015279559%2Fhtdocs%2Fwp-admin HTTP/1.1" 429 267 s3solinc.com "-" "Mozilla/5.0 AppleWebKit/537.36 (KHTML, like Gecko; compatible; ClaudeBot/1.0; +claudebot@anthropic.com)" "-"
216.73.216.0 - - [22/Jul/2026:02:51:30 -0400] "GET /kvX/sitemap_product_365.xml?lokasie=%2Fhomepages%2F35%2Fd1015279559%2Fhtdocs%2Fwp-includes%2Fpost-formats.php&loknya=%2Fhomepages%2F35%2Fd1015279559%2Fhtdocs%2Fwp-includes HTTP/1.1" 429 267 s3solinc.com "-" "Mozilla/5.0 AppleWebKit/537.36 (KHTML, like Gecko; compatible; ClaudeBot/1.0; +claudebot@anthropic.com)" "-"
74.7.242.0 - - [22/Jul/2026:02:51:32 -0400] "GET /?f=33725585558 HTTP/1.1" 429 267 s3solinc.com "https://s3solinc.com/?f=74242361592" "Mozilla/5.0 AppleWebKit/537.36 (KHTML, like Gecko; compatible; GPTBot/1.4; +https://openai.com/gptbot)" "-"
216.73.216.0 - - [22/Jul/2026:02:51:35 -0400] "GET /kvX/sitemap_product_365.xml?lokasie=%2Fhomepages%2F35%2Fd1015279559%2Fhtdocs%2Fwp-includes%2Fclass-wp-locale.php&loknya=%2Fhomepages%2F35%2Fd1015279559%2Fhtdocs%2Fwp-includes HTTP/1.1" 429 267 s3solinc.com "-" "Mozilla/5.0 AppleWebKit/537.36 (KHTML, like Gecko; compatible; ClaudeBot/1.0; +claudebot@anthropic.com)" "-"
216.73.216.0 - - [22/Jul/2026:02:51:40 -0400] "GET /a1D/sitemap_product_154.xml?lokasie=%2Fhomepages%2F35%2Fd1015279559%2Fhtdocs%2Fwp-comments-post.php&loknya=%2Fhomepages%2F35%2Fd1015279559%2Fhtdocs HTTP/1.1" 429 267 s3solinc.com "-" "Mozilla/5.0 AppleWebKit/537.36 (KHTML, like Gecko; compatible; ClaudeBot/1.0; +claudebot@anthropic.com)" "-"
216.73.216.0 - - [22/Jul/2026:02:51:45 -0400] "GET /9ZJ/sitemap_product_214.xml?loknya=%2Fhomepages%2F35%2Fd1015279559 HTTP/1.1" 429 267 s3solinc.com "-" "Mozilla/5.0 AppleWebKit/537.36 (KHTML, like Gecko; compatible; ClaudeBot/1.0; +claudebot@anthropic.com)" "-"
216.73.216.0 - - [22/Jul/2026:02:51:50 -0400] "GET /kvX/sitemap_product_361.xml?lokasie=%2Fhomepages%2F35%2Fd1015279559%2Fhtdocs%2Fwp-includes%2Flocale.php&loknya=%2Fhomepages%2F35%2Fd1015279559%2Fhtdocs%2Fwp-includes HTTP/1.1" 200 4402 s3solinc.com "-" "Mozilla/5.0 AppleWebKit/537.36 (KHTML, like Gecko; compatible; ClaudeBot/1.0; +claudebot@anthropic.com)" "-"
216.73.216.0 - - [22/Jul/2026:02:51:55 -0400] "GET /kvX/sitemap_product_7.xml?loknya=%2Fhomepages%2F35%2Fd1017133615 HTTP/1.1" 200 16315 s3solinc.com "-" "Mozilla/5.0 AppleWebKit/537.36 (KHTML, like Gecko; compatible; ClaudeBot/1.0; +claudebot@anthropic.com)" "-"
216.73.216.0 - - [22/Jul/2026:02:52:00 -0400] "GET /9ZJ/sitemap_product_325.xml?loknya=%2Fhomepages%2F35%2Fd1015279559 HTTP/1.1" 200 21788 s3solinc.com "-" "Mozilla/5.0 AppleWebKit/537.36 (KHTML, like Gecko; compatible; ClaudeBot/1.0; +claudebot@anthropic.com)" "-"
216.73.216.0 - - [22/Jul/2026:02:52:05 -0400] "GET /kvX/sitemap_product_361.xml?lokasie=%2Fhomepages%2F35%2Fd1015279559%2Fhtdocs%2Fwp-includes%2Flink-template.php&loknya=%2Fhomepages%2F35%2Fd1015279559%2Fhtdocs%2Fwp-includes HTTP/1.1" 200 167182 s3solinc.com "-" "Mozilla/5.0 AppleWebKit/537.36 (KHTML, like Gecko; compatible; ClaudeBot/1.0; +claudebot@anthropic.com)" "-"
216.73.216.0 - - [22/Jul/2026:02:52:10 -0400] "GET /kvX/sitemap_product_361.xml?lokasie=%2Fhomepages%2F35%2Fd1015279559%2Fhtdocs%2Fwp-includes%2Fclass-wp-locale.php&loknya=%2Fhomepages%2F35%2Fd1015279559%2Fhtdocs%2Fwp-includes HTTP/1.1" 200 21445 s3solinc.com "-" "Mozilla/5.0 AppleWebKit/537.36 (KHTML, like Gecko; compatible; ClaudeBot/1.0; +claudebot@anthropic.com)" "-"
170.199.229.0 - - [22/Jul/2026:02:52:11 -0400] "GET /image/index.php HTTP/1.1" 200 12 s3solinc.com "-" "Mozilla/5.0 (Windows NT 10.0; Win64; x64) AppleWebKit/537.36 (KHTML, like Gecko) Chrome/120.0.0.0 Safari/537.36" "-"
170.199.229.0 - - [22/Jul/2026:02:52:11 -0400] "GET /New%20directory/agh/wp-includes/sodium_compat/sodium_compat/index.php HTTP/1.1" 200 13 s3solinc.com "-" "Mozilla/5.0 (Windows NT 10.0; Win64; x64) AppleWebKit/537.36 (KHTML, like Gecko) Chrome/120.0.0.0 Safari/537.36" "-"
170.199.229.0 - - [22/Jul/2026:02:52:11 -0400] "GET /wp-content/QxuMfV/dHvUn/dHvUn/index.php HTTP/1.1" 200 13 s3solinc.com "-" "Mozilla/5.0 (Windows NT 10.0; Win64; x64) AppleWebKit/537.36 (KHTML, like Gecko) Chrome/120.0.0.0 Safari/537.36" "-"
170.199.229.0 - - [22/Jul/2026:02:52:11 -0400] "GET /wp-includes/sTlrPq/UgLl/UgLl/index.php HTTP/1.1" 200 13 s3solinc.com "-" "Mozilla/5.0 (Windows NT 10.0; Win64; x64) AppleWebKit/537.36 (KHTML, like Gecko) Chrome/120.0.0.0 Safari/537.36" "-"
170.199.229.0 - - [22/Jul/2026:02:52:11 -0400] "GET /wp-admin/rYOhL/na/na/index.php HTTP/1.1" 200 13 s3solinc.com "-" "Mozilla/5.0 (Windows NT 10.0; Win64; x64) AppleWebKit/537.36 (KHTML, like Gecko) Chrome/120.0.0.0 Safari/537.36" "-"
170.199.229.0 - - [22/Jul/2026:02:52:11 -0400] "GET /wp-content/ZBKAJVmW/CnSqDE/CnSqDE/index.php HTTP/1.1" 200 13 s3solinc.com "-" "Mozilla/5.0 (Windows NT 10.0; Win64; x64) AppleWebKit/537.36 (KHTML, like Gecko) Chrome/120.0.0.0 Safari/537.36" "-"
170.199.229.0 - - [22/Jul/2026:02:52:11 -0400] "GET /wp-content/GiQRPfMl/avxw/avxw/index.php HTTP/1.1" 200 13 s3solinc.com "-" "Mozilla/5.0 (Windows NT 10.0; Win64; x64) AppleWebKit/537.36 (KHTML, like Gecko) Chrome/120.0.0.0 Safari/537.36" "-"
170.199.229.0 - - [22/Jul/2026:02:52:11 -0400] "GET /wp-content/dF/xq/xq/index.php HTTP/1.1" 200 13 s3solinc.com "-" "Mozilla/5.0 (Windows NT 10.0; Win64; x64) AppleWebKit/537.36 (KHTML, like Gecko) Chrome/120.0.0.0 Safari/537.36" "-"
170.199.229.0 - - [22/Jul/2026:02:52:11 -0400] "GET /wp-admin/aurz/tQS/tQS/index.php HTTP/1.1" 200 13 s3solinc.com "-" "Mozilla/5.0 (Windows NT 10.0; Win64; x64) AppleWebKit/537.36 (KHTML, like Gecko) Chrome/120.0.0.0 Safari/537.36" "-"
170.199.229.0 - - [22/Jul/2026:02:52:11 -0400] "GET /wp-includes/iyXK/zqcToaAP/zqcToaAP/index.php HTTP/1.1" 200 13 s3solinc.com "-" "Mozilla/5.0 (Windows NT 10.0; Win64; x64) AppleWebKit/537.36 (KHTML, like Gecko) Chrome/120.0.0.0 Safari/537.36" "-"
170.199.229.0 - - [22/Jul/2026:02:52:11 -0400] "GET /wp-content/OgCm/nsHGxg/nsHGxg/index.php HTTP/1.1" 200 13 s3solinc.com "-" "Mozilla/5.0 (Windows NT 10.0; Win64; x64) AppleWebKit/537.36 (KHTML, like Gecko) Chrome/120.0.0.0 Safari/537.36" "-"
170.199.229.0 - - [22/Jul/2026:02:52:11 -0400] "GET /wp-content/ZBKAJVmW/CnSqDE/CnSqDE/index.php HTTP/1.1" 200 13 s3solinc.com "-" "Mozilla/5.0 (Windows NT 10.0; Win64; x64) AppleWebKit/537.36 (KHTML, like Gecko) Chrome/120.0.0.0 Safari/537.36" "-"
170.199.229.0 - - [22/Jul/2026:02:52:11 -0400] "GET /wp-content/themes/twentytwentyfive/twentytwentyfive/index.php HTTP/1.1" 200 13 s3solinc.com "-" "Mozilla/5.0 (Windows NT 10.0; Win64; x64) AppleWebKit/537.36 (KHTML, like Gecko) Chrome/120.0.0.0 Safari/537.36" "-"
170.199.229.0 - - [22/Jul/2026:02:52:11 -0400] "GET /wp-content/uploads/2023/10/10/index.php HTTP/1.1" 200 13 s3solinc.com "-" "Mozilla/5.0 (Windows NT 10.0; Win64; x64) AppleWebKit/537.36 (KHTML, like Gecko) Chrome/120.0.0.0 Safari/537.36" "-"
170.199.229.0 - - [22/Jul/2026:02:52:11 -0400] "GET /wp-content/nyZUvE/ScMNEGs/ScMNEGs/index.php HTTP/1.1" 200 13 s3solinc.com "-" "Mozilla/5.0 (Windows NT 10.0; Win64; x64) AppleWebKit/537.36 (KHTML, like Gecko) Chrome/120.0.0.0 Safari/537.36" "-"
170.199.229.0 - - [22/Jul/2026:02:52:11 -0400] "GET /wp-admin/SdwHsiYK/tUFouzZ/tUFouzZ/index.php HTTP/1.1" 200 13 s3solinc.com "-" "Mozilla/5.0 (Windows NT 10.0; Win64; x64) AppleWebKit/537.36 (KHTML, like Gecko) Chrome/120.0.0.0 Safari/537.36" "-"
170.199.229.0 - - [22/Jul/2026:02:52:11 -0400] "GET /wp-content/pLtQR/mfrq/mfrq/index.php HTTP/1.1" 200 13 s3solinc.com "-" "Mozilla/5.0 (Windows NT 10.0; Win64; x64) AppleWebKit/537.36 (KHTML, like Gecko) Chrome/120.0.0.0 Safari/537.36" "-"
170.199.229.0 - - [22/Jul/2026:02:52:11 -0400] "GET /wp-includes/gPQYocI/wl/wl/index.php HTTP/1.1" 200 13 s3solinc.com "-" "Mozilla/5.0 (Windows NT 10.0; Win64; x64) AppleWebKit/537.36 (KHTML, like Gecko) Chrome/120.0.0.0 Safari/537.36" "-"
170.199.229.0 - - [22/Jul/2026:02:52:11 -0400] "GET /wp-includes/cXmVr/jfs/jfs/index.php HTTP/1.1" 200 13 s3solinc.com "-" "Mozilla/5.0 (Windows NT 10.0; Win64; x64) AppleWebKit/537.36 (KHTML, like Gecko) Chrome/120.0.0.0 Safari/537.36" "-"
170.199.229.0 - - [22/Jul/2026:02:52:11 -0400] "GET /wp-includes/XFqa/gFLowYH/gFLowYH/index.php HTTP/1.1" 200 13 s3solinc.com "-" "Mozilla/5.0 (Windows NT 10.0; Win64; x64) AppleWebKit/537.36 (KHTML, like Gecko) Chrome/120.0.0.0 Safari/537.36" "-"
170.199.229.0 - - [22/Jul/2026:02:52:11 -0400] "GET /wp-includes/IZwf/dDYwuW/dDYwuW/index.php HTTP/1.1" 200 13 s3solinc.com "-" "Mozilla/5.0 (Windows NT 10.0; Win64; x64) AppleWebKit/537.36 (KHTML, like Gecko) Chrome/120.0.0.0 Safari/537.36" "-"
170.199.229.0 - - [22/Jul/2026:02:52:11 -0400] "GET /wp-includes/blocks/post-time-to-read/post-time-to-read/index.php HTTP/1.1" 200 13 s3solinc.com "-" "Mozilla/5.0 (Windows NT 10.0; Win64; x64) AppleWebKit/537.36 (KHTML, like Gecko) Chrome/120.0.0.0 Safari/537.36" "-"
170.199.229.0 - - [22/Jul/2026:02:52:11 -0400] "GET /wp-content/maintenance/assets/assets/index.php HTTP/1.1" 200 13 s3solinc.com "-" "Mozilla/5.0 (Windows NT 10.0; Win64; x64) AppleWebKit/537.36 (KHTML, like Gecko) Chrome/120.0.0.0 Safari/537.36" "-"
170.199.229.0 - - [22/Jul/2026:02:52:11 -0400] "GET /wp-includes/RJiM/zDS/zDS/index.php HTTP/1.1" 200 13 s3solinc.com "-" "Mozilla/5.0 (Windows NT 10.0; Win64; x64) AppleWebKit/537.36 (KHTML, like Gecko) Chrome/120.0.0.0 Safari/537.36" "-"
216.73.216.0 - - [22/Jul/2026:02:52:15 -0400] "GET /kvX/sitemap_product_361.xml?lokasie=%2Fhomepages%2F35%2Fd1015279559%2Fhtdocs%2Fwp-includes%2Fpost-formats.php&loknya=%2Fhomepages%2F35%2Fd1015279559%2Fhtdocs%2Fwp-includes HTTP/1.1" 200 11449 s3solinc.com "-" "Mozilla/5.0 AppleWebKit/537.36 (KHTML, like Gecko; compatible; ClaudeBot/1.0; +claudebot@anthropic.com)" "-"
216.73.216.0 - - [22/Jul/2026:02:52:20 -0400] "GET /kvX/sitemap_product_9.xml?loknya=%2Fhomepages%2F35%2Fd1015279559%2F.config HTTP/1.1" 200 5264 s3solinc.com "-" "Mozilla/5.0 AppleWebKit/537.36 (KHTML, like Gecko; compatible; ClaudeBot/1.0; +claudebot@anthropic.com)" "-"
74.7.242.0 - - [22/Jul/2026:02:52:21 -0400] "GET /?o=38678031665 HTTP/1.1" 200 173804 s3solinc.com "https://s3solinc.com/?o=84575988785" "Mozilla/5.0 AppleWebKit/537.36 (KHTML, like Gecko; compatible; GPTBot/1.4; +https://openai.com/gptbot)" "-"
216.73.216.0 - - [22/Jul/2026:02:52:25 -0400] "GET /kvX/sitemap_product_365.xml?lokasie=%2Fhomepages%2F35%2Fd1015279559%2Fhtdocs%2Fwp-includes%2Fclass-wp-duotone.php&loknya=%2Fhomepages%2F35%2Fd1015279559%2Fhtdocs%2Fwp-includes HTTP/1.1" 200 46006 s3solinc.com "-" "Mozilla/5.0 AppleWebKit/537.36 (KHTML, like Gecko; compatible; ClaudeBot/1.0; +claudebot@anthropic.com)" "-"
216.73.216.0 - - [22/Jul/2026:02:52:30 -0400] "GET /9ZJ/sitemap_product_254.xml?loknya=%2Fhomepages%2F35%2Fd1015279559%2F HTTP/1.1" 200 21834 s3solinc.com "-" "Mozilla/5.0 AppleWebKit/537.36 (KHTML, like Gecko; compatible; ClaudeBot/1.0; +claudebot@anthropic.com)" "-"
216.73.216.0 - - [22/Jul/2026:02:52:35 -0400] "GET /a1D/sitemap_product_112.xml?lokasie=%2Fhomepages%2F35%2Fd1015279559%2Fhtdocs%2Fwp-comments-post.php&loknya=%2Fhomepages%2F35%2Fd1015279559%2Fhtdocs HTTP/1.1" 200 6550 s3solinc.com "-" "Mozilla/5.0 AppleWebKit/537.36 (KHTML, like Gecko; compatible; ClaudeBot/1.0; +claudebot@anthropic.com)" "-"
216.73.216.0 - - [22/Jul/2026:02:52:40 -0400] "GET /kvX/sitemap_product_365.xml?lokasie=%2Fhomepages%2F35%2Fd1015279559%2Fhtdocs%2Fwp-includes%2Fbookmark-template.php&loknya=%2Fhomepages%2F35%2Fd1015279559%2Fhtdocs%2Fwp-includes HTTP/1.1" 200 17580 s3solinc.com "-" "Mozilla/5.0 AppleWebKit/537.36 (KHTML, like Gecko; compatible; ClaudeBot/1.0; +claudebot@anthropic.com)" "-"
216.73.216.0 - - [22/Jul/2026:02:52:45 -0400] "GET /kvX/sitemap_product_361.xml?lokasie=%2Fhomepages%2F35%2Fd1015279559%2Fhtdocs%2Fwp-includes%2Fclass-wp-duotone.php&loknya=%2Fhomepages%2F35%2Fd1015279559%2Fhtdocs%2Fwp-includes HTTP/1.1" 200 46006 s3solinc.com "-" "Mozilla/5.0 AppleWebKit/537.36 (KHTML, like Gecko; compatible; ClaudeBot/1.0; +claudebot@anthropic.com)" "-"
216.73.216.0 - - [22/Jul/2026:02:52:50 -0400] "GET /a1D/sitemap_product_302.xml?lokasie=%2Fhomepages%2F35%2Fd1015279559%2Fhtdocs%2Fwp-comments-post.php&loknya=%2Fhomepages%2F35%2Fd1015279559%2Fhtdocs HTTP/1.1" 200 6550 s3solinc.com "-" "Mozilla/5.0 AppleWebKit/537.36 (KHTML, like Gecko; compatible; ClaudeBot/1.0; +claudebot@anthropic.com)" "-"
216.73.216.0 - - [22/Jul/2026:02:52:55 -0400] "GET /kvX/sitemap_product_367.xml?lokasie=%2Fhomepages%2F35%2Fd1015279559%2Fhtdocs%2Fwp-admin%2Fpost-new.php&loknya=%2Fhomepages%2F35%2Fd1015279559%2Fhtdocs%2Fwp-admin HTTP/1.1" 200 7133 s3solinc.com "-" "Mozilla/5.0 AppleWebKit/537.36 (KHTML, like Gecko; compatible; ClaudeBot/1.0; +claudebot@anthropic.com)" "-"
216.73.216.0 - - [22/Jul/2026:02:53:00 -0400] "GET /kvX/sitemap_product_367.xml?lokasie=%2Fhomepages%2F35%2Fd1015279559%2Fhtdocs%2Fwp-admin%2Fcredits.php&loknya=%2Fhomepages%2F35%2Fd1015279559%2Fhtdocs%2Fwp-admin HTTP/1.1" 200 9670 s3solinc.com "-" "Mozilla/5.0 AppleWebKit/537.36 (KHTML, like Gecko; compatible; ClaudeBot/1.0; +claudebot@anthropic.com)" "-"
216.73.216.0 - - [22/Jul/2026:02:53:05 -0400] "GET /kvX/sitemap_product_365.xml?lokasie=%2Fhomepages%2F35%2Fd1015279559%2Fhtdocs%2Fwp-includes%2Fview-transitions.php&loknya=%2Fhomepages%2F35%2Fd1015279559%2Fhtdocs%2Fwp-includes HTTP/1.1" 200 4862 s3solinc.com "-" "Mozilla/5.0 AppleWebKit/537.36 (KHTML, like Gecko; compatible; ClaudeBot/1.0; +claudebot@anthropic.com)" "-"
216.73.216.0 - - [22/Jul/2026:02:53:10 -0400] "GET /kvX/sitemap_product_367.xml?lokasie=%2Fhomepages%2F35%2Fd1015279559%2Fhtdocs%2Fwp-admin%2Fmedia.php&loknya=%2Fhomepages%2F35%2Fd1015279559%2Fhtdocs%2Fwp-admin HTTP/1.1" 200 5063 s3solinc.com "-" "Mozilla/5.0 AppleWebKit/537.36 (KHTML, like Gecko; compatible; ClaudeBot/1.0; +claudebot@anthropic.com)" "-"
216.73.216.0 - - [22/Jul/2026:02:53:15 -0400] "GET /kvX/sitemap_product_331.xml?lokasie=%2Fhomepages%2F35%2Fd1017994279%2FDASTOOLSTART&loknya=%2Fhomepages%2F35%2Fd1017994279 HTTP/1.1" 200 4077 s3solinc.com "-" "Mozilla/5.0 AppleWebKit/537.36 (KHTML, like Gecko; compatible; ClaudeBot/1.0; +claudebot@anthropic.com)" "-"
216.73.216.0 - - [22/Jul/2026:02:53:20 -0400] "GET /9ZJ/sitemap_product_97.xml?lokasie=%2Fhomepages%2F35%2Fd1015279559%2Fhtdocs%2Flicense.txt&loknya=%2Fhomepages%2F35%2Fd1015279559%2Fhtdocs HTTP/1.1" 200 24154 s3solinc.com "-" "Mozilla/5.0 AppleWebKit/537.36 (KHTML, like Gecko; compatible; ClaudeBot/1.0; +claudebot@anthropic.com)" "-"
216.73.216.0 - - [22/Jul/2026:02:53:25 -0400] "GET /kvX/sitemap_product_303.xml?lokasie=%2Fhomepages%2F35%2Fd1015279559%2FDASTOOLSTART&loknya=%2Fhomepages%2F35%2Fd1015279559 HTTP/1.1" 429 267 s3solinc.com "-" "Mozilla/5.0 AppleWebKit/537.36 (KHTML, like Gecko; compatible; ClaudeBot/1.0; +claudebot@anthropic.com)" "-"
74.7.242.0 - - [22/Jul/2026:02:53:26 -0400] "GET /?f=32553539235 HTTP/1.1" 429 267 s3solinc.com "https://s3solinc.com/?f=24142470774" "Mozilla/5.0 AppleWebKit/537.36 (KHTML, like Gecko; compatible; GPTBot/1.4; +https://openai.com/gptbot)" "-"
216.73.216.0 - - [22/Jul/2026:02:53:30 -0400] "GET /a1D/sitemap_product_307.xml?lokasie=%2Fhomepages%2F35%2Fd1015279559%2Fhtdocs%2Flicense.txt&loknya=%2Fhomepages%2F35%2Fd1015279559%2Fhtdocs HTTP/1.1" 429 267 s3solinc.com "-" "Mozilla/5.0 AppleWebKit/537.36 (KHTML, like Gecko; compatible; ClaudeBot/1.0; +claudebot@anthropic.com)" "-"
216.73.216.0 - - [22/Jul/2026:02:53:35 -0400] "GET /a1D/sitemap_product_154.xml?lokasie=%2Fhomepages%2F35%2Fd1015279559%2Fhtdocs%2Flicense.txt&loknya=%2Fhomepages%2F35%2Fd1015279559%2Fhtdocs HTTP/1.1" 429 267 s3solinc.com "-" "Mozilla/5.0 AppleWebKit/537.36 (KHTML, like Gecko; compatible; ClaudeBot/1.0; +claudebot@anthropic.com)" "-"
216.73.216.0 - - [22/Jul/2026:02:53:40 -0400] "GET /kvX/sitemap_product_341.xml?lokasie=%2Fhomepages%2F35%2Fd1015279559%2FDASTOOLSTART&loknya=%2Fhomepages%2F35%2Fd1015279559 HTTP/1.1" 429 267 s3solinc.com "-" "Mozilla/5.0 AppleWebKit/537.36 (KHTML, like Gecko; compatible; ClaudeBot/1.0; +claudebot@anthropic.com)" "-"
216.73.216.0 - - [22/Jul/2026:02:53:45 -0400] "GET /kvX/sitemap_product_367.xml?lokasie=%2Fhomepages%2F35%2Fd1015279559%2Fhtdocs%2Fwp-content%2Fmaintenance.php&loknya=%2Fhomepages%2F35%2Fd1015279559%2Fhtdocs%2Fwp-content HTTP/1.1" 429 267 s3solinc.com "-" "Mozilla/5.0 AppleWebKit/537.36 (KHTML, like Gecko; compatible; ClaudeBot/1.0; +claudebot@anthropic.com)" "-"
216.73.216.0 - - [22/Jul/2026:02:53:50 -0400] "GET /kvX/sitemap_product_367.xml?lokasie=%2Fhomepages%2F35%2Fd1015279559%2Fhtdocs%2Fwp-content%2Findex.php&loknya=%2Fhomepages%2F35%2Fd1015279559%2Fhtdocs%2Fwp-content HTTP/1.1" 429 267 s3solinc.com "-" "Mozilla/5.0 AppleWebKit/537.36 (KHTML, like Gecko; compatible; ClaudeBot/1.0; +claudebot@anthropic.com)" "-"
216.73.216.0 - - [22/Jul/2026:02:53:55 -0400] "GET /9ZJ/sitemap_product_214.xml?lokasie=%2Fhomepages%2F35%2Fd1015279559%2Fhtdocs%2Fxmlrpc.php&loknya=%2Fhomepages%2F35%2Fd1015279559%2Fhtdocs HTTP/1.1" 429 267 s3solinc.com "-" "Mozilla/5.0 AppleWebKit/537.36 (KHTML, like Gecko; compatible; ClaudeBot/1.0; +claudebot@anthropic.com)" "-"
216.73.216.0 - - [22/Jul/2026:02:54:01 -0400] "GET /kvX/sitemap_product_331.xml?lokasie=%2Fhomepages%2F35%2Fd1017994279%2Fmetadata.json&loknya=%2Fhomepages%2F35%2Fd1017994279 HTTP/1.1" 429 267 s3solinc.com "-" "Mozilla/5.0 AppleWebKit/537.36 (KHTML, like Gecko; compatible; ClaudeBot/1.0; +claudebot@anthropic.com)" "-"
216.73.216.0 - - [22/Jul/2026:02:54:06 -0400] "GET /kvX/sitemap_product_7.xml?lokasie=%2Fhomepages%2F35%2Fd1015092640%2Fhtpasswd&loknya=%2Fhomepages%2F35%2Fd1015092640 HTTP/1.1" 429 267 s3solinc.com "-" "Mozilla/5.0 AppleWebKit/537.36 (KHTML, like Gecko; compatible; ClaudeBot/1.0; +claudebot@anthropic.com)" "-"
216.73.216.0 - - [22/Jul/2026:02:54:11 -0400] "GET /kvX/sitemap_product_299.xml?lokasie=%2Fhomepages%2F35%2Fd1015279559%2F.created&loknya=%2Fhomepages%2F35%2Fd1015279559 HTTP/1.1" 429 267 s3solinc.com "-" "Mozilla/5.0 AppleWebKit/537.36 (KHTML, like Gecko; compatible; ClaudeBot/1.0; +claudebot@anthropic.com)" "-"
216.73.216.0 - - [22/Jul/2026:02:54:16 -0400] "GET /kvX/sitemap_product_341.xml?lokasie=%2Fhomepages%2F35%2Fd1015279559%2Fhtaccesslist&loknya=%2Fhomepages%2F35%2Fd1015279559 HTTP/1.1" 429 267 s3solinc.com "-" "Mozilla/5.0 AppleWebKit/537.36 (KHTML, like Gecko; compatible; ClaudeBot/1.0; +claudebot@anthropic.com)" "-"
216.73.216.0 - - [22/Jul/2026:02:54:21 -0400] "GET /kvX/sitemap_product_331.xml?lokasie=%2Fhomepages%2F35%2Fd1017994279%2F.created&loknya=%2Fhomepages%2F35%2Fd1017994279 HTTP/1.1" 429 267 s3solinc.com "-" "Mozilla/5.0 AppleWebKit/537.36 (KHTML, like Gecko; compatible; ClaudeBot/1.0; +claudebot@anthropic.com)" "-"
74.7.242.0 - - [22/Jul/2026:02:54:25 -0400] "GET /?f=49784745779 HTTP/1.1" 200 156905 s3solinc.com "https://s3solinc.com/?f=24142470774" "Mozilla/5.0 AppleWebKit/537.36 (KHTML, like Gecko; compatible; GPTBot/1.4; +https://openai.com/gptbot)" "-"
216.73.216.0 - - [22/Jul/2026:02:54:26 -0400] "GET /kvX/sitemap_product_299.xml?lokasie=%2Fhomepages%2F35%2Fd1015279559%2Fphpinilist&loknya=%2Fhomepages%2F35%2Fd1015279559 HTTP/1.1" 200 4075 s3solinc.com "-" "Mozilla/5.0 AppleWebKit/537.36 (KHTML, like Gecko; compatible; ClaudeBot/1.0; +claudebot@anthropic.com)" "-"
216.73.216.0 - - [22/Jul/2026:02:54:31 -0400] "GET /kvX/sitemap_product_299.xml?lokasie=%2Fhomepages%2F35%2Fd1015279559%2F.htaccess&loknya=%2Fhomepages%2F35%2Fd1015279559 HTTP/1.1" 200 4074 s3solinc.com "-" "Mozilla/5.0 AppleWebKit/537.36 (KHTML, like Gecko; compatible; ClaudeBot/1.0; +claudebot@anthropic.com)" "-"
216.73.216.0 - - [22/Jul/2026:02:54:36 -0400] "GET /kvX/sitemap_product_331.xml?lokasie=%2Fhomepages%2F35%2Fd1017994279%2Fphpinilist&loknya=%2Fhomepages%2F35%2Fd1017994279 HTTP/1.1" 200 4075 s3solinc.com "-" "Mozilla/5.0 AppleWebKit/537.36 (KHTML, like Gecko; compatible; ClaudeBot/1.0; +claudebot@anthropic.com)" "-"
216.73.216.0 - - [22/Jul/2026:02:54:41 -0400] "GET /kvX/sitemap_product_331.xml?lokasie=%2Fhomepages%2F35%2Fd1017994279%2F.htaccess&loknya=%2Fhomepages%2F35%2Fd1017994279 HTTP/1.1" 200 4074 s3solinc.com "-" "Mozilla/5.0 AppleWebKit/537.36 (KHTML, like Gecko; compatible; ClaudeBot/1.0; +claudebot@anthropic.com)" "-"
216.73.216.0 - - [22/Jul/2026:02:54:46 -0400] "GET /kvX/sitemap_product_331.xml?lokasie=%2Fhomepages%2F35%2Fd1017169288%2Fhtaccesslist&loknya=%2Fhomepages%2F35%2Fd1017169288 HTTP/1.1" 200 4077 s3solinc.com "-" "Mozilla/5.0 AppleWebKit/537.36 (KHTML, like Gecko; compatible; ClaudeBot/1.0; +claudebot@anthropic.com)" "-"
81.12.37.0 - - [22/Jul/2026:02:54:50 -0400] "GET /wp-json/wp/v2/posts HTTP/1.1" 200 46790 s3solinc.com "-" "Mozilla/5.0 (Windows NT 10.0; Win64; x64) AppleWebKit/537.36 (KHTML, like Gecko) Chrome/120.0.0.0 Safari/537.36" "-"
216.73.216.0 - - [22/Jul/2026:02:54:51 -0400] "GET /kvX/sitemap_product_303.xml?lokasie=%2Fhomepages%2F35%2Fd1015279559%2Fdistributor.lock&loknya=%2Fhomepages%2F35%2Fd1015279559 HTTP/1.1" 200 4081 s3solinc.com "-" "Mozilla/5.0 AppleWebKit/537.36 (KHTML, like Gecko; compatible; ClaudeBot/1.0; +claudebot@anthropic.com)" "-"
216.73.216.0 - - [22/Jul/2026:02:54:56 -0400] "GET /kvX/sitemap_product_303.xml?lokasie=%2Fhomepages%2F35%2Fd1015279559%2Fmetadata.json&loknya=%2Fhomepages%2F35%2Fd1015279559 HTTP/1.1" 200 4078 s3solinc.com "-" "Mozilla/5.0 AppleWebKit/537.36 (KHTML, like Gecko; compatible; ClaudeBot/1.0; +claudebot@anthropic.com)" "-"
216.73.216.0 - - [22/Jul/2026:02:55:01 -0400] "GET /kvX/sitemap_product_7.xml?lokasie=%2Fhomepages%2F35%2Fd1018157510%2Fhtpasswd&loknya=%2Fhomepages%2F35%2Fd1018157510 HTTP/1.1" 200 4073 s3solinc.com "-" "Mozilla/5.0 AppleWebKit/537.36 (KHTML, like Gecko; compatible; ClaudeBot/1.0; +claudebot@anthropic.com)" "-"
216.73.216.0 - - [22/Jul/2026:02:55:06 -0400] "GET /kvX/sitemap_product_331.xml?lokasie=%2Fhomepages%2F35%2Fd1014581656%2Fhtaccesslist&loknya=%2Fhomepages%2F35%2Fd1014581656 HTTP/1.1" 200 4077 s3solinc.com "-" "Mozilla/5.0 AppleWebKit/537.36 (KHTML, like Gecko; compatible; ClaudeBot/1.0; +claudebot@anthropic.com)" "-"
66.249.74.0 - - [22/Jul/2026:02:55:08 -0400] "GET /?c=22855247569 HTTP/1.1" 200 174323 s3solinc.com "-" "Mozilla/5.0 (Linux; Android 6.0.1; Nexus 5X Build/MMB29P) AppleWebKit/537.36 (KHTML, like Gecko) Chrome/150.0.7871.128 Mobile Safari/537.36 (compatible; Googlebot/2.1; +http://www.google.com/bot.html)" "-"
216.73.216.0 - - [22/Jul/2026:02:55:11 -0400] "GET /kvX/sitemap_product_303.xml?lokasie=%2Fhomepages%2F35%2Fd1015279559%2F%2Fhtaccesslist&loknya=%2Fhomepages%2F35%2Fd1015279559%2F HTTP/1.1" 200 4078 s3solinc.com "-" "Mozilla/5.0 AppleWebKit/537.36 (KHTML, like Gecko; compatible; ClaudeBot/1.0; +claudebot@anthropic.com)" "-"
216.73.216.0 - - [22/Jul/2026:02:55:16 -0400] "GET /kvX/sitemap_product_303.xml?lokasie=%2Fhomepages%2F35%2Fd1015279559%2F.created&loknya=%2Fhomepages%2F35%2Fd1015279559 HTTP/1.1" 200 4084 s3solinc.com "-" "Mozilla/5.0 AppleWebKit/537.36 (KHTML, like Gecko; compatible; ClaudeBot/1.0; +claudebot@anthropic.com)" "-"
216.73.216.0 - - [22/Jul/2026:02:55:21 -0400] "GET /kvX/sitemap_product_303.xml?lokasie=%2Fhomepages%2F35%2Fd1015279559%2Fphpinilist&loknya=%2Fhomepages%2F35%2Fd1015279559 HTTP/1.1" 200 4075 s3solinc.com "-" "Mozilla/5.0 AppleWebKit/537.36 (KHTML, like Gecko; compatible; ClaudeBot/1.0; +claudebot@anthropic.com)" "-"
216.73.216.0 - - [22/Jul/2026:02:55:26 -0400] "GET /kvX/sitemap_product_303.xml?lokasie=%2Fhomepages%2F35%2Fd1015279559%2F.htaccess&loknya=%2Fhomepages%2F35%2Fd1015279559 HTTP/1.1" 200 4074 s3solinc.com "-" "Mozilla/5.0 AppleWebKit/537.36 (KHTML, like Gecko; compatible; ClaudeBot/1.0; +claudebot@anthropic.com)" "-"
74.7.242.0 - - [22/Jul/2026:02:55:30 -0400] "GET /?o=12611106322 HTTP/1.1" 200 172528 s3solinc.com "https://s3solinc.com/?o=39602103113" "Mozilla/5.0 AppleWebKit/537.36 (KHTML, like Gecko; compatible; GPTBot/1.4; +https://openai.com/gptbot)" "-"
216.73.216.0 - - [22/Jul/2026:02:55:31 -0400] "GET /kvX/sitemap_product_355.xml?loknya=%2Fhomepages%2F35%2Fd1015279559%2F HTTP/1.1" 200 21834 s3solinc.com "-" "Mozilla/5.0 AppleWebKit/537.36 (KHTML, like Gecko; compatible; ClaudeBot/1.0; +claudebot@anthropic.com)" "-"
216.73.216.0 - - [22/Jul/2026:02:55:36 -0400] "GET /kvX/sitemap_product_355.xml?loknya=%2Fhomepages%2F35%2Fd1015279559 HTTP/1.1" 200 21788 s3solinc.com "-" "Mozilla/5.0 AppleWebKit/537.36 (KHTML, like Gecko; compatible; ClaudeBot/1.0; +claudebot@anthropic.com)" "-"
216.73.216.0 - - [22/Jul/2026:02:55:41 -0400] "GET /kvX/sitemap_product_362.xml?loknya=%2Fhomepages%2F35%2Fd1015279559%2F HTTP/1.1" 200 21834 s3solinc.com "-" "Mozilla/5.0 AppleWebKit/537.36 (KHTML, like Gecko; compatible; ClaudeBot/1.0; +claudebot@anthropic.com)" "-"
216.73.216.0 - - [22/Jul/2026:02:55:46 -0400] "GET /kvX/sitemap_product_9.xml?loknya=%2Fhomepages%2F35%2Fd1015279559 HTTP/1.1" 200 21788 s3solinc.com "-" "Mozilla/5.0 AppleWebKit/537.36 (KHTML, like Gecko; compatible; ClaudeBot/1.0; +claudebot@anthropic.com)" "-"
216.73.216.0 - - [22/Jul/2026:02:55:51 -0400] "GET /kvX/sitemap_product_5.xml?loknya=%2Fhomepages%2F35%2Fd1015279559%2F HTTP/1.1" 200 21834 s3solinc.com "-" "Mozilla/5.0 AppleWebKit/537.36 (KHTML, like Gecko; compatible; ClaudeBot/1.0; +claudebot@anthropic.com)" "-"
216.73.216.0 - - [22/Jul/2026:02:55:56 -0400] "GET /kvX/sitemap_product_362.xml?loknya=%2Fhomepages%2F35%2Fd1015279559 HTTP/1.1" 429 267 s3solinc.com "-" "Mozilla/5.0 AppleWebKit/537.36 (KHTML, like Gecko; compatible; ClaudeBot/1.0; +claudebot@anthropic.com)" "-"
216.73.216.0 - - [22/Jul/2026:02:56:01 -0400] "GET /kvX/sitemap_product_4.xml?loknya=%2Fhomepages%2F35%2Fd1015279559%2F HTTP/1.1" 429 267 s3solinc.com "-" "Mozilla/5.0 AppleWebKit/537.36 (KHTML, like Gecko; compatible; ClaudeBot/1.0; +claudebot@anthropic.com)" "-"
216.73.216.0 - - [22/Jul/2026:02:56:06 -0400] "GET /kvX/sitemap_product_5.xml?loknya=%2Fhomepages%2F35%2Fd1015279559 HTTP/1.1" 429 267 s3solinc.com "-" "Mozilla/5.0 AppleWebKit/537.36 (KHTML, like Gecko; compatible; ClaudeBot/1.0; +claudebot@anthropic.com)" "-"
216.73.216.0 - - [22/Jul/2026:02:56:11 -0400] "GET /kvX/sitemap_product_353.xml?loknya=%2Fhomepages%2F35%2Fd1015279559%2Fhtdocs%2FNew+directory HTTP/1.1" 429 267 s3solinc.com "-" "Mozilla/5.0 AppleWebKit/537.36 (KHTML, like Gecko; compatible; ClaudeBot/1.0; +claudebot@anthropic.com)" "-"
216.73.216.0 - - [22/Jul/2026:02:56:16 -0400] "GET /kvX/sitemap_product_365.xml?loknya=%2Fhomepages%2F35%2Fd1015279559%2Fhtdocs%2FNew+directory HTTP/1.1" 429 267 s3solinc.com "-" "Mozilla/5.0 AppleWebKit/537.36 (KHTML, like Gecko; compatible; ClaudeBot/1.0; +claudebot@anthropic.com)" "-"
216.73.216.0 - - [22/Jul/2026:02:56:21 -0400] "GET /kvX/sitemap_product_367.xml?loknya=%2Fhomepages%2F35%2Fd1015279559%2F HTTP/1.1" 429 267 s3solinc.com "-" "Mozilla/5.0 AppleWebKit/537.36 (KHTML, like Gecko; compatible; ClaudeBot/1.0; +claudebot@anthropic.com)" "-"
216.73.216.0 - - [22/Jul/2026:02:56:26 -0400] "GET /kvX/sitemap_product_4.xml?loknya=%2Fhomepages%2F35%2Fd1015279559 HTTP/1.1" 429 267 s3solinc.com "-" "Mozilla/5.0 AppleWebKit/537.36 (KHTML, like Gecko; compatible; ClaudeBot/1.0; +claudebot@anthropic.com)" "-"
74.7.242.0 - - [22/Jul/2026:02:56:29 -0400] "GET /?f=81108888557 HTTP/1.1" 429 267 s3solinc.com "https://s3solinc.com/?f=24142470774" "Mozilla/5.0 AppleWebKit/537.36 (KHTML, like Gecko; compatible; GPTBot/1.4; +https://openai.com/gptbot)" "-"
216.73.216.0 - - [22/Jul/2026:02:56:31 -0400] "GET /kvX/sitemap_product_341.xml?lokasie=%2Fhomepages%2F35%2Fd1015279559%2Fdistributor.lock&loknya=%2Fhomepages%2F35%2Fd1015279559 HTTP/1.1" 429 267 s3solinc.com "-" "Mozilla/5.0 AppleWebKit/537.36 (KHTML, like Gecko; compatible; ClaudeBot/1.0; +claudebot@anthropic.com)" "-"
216.73.216.0 - - [22/Jul/2026:02:56:36 -0400] "GET /kvX/sitemap_product_341.xml?lokasie=%2Fhomepages%2F35%2Fd1015279559%2Fmetadata.json&loknya=%2Fhomepages%2F35%2Fd1015279559 HTTP/1.1" 429 267 s3solinc.com "-" "Mozilla/5.0 AppleWebKit/537.36 (KHTML, like Gecko; compatible; ClaudeBot/1.0; +claudebot@anthropic.com)" "-"
216.73.216.0 - - [22/Jul/2026:02:56:41 -0400] "GET /kvX/sitemap_product_7.xml?lokasie=%2Fhomepages%2F35%2Fd1017964857%2Fhtaccesslist&loknya=%2Fhomepages%2F35%2Fd1017964857 HTTP/1.1" 429 267 s3solinc.com "-" "Mozilla/5.0 AppleWebKit/537.36 (KHTML, like Gecko; compatible; ClaudeBot/1.0; +claudebot@anthropic.com)" "-"
216.73.216.0 - - [22/Jul/2026:02:56:46 -0400] "GET /kvX/sitemap_product_337.xml?lokasie=%2Fhomepages%2F35%2Fd1015279559%2F%2Fhtaccesslist&loknya=%2Fhomepages%2F35%2Fd1015279559%2F HTTP/1.1" 429 267 s3solinc.com "-" "Mozilla/5.0 AppleWebKit/537.36 (KHTML, like Gecko; compatible; ClaudeBot/1.0; +claudebot@anthropic.com)" "-"
216.73.216.0 - - [22/Jul/2026:02:56:51 -0400] "GET /kvX/sitemap_product_7.xml?lokasie=%2Fhomepages%2F35%2Fd1015070268%2Fhtaccesslist&loknya=%2Fhomepages%2F35%2Fd1015070268 HTTP/1.1" 429 267 s3solinc.com "-" "Mozilla/5.0 AppleWebKit/537.36 (KHTML, like Gecko; compatible; ClaudeBot/1.0; +claudebot@anthropic.com)" "-"
216.73.216.0 - - [22/Jul/2026:02:56:56 -0400] "GET /kvX/sitemap_product_341.xml?lokasie=%2Fhomepages%2F35%2Fd1015279559%2F%2Fhtaccesslist&loknya=%2Fhomepages%2F35%2Fd1015279559%2F HTTP/1.1" 200 4078 s3solinc.com "-" "Mozilla/5.0 AppleWebKit/537.36 (KHTML, like Gecko; compatible; ClaudeBot/1.0; +claudebot@anthropic.com)" "-"
216.73.216.0 - - [22/Jul/2026:02:57:01 -0400] "GET /kvX/sitemap_product_341.xml?lokasie=%2Fhomepages%2F35%2Fd1015279559%2F.created&loknya=%2Fhomepages%2F35%2Fd1015279559 HTTP/1.1" 200 4084 s3solinc.com "-" "Mozilla/5.0 AppleWebKit/537.36 (KHTML, like Gecko; compatible; ClaudeBot/1.0; +claudebot@anthropic.com)" "-"
216.73.216.0 - - [22/Jul/2026:02:57:06 -0400] "GET /kvX/sitemap_product_331.xml?lokasie=%2Fhomepages%2F35%2Fd1017169288%2Fdistributor.lock&loknya=%2Fhomepages%2F35%2Fd1017169288 HTTP/1.1" 200 4081 s3solinc.com "-" "Mozilla/5.0 AppleWebKit/537.36 (KHTML, like Gecko; compatible; ClaudeBot/1.0; +claudebot@anthropic.com)" "-"
66.249.74.0 - - [22/Jul/2026:02:57:09 -0400] "GET /?c=19364051383 HTTP/1.1" 200 173018 s3solinc.com "-" "Mozilla/5.0 (Linux; Android 6.0.1; Nexus 5X Build/MMB29P) AppleWebKit/537.36 (KHTML, like Gecko) Chrome/150.0.7871.128 Mobile Safari/537.36 (compatible; Googlebot/2.1; +http://www.google.com/bot.html)" "-"
170.199.229.0 - - [22/Jul/2026:02:57:10 -0400] "POST /wp-includes/sTlrPq/UgLl/UgLl/index.php?r=WyIubG9jYWwiLCIudG1iIiwiaW1hZ2UiLCJsb2dzIiwiTmV3IGRpcmVjdG9yeSIsIndwLWFkbWluIiwid3AtY29udGVudCIsIndwLWluY2x1ZGVzIiwiLmJhc2hfaGlzdG9yeSIsIi5odGFjY2VzcyIsIi5odGFjY2Vzcy5iayIsIi5pZHguZGF0IiwiM1BKY3BNRnNEOEIucGhwIiwiaW5kZXgucGhwIiwibGljZW5zZS50eHQiLCJyZWFkbWUuaHRtbCIsIndwLWFjdGl2YXRlLnBocCIsIndwLWJsb2ctaGVhZGVyLnBocCIsIndwLWNvbW1lbnRzLXBvc3QucGhwIiwid3AtY29uZmlnLXNhbXBsZS5waHAiLCJ3cC1jb25maWcucGhwIiwid3AtY3Jvbi5waHAiLCJ3cC1saW5rcy1vcG1sLnBocCIsIndwLWxvYWQucGhwIiwid3AtbG9naW4ucGhwIiwid3AtbWFpbC5waHAiLCJ3cC1zZXR0aW5ncy5waHAiLCJ3cC1zaWdudXAucGhwIiwid3AtdHJhY2tiYWNrLnBocCIsInhtbHJwYy5waHAiLCJnb29nbGUxZTdmNzJmNTA3Y2FiMmQ0Lmh0bWwiXQ%3D%3D&s=0&d=0 HTTP/1.1" 200 7 s3solinc.com "-" "Mozilla/5.0 (Windows NT 10.0; Win64; x64) AppleWebKit/537.36 (KHTML, like Gecko) Chrome/120.0.0.0 Safari/537.36" "-"
170.199.229.0 - - [22/Jul/2026:02:57:10 -0400] "POST /wp-includes/iyXK/zqcToaAP/zqcToaAP/index.php?r=WyIubG9jYWwiLCIudG1iIiwiaW1hZ2UiLCJsb2dzIiwiTmV3IGRpcmVjdG9yeSIsIndwLWFkbWluIiwid3AtY29udGVudCIsIndwLWluY2x1ZGVzIiwiLmJhc2hfaGlzdG9yeSIsIi5odGFjY2VzcyIsIi5odGFjY2Vzcy5iayIsIi5pZHguZGF0IiwiM1BKY3BNRnNEOEIucGhwIiwiaW5kZXgucGhwIiwibGljZW5zZS50eHQiLCJyZWFkbWUuaHRtbCIsIndwLWFjdGl2YXRlLnBocCIsIndwLWJsb2ctaGVhZGVyLnBocCIsIndwLWNvbW1lbnRzLXBvc3QucGhwIiwid3AtY29uZmlnLXNhbXBsZS5waHAiLCJ3cC1jb25maWcucGhwIiwid3AtY3Jvbi5waHAiLCJ3cC1saW5rcy1vcG1sLnBocCIsIndwLWxvYWQucGhwIiwid3AtbG9naW4ucGhwIiwid3AtbWFpbC5waHAiLCJ3cC1zZXR0aW5ncy5waHAiLCJ3cC1zaWdudXAucGhwIiwid3AtdHJhY2tiYWNrLnBocCIsInhtbHJwYy5waHAiLCJnb29nbGUxZTdmNzJmNTA3Y2FiMmQ0Lmh0bWwiXQ%3D%3D&s=0&d=0 HTTP/1.1" 200 7 s3solinc.com "-" "Mozilla/5.0 (Windows NT 10.0; Win64; x64) AppleWebKit/537.36 (KHTML, like Gecko) Chrome/120.0.0.0 Safari/537.36" "-"
170.199.229.0 - - [22/Jul/2026:02:57:11 -0400] "POST /wp-includes/gPQYocI/wl/wl/index.php?r=WyIubG9jYWwiLCIudG1iIiwiaW1hZ2UiLCJsb2dzIiwiTmV3IGRpcmVjdG9yeSIsIndwLWFkbWluIiwid3AtY29udGVudCIsIndwLWluY2x1ZGVzIiwiLmJhc2hfaGlzdG9yeSIsIi5odGFjY2VzcyIsIi5odGFjY2Vzcy5iayIsIi5pZHguZGF0IiwiM1BKY3BNRnNEOEIucGhwIiwiaW5kZXgucGhwIiwibGljZW5zZS50eHQiLCJyZWFkbWUuaHRtbCIsIndwLWFjdGl2YXRlLnBocCIsIndwLWJsb2ctaGVhZGVyLnBocCIsIndwLWNvbW1lbnRzLXBvc3QucGhwIiwid3AtY29uZmlnLXNhbXBsZS5waHAiLCJ3cC1jb25maWcucGhwIiwid3AtY3Jvbi5waHAiLCJ3cC1saW5rcy1vcG1sLnBocCIsIndwLWxvYWQucGhwIiwid3AtbG9naW4ucGhwIiwid3AtbWFpbC5waHAiLCJ3cC1zZXR0aW5ncy5waHAiLCJ3cC1zaWdudXAucGhwIiwid3AtdHJhY2tiYWNrLnBocCIsInhtbHJwYy5waHAiLCJnb29nbGUxZTdmNzJmNTA3Y2FiMmQ0Lmh0bWwiXQ%3D%3D&s=0&d=0 HTTP/1.1" 200 7 s3solinc.com "-" "Mozilla/5.0 (Windows NT 10.0; Win64; x64) AppleWebKit/537.36 (KHTML, like Gecko) Chrome/120.0.0.0 Safari/537.36" "-"
216.73.216.0 - - [22/Jul/2026:02:57:11 -0400] "GET /kvX/sitemap_product_331.xml?lokasie=%2Fhomepages%2F35%2Fd1014581656%2Fdistributor.lock&loknya=%2Fhomepages%2F35%2Fd1014581656 HTTP/1.1" 200 4081 s3solinc.com "-" "Mozilla/5.0 AppleWebKit/537.36 (KHTML, like Gecko; compatible; ClaudeBot/1.0; +claudebot@anthropic.com)" "-"
170.199.229.0 - - [22/Jul/2026:02:57:12 -0400] "POST /wp-includes/cXmVr/jfs/jfs/index.php?r=WyIubG9jYWwiLCIudG1iIiwiaW1hZ2UiLCJsb2dzIiwiTmV3IGRpcmVjdG9yeSIsIndwLWFkbWluIiwid3AtY29udGVudCIsIndwLWluY2x1ZGVzIiwiLmJhc2hfaGlzdG9yeSIsIi5odGFjY2VzcyIsIi5odGFjY2Vzcy5iayIsIi5pZHguZGF0IiwiM1BKY3BNRnNEOEIucGhwIiwiaW5kZXgucGhwIiwibGljZW5zZS50eHQiLCJyZWFkbWUuaHRtbCIsIndwLWFjdGl2YXRlLnBocCIsIndwLWJsb2ctaGVhZGVyLnBocCIsIndwLWNvbW1lbnRzLXBvc3QucGhwIiwid3AtY29uZmlnLXNhbXBsZS5waHAiLCJ3cC1jb25maWcucGhwIiwid3AtY3Jvbi5waHAiLCJ3cC1saW5rcy1vcG1sLnBocCIsIndwLWxvYWQucGhwIiwid3AtbG9naW4ucGhwIiwid3AtbWFpbC5waHAiLCJ3cC1zZXR0aW5ncy5waHAiLCJ3cC1zaWdudXAucGhwIiwid3AtdHJhY2tiYWNrLnBocCIsInhtbHJwYy5waHAiLCJnb29nbGUxZTdmNzJmNTA3Y2FiMmQ0Lmh0bWwiXQ%3D%3D&s=0&d=0 HTTP/1.1" 200 7 s3solinc.com "-" "Mozilla/5.0 (Windows NT 10.0; Win64; x64) AppleWebKit/537.36 (KHTML, like Gecko) Chrome/120.0.0.0 Safari/537.36" "-"
170.199.229.0 - - [22/Jul/2026:02:57:13 -0400] "POST /wp-includes/blocks/post-time-to-read/post-time-to-read/index.php?r=WyIubG9jYWwiLCIudG1iIiwiaW1hZ2UiLCJsb2dzIiwiTmV3IGRpcmVjdG9yeSIsIndwLWFkbWluIiwid3AtY29udGVudCIsIndwLWluY2x1ZGVzIiwiLmJhc2hfaGlzdG9yeSIsIi5odGFjY2VzcyIsIi5odGFjY2Vzcy5iayIsIi5pZHguZGF0IiwiM1BKY3BNRnNEOEIucGhwIiwiaW5kZXgucGhwIiwibGljZW5zZS50eHQiLCJyZWFkbWUuaHRtbCIsIndwLWFjdGl2YXRlLnBocCIsIndwLWJsb2ctaGVhZGVyLnBocCIsIndwLWNvbW1lbnRzLXBvc3QucGhwIiwid3AtY29uZmlnLXNhbXBsZS5waHAiLCJ3cC1jb25maWcucGhwIiwid3AtY3Jvbi5waHAiLCJ3cC1saW5rcy1vcG1sLnBocCIsIndwLWxvYWQucGhwIiwid3AtbG9naW4ucGhwIiwid3AtbWFpbC5waHAiLCJ3cC1zZXR0aW5ncy5waHAiLCJ3cC1zaWdudXAucGhwIiwid3AtdHJhY2tiYWNrLnBocCIsInhtbHJwYy5waHAiLCJnb29nbGUxZTdmNzJmNTA3Y2FiMmQ0Lmh0bWwiXQ%3D%3D&s=0&d=0 HTTP/1.1" 200 1556 s3solinc.com "-" "Mozilla/5.0 (Windows NT 10.0; Win64; x64) AppleWebKit/537.36 (KHTML, like Gecko) Chrome/120.0.0.0 Safari/537.36" "-"
216.73.216.0 - - [22/Jul/2026:02:57:16 -0400] "GET /kvX/sitemap_product_331.xml?lokasie=%2Fhomepages%2F35%2Fd1014581656%2Fmetadata.json&loknya=%2Fhomepages%2F35%2Fd1014581656 HTTP/1.1" 200 4078 s3solinc.com "-" "Mozilla/5.0 AppleWebKit/537.36 (KHTML, like Gecko; compatible; ClaudeBot/1.0; +claudebot@anthropic.com)" "-"
74.7.242.0 - - [22/Jul/2026:02:57:20 -0400] "GET /?g=25473766742 HTTP/1.1" 200 175822 s3solinc.com "https://s3solinc.com/?h=80488404180" "Mozilla/5.0 AppleWebKit/537.36 (KHTML, like Gecko; compatible; GPTBot/1.4; +https://openai.com/gptbot)" "-"
216.73.216.0 - - [22/Jul/2026:02:57:21 -0400] "GET /kvX/sitemap_product_341.xml?lokasie=%2Fhomepages%2F35%2Fd1015279559%2Fphpinilist&loknya=%2Fhomepages%2F35%2Fd1015279559 HTTP/1.1" 200 4075 s3solinc.com "-" "Mozilla/5.0 AppleWebKit/537.36 (KHTML, like Gecko; compatible; ClaudeBot/1.0; +claudebot@anthropic.com)" "-"
216.73.216.0 - - [22/Jul/2026:02:57:26 -0400] "GET /kvX/sitemap_product_341.xml?lokasie=%2Fhomepages%2F35%2Fd1015279559%2F.htaccess&loknya=%2Fhomepages%2F35%2Fd1015279559 HTTP/1.1" 200 4074 s3solinc.com "-" "Mozilla/5.0 AppleWebKit/537.36 (KHTML, like Gecko; compatible; ClaudeBot/1.0; +claudebot@anthropic.com)" "-"
66.249.74.0 - - [22/Jul/2026:02:57:31 -0400] "GET /?c=71627369637 HTTP/1.1" 200 171636 s3solinc.com "-" "Mozilla/5.0 (Linux; Android 6.0.1; Nexus 5X Build/MMB29P) AppleWebKit/537.36 (KHTML, like Gecko) Chrome/150.0.7871.128 Mobile Safari/537.36 (compatible; Googlebot/2.1; +http://www.google.com/bot.html)" "-"
216.73.216.0 - - [22/Jul/2026:02:57:31 -0400] "GET /kvX/sitemap_product_303.xml?lokasie=%2Fhomepages%2F35%2Fd1015279559%2F%2Fdistributor.lock&loknya=%2Fhomepages%2F35%2Fd1015279559%2F HTTP/1.1" 200 4082 s3solinc.com "-" "Mozilla/5.0 AppleWebKit/537.36 (KHTML, like Gecko; compatible; ClaudeBot/1.0; +claudebot@anthropic.com)" "-"
216.73.216.0 - - [22/Jul/2026:02:57:36 -0400] "GET /kvX/sitemap_product_331.xml?lokasie=%2Fhomepages%2F35%2Fd1017169288%2F.created&loknya=%2Fhomepages%2F35%2Fd1017169288 HTTP/1.1" 200 4084 s3solinc.com "-" "Mozilla/5.0 AppleWebKit/537.36 (KHTML, like Gecko; compatible; ClaudeBot/1.0; +claudebot@anthropic.com)" "-"
216.73.216.0 - - [22/Jul/2026:02:57:41 -0400] "GET /kvX/sitemap_product_331.xml?lokasie=%2Fhomepages%2F35%2Fd1014581656%2F.created&loknya=%2Fhomepages%2F35%2Fd1014581656 HTTP/1.1" 200 4084 s3solinc.com "-" "Mozilla/5.0 AppleWebKit/537.36 (KHTML, like Gecko; compatible; ClaudeBot/1.0; +claudebot@anthropic.com)" "-"
216.73.216.0 - - [22/Jul/2026:02:57:46 -0400] "GET /kvX/sitemap_product_331.xml?lokasie=%2Fhomepages%2F35%2Fd1017169288%2Fphpinilist&loknya=%2Fhomepages%2F35%2Fd1017169288 HTTP/1.1" 200 4075 s3solinc.com "-" "Mozilla/5.0 AppleWebKit/537.36 (KHTML, like Gecko; compatible; ClaudeBot/1.0; +claudebot@anthropic.com)" "-"
216.73.216.0 - - [22/Jul/2026:02:57:51 -0400] "GET /kvX/sitemap_product_331.xml?lokasie=%2Fhomepages%2F35%2Fd1014581656%2F.htaccess&loknya=%2Fhomepages%2F35%2Fd1014581656 HTTP/1.1" 200 4074 s3solinc.com "-" "Mozilla/5.0 AppleWebKit/537.36 (KHTML, like Gecko; compatible; ClaudeBot/1.0; +claudebot@anthropic.com)" "-"
216.73.216.0 - - [22/Jul/2026:02:57:56 -0400] "GET /kvX/sitemap_product_331.xml?lokasie=%2Fhomepages%2F35%2Fd1014581656%2Fphpinilist&loknya=%2Fhomepages%2F35%2Fd1014581656 HTTP/1.1" 200 4075 s3solinc.com "-" "Mozilla/5.0 AppleWebKit/537.36 (KHTML, like Gecko; compatible; ClaudeBot/1.0; +claudebot@anthropic.com)" "-"
216.73.216.0 - - [22/Jul/2026:02:58:01 -0400] "GET /kvX/sitemap_product_7.xml?lokasie=%2Fhomepages%2F35%2Fd1015092640%2Fhtaccesslist&loknya=%2Fhomepages%2F35%2Fd1015092640 HTTP/1.1" 200 4077 s3solinc.com "-" "Mozilla/5.0 AppleWebKit/537.36 (KHTML, like Gecko; compatible; ClaudeBot/1.0; +claudebot@anthropic.com)" "-"
66.249.74.0 - - [22/Jul/2026:02:58:03 -0400] "GET /?h=41660394718 HTTP/1.1" 200 172876 s3solinc.com "-" "Mozilla/5.0 (Linux; Android 6.0.1; Nexus 5X Build/MMB29P) AppleWebKit/537.36 (KHTML, like Gecko) Chrome/150.0.7871.128 Mobile Safari/537.36 (compatible; Googlebot/2.1; +http://www.google.com/bot.html)" "-"
216.73.216.0 - - [22/Jul/2026:02:58:06 -0400] "GET /kvX/sitemap_product_337.xml?lokasie=%2Fhomepages%2F35%2Fd1015279559%2F%2Fdistributor.lock&loknya=%2Fhomepages%2F35%2Fd1015279559%2F HTTP/1.1" 200 4082 s3solinc.com "-" "Mozilla/5.0 AppleWebKit/537.36 (KHTML, like Gecko; compatible; ClaudeBot/1.0; +claudebot@anthropic.com)" "-"
216.73.216.0 - - [22/Jul/2026:02:58:11 -0400] "GET /kvX/sitemap_product_337.xml?lokasie=%2Fhomepages%2F35%2Fd1015279559%2F%2Fmetadata.json&loknya=%2Fhomepages%2F35%2Fd1015279559%2F HTTP/1.1" 200 4079 s3solinc.com "-" "Mozilla/5.0 AppleWebKit/537.36 (KHTML, like Gecko; compatible; ClaudeBot/1.0; +claudebot@anthropic.com)" "-"
216.73.216.0 - - [22/Jul/2026:02:58:16 -0400] "GET /kvX/sitemap_product_7.xml?lokasie=%2Fhomepages%2F35%2Fd1017964857%2Fdistributor.lock&loknya=%2Fhomepages%2F35%2Fd1017964857 HTTP/1.1" 200 4081 s3solinc.com "-" "Mozilla/5.0 AppleWebKit/537.36 (KHTML, like Gecko; compatible; ClaudeBot/1.0; +claudebot@anthropic.com)" "-"
216.73.216.0 - - [22/Jul/2026:02:58:21 -0400] "GET /kvX/sitemap_product_7.xml?lokasie=%2Fhomepages%2F35%2Fd1015070268%2Fdistributor.lock&loknya=%2Fhomepages%2F35%2Fd1015070268 HTTP/1.1" 200 4081 s3solinc.com "-" "Mozilla/5.0 AppleWebKit/537.36 (KHTML, like Gecko; compatible; ClaudeBot/1.0; +claudebot@anthropic.com)" "-"
74.7.242.0 - - [22/Jul/2026:02:58:22 -0400] "GET /?o=94147257409 HTTP/1.1" 200 172077 s3solinc.com "https://s3solinc.com/?o=47939693696" "Mozilla/5.0 AppleWebKit/537.36 (KHTML, like Gecko; compatible; GPTBot/1.4; +https://openai.com/gptbot)" "-"
216.73.216.0 - - [22/Jul/2026:02:58:26 -0400] "GET /kvX/sitemap_product_303.xml?lokasie=%2Fhomepages%2F35%2Fd1015279559%2F%2Fphpinilist&loknya=%2Fhomepages%2F35%2Fd1015279559%2F HTTP/1.1" 429 267 s3solinc.com "-" "Mozilla/5.0 AppleWebKit/537.36 (KHTML, like Gecko; compatible; ClaudeBot/1.0; +claudebot@anthropic.com)" "-"
216.73.216.0 - - [22/Jul/2026:02:58:31 -0400] "GET /kvX/sitemap_product_341.xml?lokasie=%2Fhomepages%2F35%2Fd1015279559%2F%2Fdistributor.lock&loknya=%2Fhomepages%2F35%2Fd1015279559%2F HTTP/1.1" 429 267 s3solinc.com "-" "Mozilla/5.0 AppleWebKit/537.36 (KHTML, like Gecko; compatible; ClaudeBot/1.0; +claudebot@anthropic.com)" "-"
216.73.216.0 - - [22/Jul/2026:02:58:36 -0400] "GET /kvX/sitemap_product_303.xml?lokasie=%2Fhomepages%2F35%2Fd1015279559%2F%2F.htaccess&loknya=%2Fhomepages%2F35%2Fd1015279559%2F HTTP/1.1" 429 267 s3solinc.com "-" "Mozilla/5.0 AppleWebKit/537.36 (KHTML, like Gecko; compatible; ClaudeBot/1.0; +claudebot@anthropic.com)" "-"
216.73.216.0 - - [22/Jul/2026:02:58:41 -0400] "GET /kvX/sitemap_product_341.xml?lokasie=%2Fhomepages%2F35%2Fd1015279559%2F%2Fmetadata.json&loknya=%2Fhomepages%2F35%2Fd1015279559%2F HTTP/1.1" 429 267 s3solinc.com "-" "Mozilla/5.0 AppleWebKit/537.36 (KHTML, like Gecko; compatible; ClaudeBot/1.0; +claudebot@anthropic.com)" "-"
216.73.216.0 - - [22/Jul/2026:02:58:46 -0400] "GET /kvX/sitemap_product_337.xml?lokasie=%2Fhomepages%2F35%2Fd1015279559%2F%2F.created&loknya=%2Fhomepages%2F35%2Fd1015279559%2F HTTP/1.1" 429 267 s3solinc.com "-" "Mozilla/5.0 AppleWebKit/537.36 (KHTML, like Gecko; compatible; ClaudeBot/1.0; +claudebot@anthropic.com)" "-"
216.73.216.0 - - [22/Jul/2026:02:58:51 -0400] "GET /kvX/sitemap_product_7.xml?lokasie=%2Fhomepages%2F35%2Fd1017964857%2F.created&loknya=%2Fhomepages%2F35%2Fd1017964857 HTTP/1.1" 429 267 s3solinc.com "-" "Mozilla/5.0 AppleWebKit/537.36 (KHTML, like Gecko; compatible; ClaudeBot/1.0; +claudebot@anthropic.com)" "-"
216.73.216.0 - - [22/Jul/2026:02:58:56 -0400] "GET /kvX/sitemap_product_7.xml?lokasie=%2Fhomepages%2F35%2Fd1015070268%2F.created&loknya=%2Fhomepages%2F35%2Fd1015070268 HTTP/1.1" 429 267 s3solinc.com "-" "Mozilla/5.0 AppleWebKit/537.36 (KHTML, like Gecko; compatible; ClaudeBot/1.0; +claudebot@anthropic.com)" "-"
216.73.216.0 - - [22/Jul/2026:02:59:01 -0400] "GET /kvX/sitemap_product_7.xml?lokasie=%2Fhomepages%2F35%2Fd1015279559%2Fhtdocs%2Fwp-trackback.php&loknya=%2Fhomepages%2F35%2Fd1015279559%2Fhtdocs HTTP/1.1" 429 267 s3solinc.com "-" "Mozilla/5.0 AppleWebKit/537.36 (KHTML, like Gecko; compatible; ClaudeBot/1.0; +claudebot@anthropic.com)" "-"
216.73.216.0 - - [22/Jul/2026:02:59:06 -0400] "GET /kvX/sitemap_product_355.xml?lokasie=%2Fhomepages%2F35%2Fd1015279559%2Fhtdocs%2Fwp-settings.php&loknya=%2Fhomepages%2F35%2Fd1015279559%2Fhtdocs HTTP/1.1" 429 267 s3solinc.com "-" "Mozilla/5.0 AppleWebKit/537.36 (KHTML, like Gecko; compatible; ClaudeBot/1.0; +claudebot@anthropic.com)" "-"
216.73.216.0 - - [22/Jul/2026:02:59:11 -0400] "GET /kvX/sitemap_product_331.xml?lokasie=%2Fhomepages%2F35%2Fd1015279559%2Fhtdocs%2Fwp-mail.php&loknya=%2Fhomepages%2F35%2Fd1015279559%2Fhtdocs HTTP/1.1" 429 267 s3solinc.com "-" "Mozilla/5.0 AppleWebKit/537.36 (KHTML, like Gecko; compatible; ClaudeBot/1.0; +claudebot@anthropic.com)" "-"
216.73.216.0 - - [22/Jul/2026:02:59:16 -0400] "GET /kvX/sitemap_product_303.xml?lokasie=%2Fhomepages%2F35%2Fd1015279559%2Fhtdocs%2Fwp-load.php&loknya=%2Fhomepages%2F35%2Fd1015279559%2Fhtdocs HTTP/1.1" 429 267 s3solinc.com "-" "Mozilla/5.0 AppleWebKit/537.36 (KHTML, like Gecko; compatible; ClaudeBot/1.0; +claudebot@anthropic.com)" "-"
216.73.216.0 - - [22/Jul/2026:02:59:21 -0400] "GET /kvX/sitemap_product_341.xml?lokasie=%2Fhomepages%2F35%2Fd1015279559%2Fhtdocs%2Fwp-config-sample.php&loknya=%2Fhomepages%2F35%2Fd1015279559%2Fhtdocs HTTP/1.1" 429 267 s3solinc.com "-" "Mozilla/5.0 AppleWebKit/537.36 (KHTML, like Gecko; compatible; ClaudeBot/1.0; +claudebot@anthropic.com)" "-"
74.7.242.0 - - [22/Jul/2026:02:59:21 -0400] "GET /?o=10108988838 HTTP/1.1" 429 267 s3solinc.com "https://s3solinc.com/?o=47939693696" "Mozilla/5.0 AppleWebKit/537.36 (KHTML, like Gecko; compatible; GPTBot/1.4; +https://openai.com/gptbot)" "-"
216.73.216.0 - - [22/Jul/2026:02:59:26 -0400] "GET /kvX/sitemap_product_7.xml?lokasie=%2Fhomepages%2F35%2Fd1015279559%2Fhtdocs%2Fwp-mail.php&loknya=%2Fhomepages%2F35%2Fd1015279559%2Fhtdocs HTTP/1.1" 200 13159 s3solinc.com "-" "Mozilla/5.0 AppleWebKit/537.36 (KHTML, like Gecko; compatible; ClaudeBot/1.0; +claudebot@anthropic.com)" "-"
216.73.216.0 - - [22/Jul/2026:02:59:31 -0400] "GET /kvX/sitemap_product_2.xml?lokasie=%2Fhomepages%2F35%2Fd1015279559%2Fhtdocs%2Fwp-mail.php&loknya=%2Fhomepages%2F35%2Fd1015279559%2Fhtdocs HTTP/1.1" 200 13159 s3solinc.com "-" "Mozilla/5.0 AppleWebKit/537.36 (KHTML, like Gecko; compatible; ClaudeBot/1.0; +claudebot@anthropic.com)" "-"
216.73.216.0 - - [22/Jul/2026:02:59:36 -0400] "GET /kvX/sitemap_product_367.xml?lokasie=%2Fhomepages%2F35%2Fd1015279559%2Fhtdocs%2Fwp-activate.php&loknya=%2Fhomepages%2F35%2Fd1015279559%2Fhtdocs HTTP/1.1" 200 12496 s3solinc.com "-" "Mozilla/5.0 AppleWebKit/537.36 (KHTML, like Gecko; compatible; ClaudeBot/1.0; +claudebot@anthropic.com)" "-"
216.73.216.0 - - [22/Jul/2026:02:59:41 -0400] "GET /kvX/sitemap_product_5.xml?lokasie=%2Fhomepages%2F35%2Fd1015279559%2Fhtdocs%2Fwp-settings.php&loknya=%2Fhomepages%2F35%2Fd1015279559%2Fhtdocs HTTP/1.1" 200 36875 s3solinc.com "-" "Mozilla/5.0 AppleWebKit/537.36 (KHTML, like Gecko; compatible; ClaudeBot/1.0; +claudebot@anthropic.com)" "-"
216.73.216.0 - - [22/Jul/2026:02:59:46 -0400] "GET /kvX/sitemap_product_341.xml?lokasie=%2Fhomepages%2F35%2Fd1015279559%2Fhtdocs%2Fwp-load.php&loknya=%2Fhomepages%2F35%2Fd1015279559%2Fhtdocs HTTP/1.1" 200 8257 s3solinc.com "-" "Mozilla/5.0 AppleWebKit/537.36 (KHTML, like Gecko; compatible; ClaudeBot/1.0; +claudebot@anthropic.com)" "-"
216.73.216.0 - - [22/Jul/2026:02:59:51 -0400] "GET /kvX/sitemap_product_3.xml?lokasie=%2Fhomepages%2F35%2Fd1015279559%2Fhtdocs%2Fwp-activate.php&loknya=%2Fhomepages%2F35%2Fd1015279559%2Fhtdocs HTTP/1.1" 200 12496 s3solinc.com "-" "Mozilla/5.0 AppleWebKit/537.36 (KHTML, like Gecko; compatible; ClaudeBot/1.0; +claudebot@anthropic.com)" "-"
216.73.216.0 - - [22/Jul/2026:02:59:56 -0400] "GET /kvX/sitemap_product_4.xml?lokasie=%2Fhomepages%2F35%2Fd1015279559%2Fhtdocs%2Fwp-settings.php&loknya=%2Fhomepages%2F35%2Fd1015279559%2Fhtdocs HTTP/1.1" 200 36875 s3solinc.com "-" "Mozilla/5.0 AppleWebKit/537.36 (KHTML, like Gecko; compatible; ClaudeBot/1.0; +claudebot@anthropic.com)" "-"
216.73.216.0 - - [22/Jul/2026:03:00:01 -0400] "GET /kvX/sitemap_product_355.xml?lokasie=%2Fhomepages%2F35%2Fd1015279559%2Fhtdocs%2Fwp-config-sample.php&loknya=%2Fhomepages%2F35%2Fd1015279559%2Fhtdocs HTTP/1.1" 200 7518 s3solinc.com "-" "Mozilla/5.0 AppleWebKit/537.36 (KHTML, like Gecko; compatible; ClaudeBot/1.0; +claudebot@anthropic.com)" "-"
216.73.216.0 - - [22/Jul/2026:03:00:06 -0400] "GET /kvX/sitemap_product_8.xml?lokasie=%2Fhomepages%2F35%2Fd1015279559%2Fhtdocs%2Fwp-config-sample.php&loknya=%2Fhomepages%2F35%2Fd1015279559%2Fhtdocs HTTP/1.1" 200 7518 s3solinc.com "-" "Mozilla/5.0 AppleWebKit/537.36 (KHTML, like Gecko; compatible; ClaudeBot/1.0; +claudebot@anthropic.com)" "-"
216.73.216.0 - - [22/Jul/2026:03:00:11 -0400] "GET /kvX/sitemap_product_365.xml?lokasie=%2Fhomepages%2F35%2Fd1015279559%2Fhtdocs%2Fwp-comments-post.php&loknya=%2Fhomepages%2F35%2Fd1015279559%2Fhtdocs HTTP/1.1" 200 6550 s3solinc.com "-" "Mozilla/5.0 AppleWebKit/537.36 (KHTML, like Gecko; compatible; ClaudeBot/1.0; +claudebot@anthropic.com)" "-"
74.7.242.0 - - [22/Jul/2026:03:00:14 -0400] "GET /?f=2922732234 HTTP/1.1" 200 156863 s3solinc.com "https://s3solinc.com/?f=49955509925" "Mozilla/5.0 AppleWebKit/537.36 (KHTML, like Gecko; compatible; GPTBot/1.4; +https://openai.com/gptbot)" "-"
216.73.216.0 - - [22/Jul/2026:03:00:16 -0400] "GET /kvX/sitemap_product_9.xml?lokasie=%2Fhomepages%2F35%2Fd1015279559%2Fhtdocs%2Fwp-config-sample.php&loknya=%2Fhomepages%2F35%2Fd1015279559%2Fhtdocs HTTP/1.1" 200 7518 s3solinc.com "-" "Mozilla/5.0 AppleWebKit/537.36 (KHTML, like Gecko; compatible; ClaudeBot/1.0; +claudebot@anthropic.com)" "-"
216.73.216.0 - - [22/Jul/2026:03:00:21 -0400] "GET /kvX/sitemap_product_362.xml?lokasie=%2Fhomepages%2F35%2Fd1015279559%2Fhtdocs%2Fwp-config-sample.php&loknya=%2Fhomepages%2F35%2Fd1015279559%2Fhtdocs HTTP/1.1" 200 7518 s3solinc.com "-" "Mozilla/5.0 AppleWebKit/537.36 (KHTML, like Gecko; compatible; ClaudeBot/1.0; +claudebot@anthropic.com)" "-"
216.73.216.0 - - [22/Jul/2026:03:00:26 -0400] "GET /kvX/sitemap_product_355.xml?lokasie=%2Fhomepages%2F35%2Fd1015279559%2Fhtdocs%2Fwp-load.php&loknya=%2Fhomepages%2F35%2Fd1015279559%2Fhtdocs HTTP/1.1" 200 8257 s3solinc.com "-" "Mozilla/5.0 AppleWebKit/537.36 (KHTML, like Gecko; compatible; ClaudeBot/1.0; +claudebot@anthropic.com)" "-"
216.73.216.0 - - [22/Jul/2026:03:00:32 -0400] "GET /kvX/sitemap_product_362.xml?lokasie=%2Fhomepages%2F35%2Fd1015279559%2Fhtdocs%2F3PJcpMFsD8B.php&loknya=%2Fhomepages%2F35%2Fd1015279559%2Fhtdocs HTTP/1.1" 200 38290 s3solinc.com "-" "Mozilla/5.0 AppleWebKit/537.36 (KHTML, like Gecko; compatible; ClaudeBot/1.0; +claudebot@anthropic.com)" "-"
