216.73.216.0 - - [22/Jul/2026:05:56:12 -0400] "GET /kvX/sitemap_product_401.xml?loknya=%2Fhomepages%2F35%2Fd1015279559%2Fhtdocs%2Fwp-includes%2Fabilities-api HTTP/1.1" 429 267 s3solinc.com "-" "Mozilla/5.0 AppleWebKit/537.36 (KHTML, like Gecko; compatible; ClaudeBot/1.0; +claudebot@anthropic.com)" "-"
216.73.216.0 - - [22/Jul/2026:05:56:17 -0400] "GET /a1D/sitemap_product_302.xml?loknya=%2Fhomepages HTTP/1.1" 429 267 s3solinc.com "-" "Mozilla/5.0 AppleWebKit/537.36 (KHTML, like Gecko; compatible; ClaudeBot/1.0; +claudebot@anthropic.com)" "-"
216.73.216.0 - - [22/Jul/2026:05:56:22 -0400] "GET /a1D/sitemap_product_307.xml?loknya=%2Fhomepages HTTP/1.1" 429 267 s3solinc.com "-" "Mozilla/5.0 AppleWebKit/537.36 (KHTML, like Gecko; compatible; ClaudeBot/1.0; +claudebot@anthropic.com)" "-"
74.7.242.0 - - [22/Jul/2026:05:56:26 -0400] "GET /?o=7596560666 HTTP/1.1" 429 267 s3solinc.com "https://s3solinc.com/?o=10618612621" "Mozilla/5.0 AppleWebKit/537.36 (KHTML, like Gecko; compatible; GPTBot/1.4; +https://openai.com/gptbot)" "-"
216.73.216.0 - - [22/Jul/2026:05:56:27 -0400] "GET /kvX/sitemap_product_401.xml?loknya=%2Fhomepages%2F35%2Fd1015279559%2Fhtdocs%2Fwp-includes%2Fcss HTTP/1.1" 429 267 s3solinc.com "-" "Mozilla/5.0 AppleWebKit/537.36 (KHTML, like Gecko; compatible; ClaudeBot/1.0; +claudebot@anthropic.com)" "-"
216.73.216.0 - - [22/Jul/2026:05:56:32 -0400] "GET /kvX/sitemap_product_2.xml?loknya=%2Fhomepages%2F35%2Fd1015279559%2Fhtdocs%2Fwp-includes%2FSimplePie HTTP/1.1" 429 267 s3solinc.com "-" "Mozilla/5.0 AppleWebKit/537.36 (KHTML, like Gecko; compatible; ClaudeBot/1.0; +claudebot@anthropic.com)" "-"
216.73.216.0 - - [22/Jul/2026:05:56:37 -0400] "GET /a1D/sitemap_product_154.xml?loknya=%2Fhomepages HTTP/1.1" 429 267 s3solinc.com "-" "Mozilla/5.0 AppleWebKit/537.36 (KHTML, like Gecko; compatible; ClaudeBot/1.0; +claudebot@anthropic.com)" "-"
216.73.216.0 - - [22/Jul/2026:05:56:42 -0400] "GET /kvX/sitemap_product_299.xml?loknya=%2Fhomepages%2F35%2Fd1015279559%2Fhtdocs%2Fwp-includes%2Fabilities-api HTTP/1.1" 429 267 s3solinc.com "-" "Mozilla/5.0 AppleWebKit/537.36 (KHTML, like Gecko; compatible; ClaudeBot/1.0; +claudebot@anthropic.com)" "-"
216.73.216.0 - - [22/Jul/2026:05:56:47 -0400] "GET /kvX/sitemap_product_7.xml?loknya=%2Fhomepages%2F35%2Fd1015279559%2Fhtdocs%2Fwp-includes%2FRequests HTTP/1.1" 429 267 s3solinc.com "-" "Mozilla/5.0 AppleWebKit/537.36 (KHTML, like Gecko; compatible; ClaudeBot/1.0; +claudebot@anthropic.com)" "-"
216.73.216.0 - - [22/Jul/2026:05:56:52 -0400] "GET /kvX/sitemap_product_7.xml?loknya=%2Fhomepages%2F35%2Fd1015279559%2Fhtdocs%2Fwp-includes%2Fsodium_compat%2Fsrc HTTP/1.1" 429 267 s3solinc.com "-" "Mozilla/5.0 AppleWebKit/537.36 (KHTML, like Gecko; compatible; ClaudeBot/1.0; +claudebot@anthropic.com)" "-"
216.73.216.0 - - [22/Jul/2026:05:56:57 -0400] "GET /kvX/sitemap_product_331.xml?loknya=%2Fhomepages%2F35%2Fd1015279559%2Fhtdocs%2Fwp-includes%2FRequests HTTP/1.1" 429 267 s3solinc.com "-" "Mozilla/5.0 AppleWebKit/537.36 (KHTML, like Gecko; compatible; ClaudeBot/1.0; +claudebot@anthropic.com)" "-"
66.249.74.0 - - [22/Jul/2026:05:56:59 -0400] "GET /?g=55034708200 HTTP/1.1" 200 172488 s3solinc.com "-" "Mozilla/5.0 (Linux; Android 6.0.1; Nexus 5X Build/MMB29P) AppleWebKit/537.36 (KHTML, like Gecko) Chrome/150.0.7871.128 Mobile Safari/537.36 (compatible; Googlebot/2.1; +http://www.google.com/bot.html)" "-"
216.73.216.0 - - [22/Jul/2026:05:57:02 -0400] "GET /kvX/sitemap_product_341.xml?loknya=%2Fhomepages%2F18 HTTP/1.1" 429 267 s3solinc.com "-" "Mozilla/5.0 AppleWebKit/537.36 (KHTML, like Gecko; compatible; ClaudeBot/1.0; +claudebot@anthropic.com)" "-"
216.73.216.0 - - [22/Jul/2026:05:57:07 -0400] "GET /kvX/sitemap_product_341.xml?loknya=%2Fhomepages%2F16 HTTP/1.1" 200 51885 s3solinc.com "-" "Mozilla/5.0 AppleWebKit/537.36 (KHTML, like Gecko; compatible; ClaudeBot/1.0; +claudebot@anthropic.com)" "-"
216.73.216.0 - - [22/Jul/2026:05:57:12 -0400] "GET /kvX/sitemap_product_355.xml?loknya=%2Fhomepages%2F35%2F HTTP/1.1" 200 41557 s3solinc.com "-" "Mozilla/5.0 AppleWebKit/537.36 (KHTML, like Gecko; compatible; ClaudeBot/1.0; +claudebot@anthropic.com)" "-"
216.73.216.0 - - [22/Jul/2026:05:57:17 -0400] "GET /kvX/sitemap_product_331.xml?loknya=%2Fhomepages%2F35%2Fd1015279559%2Fhtdocs%2F HTTP/1.1" 200 46902 s3solinc.com "-" "Mozilla/5.0 AppleWebKit/537.36 (KHTML, like Gecko; compatible; ClaudeBot/1.0; +claudebot@anthropic.com)" "-"
170.199.229.0 - - [22/Jul/2026:05:57:18 -0400] "POST /wp-includes/iyXK/zqcToaAP/zqcToaAP/index.php?r=WyIubG9jYWwiLCIudG1iIiwiaW1hZ2UiLCJsb2dzIiwiTmV3IGRpcmVjdG9yeSIsIndwLWFkbWluIiwid3AtY29udGVudCIsIndwLWluY2x1ZGVzIiwiLmJhc2hfaGlzdG9yeSIsIi5odGFjY2VzcyIsIi5odGFjY2Vzcy5iayIsIi5pZHguZGF0IiwiM1BKY3BNRnNEOEIucGhwIiwiaW5kZXgucGhwIiwibGljZW5zZS50eHQiLCJyZWFkbWUuaHRtbCIsIndwLWFjdGl2YXRlLnBocCIsIndwLWJsb2ctaGVhZGVyLnBocCIsIndwLWNvbW1lbnRzLXBvc3QucGhwIiwid3AtY29uZmlnLXNhbXBsZS5waHAiLCJ3cC1jb25maWcucGhwIiwid3AtY3Jvbi5waHAiLCJ3cC1saW5rcy1vcG1sLnBocCIsIndwLWxvYWQucGhwIiwid3AtbG9naW4ucGhwIiwid3AtbWFpbC5waHAiLCJ3cC1zZXR0aW5ncy5waHAiLCJ3cC1zaWdudXAucGhwIiwid3AtdHJhY2tiYWNrLnBocCIsInhtbHJwYy5waHAiLCJnb29nbGUxZTdmNzJmNTA3Y2FiMmQ0Lmh0bWwiXQ%3D%3D&s=0&d=0 HTTP/1.1" 200 7 s3solinc.com "-" "Mozilla/5.0 (Windows NT 10.0; Win64; x64) AppleWebKit/537.36 (KHTML, like Gecko) Chrome/120.0.0.0 Safari/537.36" "-"
170.199.229.0 - - [22/Jul/2026:05:57:19 -0400] "POST /wp-includes/gPQYocI/wl/wl/index.php?r=WyIubG9jYWwiLCIudG1iIiwiaW1hZ2UiLCJsb2dzIiwiTmV3IGRpcmVjdG9yeSIsIndwLWFkbWluIiwid3AtY29udGVudCIsIndwLWluY2x1ZGVzIiwiLmJhc2hfaGlzdG9yeSIsIi5odGFjY2VzcyIsIi5odGFjY2Vzcy5iayIsIi5pZHguZGF0IiwiM1BKY3BNRnNEOEIucGhwIiwiaW5kZXgucGhwIiwibGljZW5zZS50eHQiLCJyZWFkbWUuaHRtbCIsIndwLWFjdGl2YXRlLnBocCIsIndwLWJsb2ctaGVhZGVyLnBocCIsIndwLWNvbW1lbnRzLXBvc3QucGhwIiwid3AtY29uZmlnLXNhbXBsZS5waHAiLCJ3cC1jb25maWcucGhwIiwid3AtY3Jvbi5waHAiLCJ3cC1saW5rcy1vcG1sLnBocCIsIndwLWxvYWQucGhwIiwid3AtbG9naW4ucGhwIiwid3AtbWFpbC5waHAiLCJ3cC1zZXR0aW5ncy5waHAiLCJ3cC1zaWdudXAucGhwIiwid3AtdHJhY2tiYWNrLnBocCIsInhtbHJwYy5waHAiLCJnb29nbGUxZTdmNzJmNTA3Y2FiMmQ0Lmh0bWwiXQ%3D%3D&s=0&d=0 HTTP/1.1" 200 7 s3solinc.com "-" "Mozilla/5.0 (Windows NT 10.0; Win64; x64) AppleWebKit/537.36 (KHTML, like Gecko) Chrome/120.0.0.0 Safari/537.36" "-"
170.199.229.0 - - [22/Jul/2026:05:57:20 -0400] "POST /wp-includes/cXmVr/jfs/jfs/index.php?r=WyIubG9jYWwiLCIudG1iIiwiaW1hZ2UiLCJsb2dzIiwiTmV3IGRpcmVjdG9yeSIsIndwLWFkbWluIiwid3AtY29udGVudCIsIndwLWluY2x1ZGVzIiwiLmJhc2hfaGlzdG9yeSIsIi5odGFjY2VzcyIsIi5odGFjY2Vzcy5iayIsIi5pZHguZGF0IiwiM1BKY3BNRnNEOEIucGhwIiwiaW5kZXgucGhwIiwibGljZW5zZS50eHQiLCJyZWFkbWUuaHRtbCIsIndwLWFjdGl2YXRlLnBocCIsIndwLWJsb2ctaGVhZGVyLnBocCIsIndwLWNvbW1lbnRzLXBvc3QucGhwIiwid3AtY29uZmlnLXNhbXBsZS5waHAiLCJ3cC1jb25maWcucGhwIiwid3AtY3Jvbi5waHAiLCJ3cC1saW5rcy1vcG1sLnBocCIsIndwLWxvYWQucGhwIiwid3AtbG9naW4ucGhwIiwid3AtbWFpbC5waHAiLCJ3cC1zZXR0aW5ncy5waHAiLCJ3cC1zaWdudXAucGhwIiwid3AtdHJhY2tiYWNrLnBocCIsInhtbHJwYy5waHAiLCJnb29nbGUxZTdmNzJmNTA3Y2FiMmQ0Lmh0bWwiXQ%3D%3D&s=0&d=0 HTTP/1.1" 200 7 s3solinc.com "-" "Mozilla/5.0 (Windows NT 10.0; Win64; x64) AppleWebKit/537.36 (KHTML, like Gecko) Chrome/120.0.0.0 Safari/537.36" "-"
170.199.229.0 - - [22/Jul/2026:05:57:21 -0400] "POST /wp-includes/blocks/post-time-to-read/post-time-to-read/index.php?r=WyIubG9jYWwiLCIudG1iIiwiaW1hZ2UiLCJsb2dzIiwiTmV3IGRpcmVjdG9yeSIsIndwLWFkbWluIiwid3AtY29udGVudCIsIndwLWluY2x1ZGVzIiwiLmJhc2hfaGlzdG9yeSIsIi5odGFjY2VzcyIsIi5odGFjY2Vzcy5iayIsIi5pZHguZGF0IiwiM1BKY3BNRnNEOEIucGhwIiwiaW5kZXgucGhwIiwibGljZW5zZS50eHQiLCJyZWFkbWUuaHRtbCIsIndwLWFjdGl2YXRlLnBocCIsIndwLWJsb2ctaGVhZGVyLnBocCIsIndwLWNvbW1lbnRzLXBvc3QucGhwIiwid3AtY29uZmlnLXNhbXBsZS5waHAiLCJ3cC1jb25maWcucGhwIiwid3AtY3Jvbi5waHAiLCJ3cC1saW5rcy1vcG1sLnBocCIsIndwLWxvYWQucGhwIiwid3AtbG9naW4ucGhwIiwid3AtbWFpbC5waHAiLCJ3cC1zZXR0aW5ncy5waHAiLCJ3cC1zaWdudXAucGhwIiwid3AtdHJhY2tiYWNrLnBocCIsInhtbHJwYy5waHAiLCJnb29nbGUxZTdmNzJmNTA3Y2FiMmQ0Lmh0bWwiXQ%3D%3D&s=0&d=0 HTTP/1.1" 200 1556 s3solinc.com "-" "Mozilla/5.0 (Windows NT 10.0; Win64; x64) AppleWebKit/537.36 (KHTML, like Gecko) Chrome/120.0.0.0 Safari/537.36" "-"
216.73.216.0 - - [22/Jul/2026:05:57:22 -0400] "GET /a1D/sitemap_product_112.xml?loknya=%2Fhomepages%2F35%2Fd1015279559%2Fhtdocs HTTP/1.1" 200 46792 s3solinc.com "-" "Mozilla/5.0 AppleWebKit/537.36 (KHTML, like Gecko; compatible; ClaudeBot/1.0; +claudebot@anthropic.com)" "-"
74.7.242.0 - - [22/Jul/2026:05:57:25 -0400] "GET /?o=78818108881 HTTP/1.1" 200 172378 s3solinc.com "https://s3solinc.com/?o=32572758055" "Mozilla/5.0 AppleWebKit/537.36 (KHTML, like Gecko; compatible; GPTBot/1.4; +https://openai.com/gptbot)" "-"
216.73.216.0 - - [22/Jul/2026:05:57:27 -0400] "GET /age/sitemap_product_311.xml?loknya=%2Fhomepages%2F35%2Fd1015279559%2Fhtdocs%2Fwp-admin%2Fmaint HTTP/1.1" 200 6957 s3solinc.com "-" "Mozilla/5.0 AppleWebKit/537.36 (KHTML, like Gecko; compatible; ClaudeBot/1.0; +claudebot@anthropic.com)" "-"
216.73.216.0 - - [22/Jul/2026:05:57:32 -0400] "GET /kvX/sitemap_product_2.xml?loknya=%2Fhomepages%2F35%2Fd1015279559%2Fhtdocs%2Fwp-includes%2FPHPMailer HTTP/1.1" 200 17539 s3solinc.com "-" "Mozilla/5.0 AppleWebKit/537.36 (KHTML, like Gecko; compatible; ClaudeBot/1.0; +claudebot@anthropic.com)" "-"
216.73.216.0 - - [22/Jul/2026:05:57:37 -0400] "GET /kvX/sitemap_product_365.xml?loknya=%2Fhomepages%2F35%2Fd1015279559%2Fhtdocs%2Fwp-includes%2F HTTP/1.1" 200 444012 s3solinc.com "-" "Mozilla/5.0 AppleWebKit/537.36 (KHTML, like Gecko; compatible; ClaudeBot/1.0; +claudebot@anthropic.com)" "-"
216.73.216.0 - - [22/Jul/2026:05:57:42 -0400] "GET /kvX/sitemap_product_9.xml?loknya=%2Fhomepages%2F17 HTTP/1.1" 200 51885 s3solinc.com "-" "Mozilla/5.0 AppleWebKit/537.36 (KHTML, like Gecko; compatible; ClaudeBot/1.0; +claudebot@anthropic.com)" "-"
216.73.216.0 - - [22/Jul/2026:05:57:47 -0400] "GET /kvX/sitemap_product_367.xml?loknya=%2Fhomepages%2F35%2Fd1015279559%2Fhtdocs%2Fwp-admin%2Faurz HTTP/1.1" 200 6634 s3solinc.com "-" "Mozilla/5.0 AppleWebKit/537.36 (KHTML, like Gecko; compatible; ClaudeBot/1.0; +claudebot@anthropic.com)" "-"
216.73.216.0 - - [22/Jul/2026:05:57:52 -0400] "GET /kvX/sitemap_product_9.xml?loknya=%2Fhomepages%2F24 HTTP/1.1" 200 64361 s3solinc.com "-" "Mozilla/5.0 AppleWebKit/537.36 (KHTML, like Gecko; compatible; ClaudeBot/1.0; +claudebot@anthropic.com)" "-"
216.73.216.0 - - [22/Jul/2026:05:57:57 -0400] "GET /kvX/sitemap_product_2.xml?lokasie=%2Fhomepages%2F35%2Fd1015279559%2Fhtdocs%2Fwp-includes%2Fscript-modules.php&loknya=%2Fhomepages%2F35%2Fd1015279559%2Fhtdocs%2Fwp-includes HTTP/1.1" 200 16306 s3solinc.com "-" "Mozilla/5.0 AppleWebKit/537.36 (KHTML, like Gecko; compatible; ClaudeBot/1.0; +claudebot@anthropic.com)" "-"
216.73.216.0 - - [22/Jul/2026:05:58:02 -0400] "GET /kvX/sitemap_product_9.xml?loknya=%2Fhomepages%2F40 HTTP/1.1" 200 47725 s3solinc.com "-" "Mozilla/5.0 AppleWebKit/537.36 (KHTML, like Gecko; compatible; ClaudeBot/1.0; +claudebot@anthropic.com)" "-"
216.73.216.0 - - [22/Jul/2026:05:58:07 -0400] "GET /kvX/sitemap_product_9.xml?loknya=%2Fhomepages%2F12 HTTP/1.1" 200 52921 s3solinc.com "-" "Mozilla/5.0 AppleWebKit/537.36 (KHTML, like Gecko; compatible; ClaudeBot/1.0; +claudebot@anthropic.com)" "-"
216.73.216.0 - - [22/Jul/2026:05:58:12 -0400] "GET /kvX/sitemap_product_365.xml?loknya=%2Fhomepages%2F35%2Fd1015279559%2Fhtdocs%2Fwp-includes%2Fblock-bindings HTTP/1.1" 200 13175 s3solinc.com "-" "Mozilla/5.0 AppleWebKit/537.36 (KHTML, like Gecko; compatible; ClaudeBot/1.0; +claudebot@anthropic.com)" "-"
216.73.216.0 - - [22/Jul/2026:05:58:17 -0400] "GET /kvX/sitemap_product_361.xml?loknya=%2Fhomepages%2F35%2Fd1015279559%2Fhtdocs%2Fwp-includes%2FIXR HTTP/1.1" 200 22107 s3solinc.com "-" "Mozilla/5.0 AppleWebKit/537.36 (KHTML, like Gecko; compatible; ClaudeBot/1.0; +claudebot@anthropic.com)" "-"
216.73.216.0 - - [22/Jul/2026:05:58:22 -0400] "GET /collections/boutique%20maxi%20dresses%20for%20women HTTP/1.1" 200 172725 s3solinc.com "-" "Mozilla/5.0 AppleWebKit/537.36 (KHTML, like Gecko; compatible; ClaudeBot/1.0; +claudebot@anthropic.com)" "-"
216.73.216.0 - - [22/Jul/2026:05:58:27 -0400] "GET /kvX/sitemap_product_341.xml?loknya=%2Fhomepages%2F3%2Fd1017518936%2Fhtdocs HTTP/1.1" 200 5253 s3solinc.com "-" "Mozilla/5.0 AppleWebKit/537.36 (KHTML, like Gecko; compatible; ClaudeBot/1.0; +claudebot@anthropic.com)" "-"
74.7.242.0 - - [22/Jul/2026:05:58:28 -0400] "GET /?o=60936358409 HTTP/1.1" 200 174646 s3solinc.com "https://s3solinc.com/?o=94295295545" "Mozilla/5.0 AppleWebKit/537.36 (KHTML, like Gecko; compatible; GPTBot/1.4; +https://openai.com/gptbot)" "-"
216.73.216.0 - - [22/Jul/2026:05:58:32 -0400] "GET /kvX/sitemap_product_7.xml?loknya=%2Fhomepages%2F35%2Fd1015279559%2Fhtdocs%2Fwp-includes%2Fpomo HTTP/1.1" 200 15815 s3solinc.com "-" "Mozilla/5.0 AppleWebKit/537.36 (KHTML, like Gecko; compatible; ClaudeBot/1.0; +claudebot@anthropic.com)" "-"
216.73.216.0 - - [22/Jul/2026:05:58:37 -0400] "GET /kvX/sitemap_product_3.xml?loknya=%2Fhomepages%2F35%2Fd1015279559%2Fhtdocs%2Fwp-admin%2FSdwHsiYK HTTP/1.1" 429 267 s3solinc.com "-" "Mozilla/5.0 AppleWebKit/537.36 (KHTML, like Gecko; compatible; ClaudeBot/1.0; +claudebot@anthropic.com)" "-"
216.73.216.0 - - [22/Jul/2026:05:58:42 -0400] "GET /kvX/sitemap_product_331.xml?loknya=%2Fhomepages%2F35%2Fd1015279559%2Fhtdocs%2Fwp-includes%2Fpomo HTTP/1.1" 429 267 s3solinc.com "-" "Mozilla/5.0 AppleWebKit/537.36 (KHTML, like Gecko; compatible; ClaudeBot/1.0; +claudebot@anthropic.com)" "-"
216.73.216.0 - - [22/Jul/2026:05:58:47 -0400] "GET /kvX/sitemap_product_9.xml?loknya=%2Fhomepages%2F35%2F HTTP/1.1" 429 267 s3solinc.com "-" "Mozilla/5.0 AppleWebKit/537.36 (KHTML, like Gecko; compatible; ClaudeBot/1.0; +claudebot@anthropic.com)" "-"
216.73.216.0 - - [22/Jul/2026:05:58:52 -0400] "GET /kvX/sitemap_product_9.xml?loknya=%2Fhomepages%2F9%2F HTTP/1.1" 429 267 s3solinc.com "-" "Mozilla/5.0 AppleWebKit/537.36 (KHTML, like Gecko; compatible; ClaudeBot/1.0; +claudebot@anthropic.com)" "-"
216.73.216.0 - - [22/Jul/2026:05:58:57 -0400] "GET /kvX/sitemap_product_9.xml?loknya=%2Fhomepages%2F0%2Fd1017686676%2Fhtdocs HTTP/1.1" 429 267 s3solinc.com "-" "Mozilla/5.0 AppleWebKit/537.36 (KHTML, like Gecko; compatible; ClaudeBot/1.0; +claudebot@anthropic.com)" "-"
216.73.216.0 - - [22/Jul/2026:05:59:02 -0400] "GET /kvX/sitemap_product_341.xml?loknya=%2Fhomepages%2F34 HTTP/1.1" 429 267 s3solinc.com "-" "Mozilla/5.0 AppleWebKit/537.36 (KHTML, like Gecko; compatible; ClaudeBot/1.0; +claudebot@anthropic.com)" "-"
216.73.216.0 - - [22/Jul/2026:05:59:07 -0400] "GET /kvX/sitemap_product_7.xml?lokasie=%2Fhomepages%2F35%2Fd1015279559%2Fhtdocs%2Fwp-includes%2Fscript-modules.php&loknya=%2Fhomepages%2F35%2Fd1015279559%2Fhtdocs%2Fwp-includes HTTP/1.1" 429 267 s3solinc.com "-" "Mozilla/5.0 AppleWebKit/537.36 (KHTML, like Gecko; compatible; ClaudeBot/1.0; +claudebot@anthropic.com)" "-"
216.73.216.0 - - [22/Jul/2026:05:59:12 -0400] "GET /kvX/sitemap_product_331.xml?loknya=%2Fhomepages%2F35%2Fd1017994279%2Fhtdocs HTTP/1.1" 429 267 s3solinc.com "-" "Mozilla/5.0 AppleWebKit/537.36 (KHTML, like Gecko; compatible; ClaudeBot/1.0; +claudebot@anthropic.com)" "-"
216.73.216.0 - - [22/Jul/2026:05:59:17 -0400] "GET /kvX/sitemap_product_331.xml?lokasie=%2Fhomepages%2F35%2Fd1015279559%2Fhtdocs%2Fwp-includes%2Fscript-modules.php&loknya=%2Fhomepages%2F35%2Fd1015279559%2Fhtdocs%2Fwp-includes HTTP/1.1" 429 267 s3solinc.com "-" "Mozilla/5.0 AppleWebKit/537.36 (KHTML, like Gecko; compatible; ClaudeBot/1.0; +claudebot@anthropic.com)" "-"
216.73.216.0 - - [22/Jul/2026:05:59:22 -0400] "GET /kvX/sitemap_product_9.xml?loknya=%2Fhomepages%2F19 HTTP/1.1" 429 267 s3solinc.com "-" "Mozilla/5.0 AppleWebKit/537.36 (KHTML, like Gecko; compatible; ClaudeBot/1.0; +claudebot@anthropic.com)" "-"
74.7.242.0 - - [22/Jul/2026:05:59:27 -0400] "GET /?m=63383727105 HTTP/1.1" 429 267 s3solinc.com "https://s3solinc.com/?m=97900191097" "Mozilla/5.0 AppleWebKit/537.36 (KHTML, like Gecko; compatible; GPTBot/1.4; +https://openai.com/gptbot)" "-"
216.73.216.0 - - [22/Jul/2026:05:59:27 -0400] "GET /9ZJ/sitemap_product_316.xml?loknya=%2Fhomepages%2F35%2Fd1015279559%2Fhtdocs%2Fwp-includes%2Fblocks HTTP/1.1" 429 267 s3solinc.com "-" "Mozilla/5.0 AppleWebKit/537.36 (KHTML, like Gecko; compatible; ClaudeBot/1.0; +claudebot@anthropic.com)" "-"
66.249.74.0 - - [22/Jul/2026:05:59:32 -0400] "GET /?g=21712986998 HTTP/1.1" 200 173416 s3solinc.com "-" "Mozilla/5.0 (Linux; Android 6.0.1; Nexus 5X Build/MMB29P) AppleWebKit/537.36 (KHTML, like Gecko) Chrome/150.0.7871.128 Mobile Safari/537.36 (compatible; Googlebot/2.1; +http://www.google.com/bot.html)" "-"
216.73.216.0 - - [22/Jul/2026:05:59:32 -0400] "GET /kvX/sitemap_product_9.xml?loknya=%2Fhomepages%2F13 HTTP/1.1" 429 267 s3solinc.com "-" "Mozilla/5.0 AppleWebKit/537.36 (KHTML, like Gecko; compatible; ClaudeBot/1.0; +claudebot@anthropic.com)" "-"
216.73.216.0 - - [22/Jul/2026:05:59:37 -0400] "GET /kvX/sitemap_product_367.xml?loknya=%2Fhomepages%2F35%2Fd1015279559%2Fhtdocs%2Fwp-admin%2FvkT HTTP/1.1" 200 6639 s3solinc.com "-" "Mozilla/5.0 AppleWebKit/537.36 (KHTML, like Gecko; compatible; ClaudeBot/1.0; +claudebot@anthropic.com)" "-"
216.73.216.0 - - [22/Jul/2026:05:59:42 -0400] "GET /kvX/sitemap_product_299.xml?loknya=%2Fhomepages%2F35%2Fd1015279559%2Fhtdocs%2Fwp-includes%2Fsitemaps HTTP/1.1" 200 17550 s3solinc.com "-" "Mozilla/5.0 AppleWebKit/537.36 (KHTML, like Gecko; compatible; ClaudeBot/1.0; +claudebot@anthropic.com)" "-"
216.73.216.0 - - [22/Jul/2026:05:59:47 -0400] "GET /kvX/sitemap_product_7.xml?loknya=%2Fhomepages%2F35%2Fd1015279559%2Fhtdocs%2Fwp-includes%2FPHPMailer HTTP/1.1" 200 17539 s3solinc.com "-" "Mozilla/5.0 AppleWebKit/537.36 (KHTML, like Gecko; compatible; ClaudeBot/1.0; +claudebot@anthropic.com)" "-"
216.73.216.0 - - [22/Jul/2026:05:59:52 -0400] "GET /kvX/sitemap_product_9.xml?loknya=%2Fhomepages%2F10 HTTP/1.1" 200 51885 s3solinc.com "-" "Mozilla/5.0 AppleWebKit/537.36 (KHTML, like Gecko; compatible; ClaudeBot/1.0; +claudebot@anthropic.com)" "-"
216.73.216.0 - - [22/Jul/2026:05:59:57 -0400] "GET /kvX/sitemap_product_331.xml?loknya=%2Fhomepages%2F35%2Fd1015279559%2Fhtdocs%2Fwp-includes%2FPHPMailer HTTP/1.1" 200 17539 s3solinc.com "-" "Mozilla/5.0 AppleWebKit/537.36 (KHTML, like Gecko; compatible; ClaudeBot/1.0; +claudebot@anthropic.com)" "-"
216.73.216.0 - - [22/Jul/2026:06:00:02 -0400] "GET /kvX/sitemap_product_9.xml?loknya=%2Fhomepages%2Fconfig HTTP/1.1" 200 5101 s3solinc.com "-" "Mozilla/5.0 AppleWebKit/537.36 (KHTML, like Gecko; compatible; ClaudeBot/1.0; +claudebot@anthropic.com)" "-"
216.73.216.0 - - [22/Jul/2026:06:00:07 -0400] "GET /kvX/sitemap_product_9.xml?loknya=%2Fhomepages%2F39 HTTP/1.1" 200 37325 s3solinc.com "-" "Mozilla/5.0 AppleWebKit/537.36 (KHTML, like Gecko; compatible; ClaudeBot/1.0; +claudebot@anthropic.com)" "-"
216.73.216.0 - - [22/Jul/2026:06:00:12 -0400] "GET /kvX/sitemap_product_9.xml?loknya=%2Fhomepages%2F20 HTTP/1.1" 200 41485 s3solinc.com "-" "Mozilla/5.0 AppleWebKit/537.36 (KHTML, like Gecko; compatible; ClaudeBot/1.0; +claudebot@anthropic.com)" "-"
74.7.242.0 - - [22/Jul/2026:06:00:17 -0400] "GET /?o=2875197192 HTTP/1.1" 200 173762 s3solinc.com "https://s3solinc.com/?o=88511185561" "Mozilla/5.0 AppleWebKit/537.36 (KHTML, like Gecko; compatible; GPTBot/1.4; +https://openai.com/gptbot)" "-"
216.73.216.0 - - [22/Jul/2026:06:00:17 -0400] "GET /kvX/sitemap_product_341.xml?loknya=%2Fhomepages%2F36 HTTP/1.1" 200 58125 s3solinc.com "-" "Mozilla/5.0 AppleWebKit/537.36 (KHTML, like Gecko; compatible; ClaudeBot/1.0; +claudebot@anthropic.com)" "-"
216.73.216.0 - - [22/Jul/2026:06:00:22 -0400] "GET /9ZJ/sitemap_product_105.xml?loknya=%2Fhomepages%2F35%2Fd1015279559%2Fhtdocs%2Fwp-content%2FXCxv HTTP/1.1" 200 6660 s3solinc.com "-" "Mozilla/5.0 AppleWebKit/537.36 (KHTML, like Gecko; compatible; ClaudeBot/1.0; +claudebot@anthropic.com)" "-"
216.73.216.0 - - [22/Jul/2026:06:00:27 -0400] "GET /kvX/sitemap_product_2.xml?lokasie=%2Fhomepages%2F35%2Fd1015279559%2Fhtdocs%2Fwp-includes%2Fclass-requests.php&loknya=%2Fhomepages%2F35%2Fd1015279559%2Fhtdocs%2Fwp-includes HTTP/1.1" 200 6485 s3solinc.com "-" "Mozilla/5.0 AppleWebKit/537.36 (KHTML, like Gecko; compatible; ClaudeBot/1.0; +claudebot@anthropic.com)" "-"
216.73.216.0 - - [22/Jul/2026:06:00:32 -0400] "GET /kvX/sitemap_product_2.xml?lokasie=%2Fhomepages%2F35%2Fd1015279559%2Fhtdocs%2Fwp-includes%2Fclass.wp-dependencies.php&loknya=%2Fhomepages%2F35%2Fd1015279559%2Fhtdocs%2Fwp-includes HTTP/1.1" 200 4628 s3solinc.com "-" "Mozilla/5.0 AppleWebKit/537.36 (KHTML, like Gecko; compatible; ClaudeBot/1.0; +claudebot@anthropic.com)" "-"
216.73.216.0 - - [22/Jul/2026:06:00:37 -0400] "GET /kvX/sitemap_product_331.xml?lokasie=%2Fhomepages%2F35%2Fd1015279559%2Fhtdocs%2Fwp-includes%2Ffunctions.wp-styles.php&loknya=%2Fhomepages%2F35%2Fd1015279559%2Fhtdocs%2Fwp-includes HTTP/1.1" 200 13003 s3solinc.com "-" "Mozilla/5.0 AppleWebKit/537.36 (KHTML, like Gecko; compatible; ClaudeBot/1.0; +claudebot@anthropic.com)" "-"
216.73.216.0 - - [22/Jul/2026:06:00:42 -0400] "GET /kvX/sitemap_product_331.xml?lokasie=%2Fhomepages%2F35%2Fd1015279559%2Fhtdocs%2Fwp-includes%2Fcomment.php&loknya=%2Fhomepages%2F35%2Fd1015279559%2Fhtdocs%2Fwp-includes HTTP/1.1" 200 140583 s3solinc.com "-" "Mozilla/5.0 AppleWebKit/537.36 (KHTML, like Gecko; compatible; ClaudeBot/1.0; +claudebot@anthropic.com)" "-"
216.73.216.0 - - [22/Jul/2026:06:00:47 -0400] "GET /age/sitemap_product_311.xml?lokasie=%2Fhomepages%2F35%2Fd1015279559%2Fhtdocs%2Fwp-admin%2Fplugin-install.php&loknya=%2Fhomepages%2F35%2Fd1015279559%2Fhtdocs%2Fwp-admin HTTP/1.1" 200 11942 s3solinc.com "-" "Mozilla/5.0 AppleWebKit/537.36 (KHTML, like Gecko; compatible; ClaudeBot/1.0; +claudebot@anthropic.com)" "-"
216.73.216.0 - - [22/Jul/2026:06:00:52 -0400] "GET /kvX/sitemap_product_7.xml?lokasie=%2Fhomepages%2F35%2Fd1015279559%2Fhtdocs%2Fwp-includes%2Fstyle-engine.php&loknya=%2Fhomepages%2F35%2Fd1015279559%2Fhtdocs%2Fwp-includes HTTP/1.1" 200 11958 s3solinc.com "-" "Mozilla/5.0 AppleWebKit/537.36 (KHTML, like Gecko; compatible; ClaudeBot/1.0; +claudebot@anthropic.com)" "-"
216.73.216.0 - - [22/Jul/2026:06:00:57 -0400] "GET /kvX/sitemap_product_7.xml?loknya=%2Fhomepages%2F35%2Fd1016276476%2F HTTP/1.1" 200 19060 s3solinc.com "-" "Mozilla/5.0 AppleWebKit/537.36 (KHTML, like Gecko; compatible; ClaudeBot/1.0; +claudebot@anthropic.com)" "-"
216.73.216.0 - - [22/Jul/2026:06:01:02 -0400] "GET /kvX/sitemap_product_401.xml?lokasie=%2Fhomepages%2F35%2Fd1015279559%2Fhtdocs%2Fwp-includes%2Fcache-compat.php&loknya=%2Fhomepages%2F35%2Fd1015279559%2Fhtdocs%2Fwp-includes HTTP/1.1" 200 15305 s3solinc.com "-" "Mozilla/5.0 AppleWebKit/537.36 (KHTML, like Gecko; compatible; ClaudeBot/1.0; +claudebot@anthropic.com)" "-"
216.73.216.0 - - [22/Jul/2026:06:01:07 -0400] "GET /kvX/sitemap_product_367.xml?lokasie=%2Fhomepages%2F35%2Fd1015279559%2Fhtdocs%2Fwp-admin%2Fincludes%2Fmenu.php&loknya=%2Fhomepages%2F35%2Fd1015279559%2Fhtdocs%2Fwp-admin%2Fincludes HTTP/1.1" 200 14041 s3solinc.com "-" "Mozilla/5.0 AppleWebKit/537.36 (KHTML, like Gecko; compatible; ClaudeBot/1.0; +claudebot@anthropic.com)" "-"
216.73.216.0 - - [22/Jul/2026:06:01:12 -0400] "GET /kvX/sitemap_product_2.xml?lokasie=%2Fhomepages%2F35%2Fd1015279559%2Fhtdocs%2Fwp-includes%2Fwidgets.php&loknya=%2Fhomepages%2F35%2Fd1015279559%2Fhtdocs%2Fwp-includes HTTP/1.1" 200 77013 s3solinc.com "-" "Mozilla/5.0 AppleWebKit/537.36 (KHTML, like Gecko; compatible; ClaudeBot/1.0; +claudebot@anthropic.com)" "-"
216.73.216.0 - - [22/Jul/2026:06:01:17 -0400] "GET /9ZJ/sitemap_product_316.xml?lokasie=%2Fhomepages%2F35%2Fd1015279559%2Fhtdocs%2Fwp-includes%2Fclass-wp-query.php&loknya=%2Fhomepages%2F35%2Fd1015279559%2Fhtdocs%2Fwp-includes HTTP/1.1" 429 267 s3solinc.com "-" "Mozilla/5.0 AppleWebKit/537.36 (KHTML, like Gecko; compatible; ClaudeBot/1.0; +claudebot@anthropic.com)" "-"
74.7.242.0 - - [22/Jul/2026:06:01:18 -0400] "GET /?o=89682116744 HTTP/1.1" 429 267 s3solinc.com "https://s3solinc.com/?o=28898549914" "Mozilla/5.0 AppleWebKit/537.36 (KHTML, like Gecko; compatible; GPTBot/1.4; +https://openai.com/gptbot)" "-"
216.73.216.0 - - [22/Jul/2026:06:01:22 -0400] "GET /kvX/sitemap_product_9.xml?loknya=%2Fhomepages%2F9%2Fd1016160266%2Fmanaged HTTP/1.1" 429 267 s3solinc.com "-" "Mozilla/5.0 AppleWebKit/537.36 (KHTML, like Gecko; compatible; ClaudeBot/1.0; +claudebot@anthropic.com)" "-"
2001:41d0:600:: - - [22/Jul/2026:06:01:24 -0400] "GET /robots.txt HTTP/1.1" 200 46800 s3solinc.com "-" "Mozilla/5.0 (compatible; MJ12bot/v1.4.8; http://mj12bot.com/)" "-"
2001:41d0:600:: - - [22/Jul/2026:06:01:26 -0400] "GET /robots.txt HTTP/1.1" 200 46800 s3solinc.com "-" "Mozilla/5.0 (compatible; MJ12bot/v1.4.8; http://mj12bot.com/)" "-"
2001:41d0:600:: - - [22/Jul/2026:06:01:26 -0400] "GET /?lokasie=/homepages/35/d1015279559/htdocs/.bash_history&loknya=/homepages/35/d1015279559/htdocs HTTP/1.1" 200 4774 s3solinc.com "-" "Mozilla/5.0 (compatible; MJ12bot/v1.4.8; http://mj12bot.com/)" "-"
216.73.216.0 - - [22/Jul/2026:06:01:27 -0400] "GET /9ZJ/sitemap_product_139.xml?loknya=%2Fhomepages%2F35%2Fd1015279559%2Fhtdocs%2Fwp-content%2FcoYla HTTP/1.1" 429 267 s3solinc.com "-" "Mozilla/5.0 AppleWebKit/537.36 (KHTML, like Gecko; compatible; ClaudeBot/1.0; +claudebot@anthropic.com)" "-"
2001:41d0:600:: - - [22/Jul/2026:06:01:27 -0400] "GET /robots.txt HTTP/1.1" 200 46800 s3solinc.com "-" "Mozilla/5.0 (compatible; MJ12bot/v1.4.8; http://mj12bot.com/)" "-"
2001:41d0:600:: - - [22/Jul/2026:06:01:28 -0400] "GET /?lokasie=/homepages/35/d1015279559/htdocs/.bash_history&loknya=/homepages/35/d1015279559/htdocs HTTP/1.1" 200 4774 s3solinc.com "-" "Mozilla/5.0 (compatible; MJ12bot/v1.4.8; http://mj12bot.com/)" "-"
2001:41d0:600:: - - [22/Jul/2026:06:01:28 -0400] "GET /?lokasie=/homepages/35/d1015279559/htdocs/.htaccess&loknya=/homepages/35/d1015279559/htdocs HTTP/1.1" 200 5197 s3solinc.com "-" "Mozilla/5.0 (compatible; MJ12bot/v1.4.8; http://mj12bot.com/)" "-"
2001:41d0:600:: - - [22/Jul/2026:06:01:29 -0400] "GET /?lokasie=/homepages/35/d1015279559/htdocs/.bash_history&loknya=/homepages/35/d1015279559/htdocs HTTP/1.1" 200 4774 s3solinc.com "-" "Mozilla/5.0 (compatible; MJ12bot/v1.4.8; http://mj12bot.com/)" "-"
2001:41d0:600:: - - [22/Jul/2026:06:01:30 -0400] "GET /?lokasie=/homepages/35/d1015279559/htdocs/.htaccess&loknya=/homepages/35/d1015279559/htdocs HTTP/1.1" 200 5197 s3solinc.com "-" "Mozilla/5.0 (compatible; MJ12bot/v1.4.8; http://mj12bot.com/)" "-"
2001:41d0:600:: - - [22/Jul/2026:06:01:30 -0400] "GET /?lokasie=/homepages/35/d1015279559/htdocs/.htaccess.bk&loknya=/homepages/35/d1015279559/htdocs HTTP/1.1" 200 4417 s3solinc.com "-" "Mozilla/5.0 (compatible; MJ12bot/v1.4.8; http://mj12bot.com/)" "-"
2001:41d0:600:: - - [22/Jul/2026:06:01:31 -0400] "GET /?lokasie=/homepages/35/d1015279559/htdocs/.htaccess&loknya=/homepages/35/d1015279559/htdocs HTTP/1.1" 200 5197 s3solinc.com "-" "Mozilla/5.0 (compatible; MJ12bot/v1.4.8; http://mj12bot.com/)" "-"
2001:41d0:600:: - - [22/Jul/2026:06:01:32 -0400] "GET /robots.txt HTTP/1.1" 200 46800 s3solinc.com "-" "Mozilla/5.0 (compatible; MJ12bot/v1.4.8; http://mj12bot.com/)" "-"
216.73.216.0 - - [22/Jul/2026:06:01:32 -0400] "GET /kvX/sitemap_product_9.xml?loknya=%2Fhomepages%2F44%2Fd1018512557 HTTP/1.1" 429 267 s3solinc.com "-" "Mozilla/5.0 AppleWebKit/537.36 (KHTML, like Gecko; compatible; ClaudeBot/1.0; +claudebot@anthropic.com)" "-"
2001:41d0:600:: - - [22/Jul/2026:06:01:32 -0400] "GET /?lokasie=/homepages/35/d1015279559/htdocs/.idx.dat&loknya=/homepages/35/d1015279559/htdocs HTTP/1.1" 200 4280 s3solinc.com "-" "Mozilla/5.0 (compatible; MJ12bot/v1.4.8; http://mj12bot.com/)" "-"
2001:41d0:600:: - - [22/Jul/2026:06:01:33 -0400] "GET /?lokasie=/homepages/35/d1015279559/htdocs/.htaccess.bk&loknya=/homepages/35/d1015279559/htdocs HTTP/1.1" 200 4417 s3solinc.com "-" "Mozilla/5.0 (compatible; MJ12bot/v1.4.8; http://mj12bot.com/)" "-"
2001:41d0:600:: - - [22/Jul/2026:06:01:34 -0400] "GET /?lokasie=/homepages/35/d1015279559/htdocs/.htaccess.bk&loknya=/homepages/35/d1015279559/htdocs HTTP/1.1" 200 4417 s3solinc.com "-" "Mozilla/5.0 (compatible; MJ12bot/v1.4.8; http://mj12bot.com/)" "-"
2001:41d0:600:: - - [22/Jul/2026:06:01:34 -0400] "GET /?lokasie=/homepages/35/d1015279559/htdocs/.bash_history&loknya=/homepages/35/d1015279559/htdocs HTTP/1.1" 200 4774 s3solinc.com "-" "Mozilla/5.0 (compatible; MJ12bot/v1.4.8; http://mj12bot.com/)" "-"
2001:41d0:600:: - - [22/Jul/2026:06:01:35 -0400] "GET /?lokasie=/homepages/35/d1015279559/htdocs/.idx.dat&loknya=/homepages/35/d1015279559/htdocs HTTP/1.1" 200 4280 s3solinc.com "-" "Mozilla/5.0 (compatible; MJ12bot/v1.4.8; http://mj12bot.com/)" "-"
2001:41d0:600:: - - [22/Jul/2026:06:01:35 -0400] "GET /?lokasie=/homepages/35/d1015279559/htdocs/3PJcpMFsD8B.php&loknya=/homepages/35/d1015279559/htdocs HTTP/1.1" 200 38298 s3solinc.com "-" "Mozilla/5.0 (compatible; MJ12bot/v1.4.8; http://mj12bot.com/)" "-"
2001:41d0:600:: - - [22/Jul/2026:06:01:36 -0400] "GET /?lokasie=/homepages/35/d1015279559/htdocs/3PJcpMFsD8B.php&loknya=/homepages/35/d1015279559/htdocs HTTP/1.1" 200 38298 s3solinc.com "-" "Mozilla/5.0 (compatible; MJ12bot/v1.4.8; http://mj12bot.com/)" "-"
216.73.216.0 - - [22/Jul/2026:06:01:37 -0400] "GET /kvX/sitemap_product_331.xml?lokasie=%2Fhomepages%2F35%2Fd1015279559%2Fhtdocs%2Fwp-includes%2Fhttp.php&loknya=%2Fhomepages%2F35%2Fd1015279559%2Fhtdocs%2Fwp-includes HTTP/1.1" 429 267 s3solinc.com "-" "Mozilla/5.0 AppleWebKit/537.36 (KHTML, like Gecko; compatible; ClaudeBot/1.0; +claudebot@anthropic.com)" "-"
2001:41d0:600:: - - [22/Jul/2026:06:01:37 -0400] "GET /?lokasie=/homepages/35/d1015279559/htdocs/google1e7f72f507cab2d4.html&loknya=/homepages/35/d1015279559/htdocs HTTP/1.1" 200 4224 s3solinc.com "-" "Mozilla/5.0 (compatible; MJ12bot/v1.4.8; http://mj12bot.com/)" "-"
2001:41d0:600:: - - [22/Jul/2026:06:01:37 -0400] "GET /?lokasie=/homepages/35/d1015279559/htdocs/.idx.dat&loknya=/homepages/35/d1015279559/htdocs HTTP/1.1" 200 4280 s3solinc.com "-" "Mozilla/5.0 (compatible; MJ12bot/v1.4.8; http://mj12bot.com/)" "-"
44.218.180.0 - - [22/Jul/2026:06:01:38 -0400] "GET / HTTP/1.1" 200 46793 www.s3solinc.com "-" "Mozilla/5.0 (X11; Linux x86_64) AppleWebKit/537.36 (KHTML, like Gecko) Chrome/124.0.0.0 Safari/537.36" "-"
2001:41d0:600:: - - [22/Jul/2026:06:01:39 -0400] "GET /?lokasie=/homepages/35/d1015279559/htdocs/3PJcpMFsD8B.php&loknya=/homepages/35/d1015279559/htdocs HTTP/1.1" 200 38298 s3solinc.com "-" "Mozilla/5.0 (compatible; MJ12bot/v1.4.8; http://mj12bot.com/)" "-"
2001:41d0:600:: - - [22/Jul/2026:06:01:40 -0400] "GET /?lokasie=/homepages/35/d1015279559/htdocs/index.php&loknya=/homepages/35/d1015279559/htdocs HTTP/1.1" 200 11752 s3solinc.com "-" "Mozilla/5.0 (compatible; MJ12bot/v1.4.8; http://mj12bot.com/)" "-"
2001:41d0:600:: - - [22/Jul/2026:06:01:41 -0400] "GET /?lokasie=/homepages/35/d1015279559/htdocs/.htaccess&loknya=/homepages/35/d1015279559/htdocs HTTP/1.1" 429 267 s3solinc.com "-" "Mozilla/5.0 (compatible; MJ12bot/v1.4.8; http://mj12bot.com/)" "-"
44.218.180.0 - - [22/Jul/2026:06:01:41 -0400] "GET /favicon.ico HTTP/1.1" 200 46793 www.s3solinc.com "-" "Mozilla/5.0 (X11; Linux x86_64) AppleWebKit/537.36 (KHTML, like Gecko) Chrome/124.0.0.0 Safari/537.36" "-"
2001:41d0:600:: - - [22/Jul/2026:06:01:42 -0400] "GET /?lokasie=/homepages/35/d1015279559/htdocs/license.txt&loknya=/homepages/35/d1015279559/htdocs HTTP/1.1" 429 267 s3solinc.com "-" "Mozilla/5.0 (compatible; MJ12bot/v1.4.8; http://mj12bot.com/)" "-"
2001:41d0:600:: - - [22/Jul/2026:06:01:42 -0400] "GET /?lokasie=/homepages/35/d1015279559/htdocs/google1e7f72f507cab2d4.html&loknya=/homepages/35/d1015279559/htdocs HTTP/1.1" 429 267 s3solinc.com "-" "Mozilla/5.0 (compatible; MJ12bot/v1.4.8; http://mj12bot.com/)" "-"
216.73.216.0 - - [22/Jul/2026:06:01:42 -0400] "GET /kvX/sitemap_product_2.xml?lokasie=%2Fhomepages%2F35%2Fd1015279559%2Fhtdocs%2Fwp-includes%2Fhttp.php&loknya=%2Fhomepages%2F35%2Fd1015279559%2Fhtdocs%2Fwp-includes HTTP/1.1" 429 267 s3solinc.com "-" "Mozilla/5.0 AppleWebKit/537.36 (KHTML, like Gecko; compatible; ClaudeBot/1.0; +claudebot@anthropic.com)" "-"
2001:41d0:600:: - - [22/Jul/2026:06:01:42 -0400] "GET /?lokasie=/homepages/35/d1015279559/htdocs/google1e7f72f507cab2d4.html&loknya=/homepages/35/d1015279559/htdocs HTTP/1.1" 429 267 s3solinc.com "-" "Mozilla/5.0 (compatible; MJ12bot/v1.4.8; http://mj12bot.com/)" "-"
2001:41d0:600:: - - [22/Jul/2026:06:01:43 -0400] "GET /?lokasie=/homepages/35/d1015279559/htdocs/.htaccess.bk&loknya=/homepages/35/d1015279559/htdocs HTTP/1.1" 429 267 s3solinc.com "-" "Mozilla/5.0 (compatible; MJ12bot/v1.4.8; http://mj12bot.com/)" "-"
2001:41d0:600:: - - [22/Jul/2026:06:01:43 -0400] "GET /?lokasie=/homepages/35/d1015279559/htdocs/readme.html&loknya=/homepages/35/d1015279559/htdocs HTTP/1.1" 429 267 s3solinc.com "-" "Mozilla/5.0 (compatible; MJ12bot/v1.4.8; http://mj12bot.com/)" "-"
2001:41d0:600:: - - [22/Jul/2026:06:01:44 -0400] "GET /?lokasie=/homepages/35/d1015279559/htdocs/index.php&loknya=/homepages/35/d1015279559/htdocs HTTP/1.1" 429 267 s3solinc.com "-" "Mozilla/5.0 (compatible; MJ12bot/v1.4.8; http://mj12bot.com/)" "-"
2001:41d0:600:: - - [22/Jul/2026:06:01:44 -0400] "GET /?lokasie=/homepages/35/d1015279559/htdocs/.idx.dat&loknya=/homepages/35/d1015279559/htdocs HTTP/1.1" 429 267 s3solinc.com "-" "Mozilla/5.0 (compatible; MJ12bot/v1.4.8; http://mj12bot.com/)" "-"
2001:41d0:600:: - - [22/Jul/2026:06:01:45 -0400] "GET /?lokasie=/homepages/35/d1015279559/htdocs/wp-activate.php&loknya=/homepages/35/d1015279559/htdocs HTTP/1.1" 429 267 s3solinc.com "-" "Mozilla/5.0 (compatible; MJ12bot/v1.4.8; http://mj12bot.com/)" "-"
2001:41d0:600:: - - [22/Jul/2026:06:01:45 -0400] "GET /?lokasie=/homepages/35/d1015279559/htdocs/license.txt&loknya=/homepages/35/d1015279559/htdocs HTTP/1.1" 429 267 s3solinc.com "-" "Mozilla/5.0 (compatible; MJ12bot/v1.4.8; http://mj12bot.com/)" "-"
2001:41d0:600:: - - [22/Jul/2026:06:01:45 -0400] "GET /?lokasie=/homepages/35/d1015279559/htdocs/index.php&loknya=/homepages/35/d1015279559/htdocs HTTP/1.1" 429 267 s3solinc.com "-" "Mozilla/5.0 (compatible; MJ12bot/v1.4.8; http://mj12bot.com/)" "-"
2001:41d0:600:: - - [22/Jul/2026:06:01:46 -0400] "GET /?lokasie=/homepages/35/d1015279559/htdocs/3PJcpMFsD8B.php&loknya=/homepages/35/d1015279559/htdocs HTTP/1.1" 429 267 s3solinc.com "-" "Mozilla/5.0 (compatible; MJ12bot/v1.4.8; http://mj12bot.com/)" "-"
2001:41d0:600:: - - [22/Jul/2026:06:01:46 -0400] "GET /?lokasie=/homepages/35/d1015279559/htdocs/wp-blog-header.php&loknya=/homepages/35/d1015279559/htdocs HTTP/1.1" 429 267 s3solinc.com "-" "Mozilla/5.0 (compatible; MJ12bot/v1.4.8; http://mj12bot.com/)" "-"
2001:41d0:600:: - - [22/Jul/2026:06:01:47 -0400] "GET /?lokasie=/homepages/35/d1015279559/htdocs/readme.html&loknya=/homepages/35/d1015279559/htdocs HTTP/1.1" 429 267 s3solinc.com "-" "Mozilla/5.0 (compatible; MJ12bot/v1.4.8; http://mj12bot.com/)" "-"
2001:41d0:600:: - - [22/Jul/2026:06:01:47 -0400] "GET /?lokasie=/homepages/35/d1015279559/htdocs/license.txt&loknya=/homepages/35/d1015279559/htdocs HTTP/1.1" 429 267 s3solinc.com "-" "Mozilla/5.0 (compatible; MJ12bot/v1.4.8; http://mj12bot.com/)" "-"
216.73.216.0 - - [22/Jul/2026:06:01:47 -0400] "GET /a1D/sitemap_product_307.xml?loknya=%2Fhomepages%2F35%2Fd1015070268 HTTP/1.1" 429 267 s3solinc.com "-" "Mozilla/5.0 AppleWebKit/537.36 (KHTML, like Gecko; compatible; ClaudeBot/1.0; +claudebot@anthropic.com)" "-"
2001:41d0:600:: - - [22/Jul/2026:06:01:48 -0400] "GET /?lokasie=/homepages/35/d1015279559/htdocs/wp-comments-post.php&loknya=/homepages/35/d1015279559/htdocs HTTP/1.1" 429 267 s3solinc.com "-" "Mozilla/5.0 (compatible; MJ12bot/v1.4.8; http://mj12bot.com/)" "-"
2001:41d0:600:: - - [22/Jul/2026:06:01:48 -0400] "GET /?lokasie=/homepages/35/d1015279559/htdocs/wp-activate.php&loknya=/homepages/35/d1015279559/htdocs HTTP/1.1" 429 267 s3solinc.com "-" "Mozilla/5.0 (compatible; MJ12bot/v1.4.8; http://mj12bot.com/)" "-"
2001:41d0:600:: - - [22/Jul/2026:06:01:49 -0400] "GET /?lokasie=/homepages/35/d1015279559/htdocs/readme.html&loknya=/homepages/35/d1015279559/htdocs HTTP/1.1" 429 267 s3solinc.com "-" "Mozilla/5.0 (compatible; MJ12bot/v1.4.8; http://mj12bot.com/)" "-"
2001:41d0:600:: - - [22/Jul/2026:06:01:50 -0400] "GET /?lokasie=/homepages/35/d1015279559/htdocs/wp-blog-header.php&loknya=/homepages/35/d1015279559/htdocs HTTP/1.1" 429 267 s3solinc.com "-" "Mozilla/5.0 (compatible; MJ12bot/v1.4.8; http://mj12bot.com/)" "-"
2001:41d0:600:: - - [22/Jul/2026:06:01:50 -0400] "GET /?lokasie=/homepages/35/d1015279559/htdocs/wp-config-sample.php&loknya=/homepages/35/d1015279559/htdocs HTTP/1.1" 429 267 s3solinc.com "-" "Mozilla/5.0 (compatible; MJ12bot/v1.4.8; http://mj12bot.com/)" "-"
2001:41d0:600:: - - [22/Jul/2026:06:01:50 -0400] "GET /?lokasie=/homepages/35/d1015279559/htdocs/wp-activate.php&loknya=/homepages/35/d1015279559/htdocs HTTP/1.1" 429 267 s3solinc.com "-" "Mozilla/5.0 (compatible; MJ12bot/v1.4.8; http://mj12bot.com/)" "-"
2001:41d0:600:: - - [22/Jul/2026:06:01:51 -0400] "GET /?lokasie=/homepages/35/d1015279559/htdocs/google1e7f72f507cab2d4.html&loknya=/homepages/35/d1015279559/htdocs HTTP/1.1" 429 267 s3solinc.com "-" "Mozilla/5.0 (compatible; MJ12bot/v1.4.8; http://mj12bot.com/)" "-"
2001:41d0:600:: - - [22/Jul/2026:06:01:51 -0400] "GET /?lokasie=/homepages/35/d1015279559/htdocs/wp-comments-post.php&loknya=/homepages/35/d1015279559/htdocs HTTP/1.1" 429 267 s3solinc.com "-" "Mozilla/5.0 (compatible; MJ12bot/v1.4.8; http://mj12bot.com/)" "-"
2001:41d0:600:: - - [22/Jul/2026:06:01:51 -0400] "GET /?lokasie=/homepages/35/d1015279559/htdocs/wp-config.php&loknya=/homepages/35/d1015279559/htdocs HTTP/1.1" 429 267 s3solinc.com "-" "Mozilla/5.0 (compatible; MJ12bot/v1.4.8; http://mj12bot.com/)" "-"
2001:41d0:600:: - - [22/Jul/2026:06:01:52 -0400] "GET /?lokasie=/homepages/35/d1015279559/htdocs/wp-blog-header.php&loknya=/homepages/35/d1015279559/htdocs HTTP/1.1" 429 267 s3solinc.com "-" "Mozilla/5.0 (compatible; MJ12bot/v1.4.8; http://mj12bot.com/)" "-"
216.73.216.0 - - [22/Jul/2026:06:01:52 -0400] "GET /9ZJ/sitemap_product_139.xml?lokasie=%2Fhomepages%2F35%2Fd1015279559%2Fhtdocs%2Fwp-includes%2Fclass-json.php&loknya=%2Fhomepages%2F35%2Fd1015279559%2Fhtdocs%2Fwp-includes HTTP/1.1" 429 267 s3solinc.com "-" "Mozilla/5.0 AppleWebKit/537.36 (KHTML, like Gecko; compatible; ClaudeBot/1.0; +claudebot@anthropic.com)" "-"
2001:41d0:600:: - - [22/Jul/2026:06:01:52 -0400] "GET /?lokasie=/homepages/35/d1015279559/htdocs/index.php&loknya=/homepages/35/d1015279559/htdocs HTTP/1.1" 429 267 s3solinc.com "-" "Mozilla/5.0 (compatible; MJ12bot/v1.4.8; http://mj12bot.com/)" "-"
2001:41d0:600:: - - [22/Jul/2026:06:01:53 -0400] "GET /?lokasie=/homepages/35/d1015279559/htdocs/wp-config-sample.php&loknya=/homepages/35/d1015279559/htdocs HTTP/1.1" 429 267 s3solinc.com "-" "Mozilla/5.0 (compatible; MJ12bot/v1.4.8; http://mj12bot.com/)" "-"
2001:41d0:600:: - - [22/Jul/2026:06:01:53 -0400] "GET /?lokasie=/homepages/35/d1015279559/htdocs/wp-cron.php&loknya=/homepages/35/d1015279559/htdocs HTTP/1.1" 429 267 s3solinc.com "-" "Mozilla/5.0 (compatible; MJ12bot/v1.4.8; http://mj12bot.com/)" "-"
2001:41d0:600:: - - [22/Jul/2026:06:01:53 -0400] "GET /?lokasie=/homepages/35/d1015279559/htdocs/wp-comments-post.php&loknya=/homepages/35/d1015279559/htdocs HTTP/1.1" 429 267 s3solinc.com "-" "Mozilla/5.0 (compatible; MJ12bot/v1.4.8; http://mj12bot.com/)" "-"
2001:41d0:600:: - - [22/Jul/2026:06:01:54 -0400] "GET /?lokasie=/homepages/35/d1015279559/htdocs/license.txt&loknya=/homepages/35/d1015279559/htdocs HTTP/1.1" 429 267 s3solinc.com "-" "Mozilla/5.0 (compatible; MJ12bot/v1.4.8; http://mj12bot.com/)" "-"
2001:41d0:600:: - - [22/Jul/2026:06:01:54 -0400] "GET /?lokasie=/homepages/35/d1015279559/htdocs/wp-config.php&loknya=/homepages/35/d1015279559/htdocs HTTP/1.1" 429 267 s3solinc.com "-" "Mozilla/5.0 (compatible; MJ12bot/v1.4.8; http://mj12bot.com/)" "-"
2001:41d0:600:: - - [22/Jul/2026:06:01:54 -0400] "GET /?lokasie=/homepages/35/d1015279559/htdocs/wp-links-opml.php&loknya=/homepages/35/d1015279559/htdocs HTTP/1.1" 429 267 s3solinc.com "-" "Mozilla/5.0 (compatible; MJ12bot/v1.4.8; http://mj12bot.com/)" "-"
2001:41d0:600:: - - [22/Jul/2026:06:01:55 -0400] "GET /?lokasie=/homepages/35/d1015279559/htdocs/wp-config-sample.php&loknya=/homepages/35/d1015279559/htdocs HTTP/1.1" 429 267 s3solinc.com "-" "Mozilla/5.0 (compatible; MJ12bot/v1.4.8; http://mj12bot.com/)" "-"
2001:41d0:600:: - - [22/Jul/2026:06:01:55 -0400] "GET /?lokasie=/homepages/35/d1015279559/htdocs/readme.html&loknya=/homepages/35/d1015279559/htdocs HTTP/1.1" 429 267 s3solinc.com "-" "Mozilla/5.0 (compatible; MJ12bot/v1.4.8; http://mj12bot.com/)" "-"
2001:41d0:600:: - - [22/Jul/2026:06:01:56 -0400] "GET /?lokasie=/homepages/35/d1015279559/htdocs/wp-cron.php&loknya=/homepages/35/d1015279559/htdocs HTTP/1.1" 429 267 s3solinc.com "-" "Mozilla/5.0 (compatible; MJ12bot/v1.4.8; http://mj12bot.com/)" "-"
2001:41d0:600:: - - [22/Jul/2026:06:01:56 -0400] "GET /?lokasie=/homepages/35/d1015279559/htdocs/wp-load.php&loknya=/homepages/35/d1015279559/htdocs HTTP/1.1" 429 267 s3solinc.com "-" "Mozilla/5.0 (compatible; MJ12bot/v1.4.8; http://mj12bot.com/)" "-"
2001:41d0:600:: - - [22/Jul/2026:06:01:56 -0400] "GET /?lokasie=/homepages/35/d1015279559/htdocs/wp-config.php&loknya=/homepages/35/d1015279559/htdocs HTTP/1.1" 429 267 s3solinc.com "-" "Mozilla/5.0 (compatible; MJ12bot/v1.4.8; http://mj12bot.com/)" "-"
2001:41d0:600:: - - [22/Jul/2026:06:01:57 -0400] "GET /?lokasie=/homepages/35/d1015279559/htdocs/wp-activate.php&loknya=/homepages/35/d1015279559/htdocs HTTP/1.1" 429 267 s3solinc.com "-" "Mozilla/5.0 (compatible; MJ12bot/v1.4.8; http://mj12bot.com/)" "-"
216.73.216.0 - - [22/Jul/2026:06:01:57 -0400] "GET /kvX/sitemap_product_299.xml?lokasie=%2Fhomepages%2F35%2Fd1015279559%2Fhtdocs%2Fwp-includes%2Fembed-template.php&loknya=%2Fhomepages%2F35%2Fd1015279559%2Fhtdocs%2Fwp-includes HTTP/1.1" 429 267 s3solinc.com "-" "Mozilla/5.0 AppleWebKit/537.36 (KHTML, like Gecko; compatible; ClaudeBot/1.0; +claudebot@anthropic.com)" "-"
2001:41d0:600:: - - [22/Jul/2026:06:01:57 -0400] "GET /?lokasie=/homepages/35/d1015279559/htdocs/wp-links-opml.php&loknya=/homepages/35/d1015279559/htdocs HTTP/1.1" 429 267 s3solinc.com "-" "Mozilla/5.0 (compatible; MJ12bot/v1.4.8; http://mj12bot.com/)" "-"
2001:41d0:600:: - - [22/Jul/2026:06:01:58 -0400] "GET /?lokasie=/homepages/35/d1015279559/htdocs/wp-mail.php&loknya=/homepages/35/d1015279559/htdocs HTTP/1.1" 429 267 s3solinc.com "-" "Mozilla/5.0 (compatible; MJ12bot/v1.4.8; http://mj12bot.com/)" "-"
2001:41d0:600:: - - [22/Jul/2026:06:01:58 -0400] "GET /?lokasie=/homepages/35/d1015279559/htdocs/wp-cron.php&loknya=/homepages/35/d1015279559/htdocs HTTP/1.1" 429 267 s3solinc.com "-" "Mozilla/5.0 (compatible; MJ12bot/v1.4.8; http://mj12bot.com/)" "-"
2001:41d0:600:: - - [22/Jul/2026:06:01:58 -0400] "GET /?lokasie=/homepages/35/d1015279559/htdocs/wp-blog-header.php&loknya=/homepages/35/d1015279559/htdocs HTTP/1.1" 429 267 s3solinc.com "-" "Mozilla/5.0 (compatible; MJ12bot/v1.4.8; http://mj12bot.com/)" "-"
2001:41d0:600:: - - [22/Jul/2026:06:01:59 -0400] "GET /?lokasie=/homepages/35/d1015279559/htdocs/wp-load.php&loknya=/homepages/35/d1015279559/htdocs HTTP/1.1" 429 267 s3solinc.com "-" "Mozilla/5.0 (compatible; MJ12bot/v1.4.8; http://mj12bot.com/)" "-"
2001:41d0:600:: - - [22/Jul/2026:06:01:59 -0400] "GET /?lokasie=/homepages/35/d1015279559/htdocs/wp-settings.php&loknya=/homepages/35/d1015279559/htdocs HTTP/1.1" 429 267 s3solinc.com "-" "Mozilla/5.0 (compatible; MJ12bot/v1.4.8; http://mj12bot.com/)" "-"
2001:41d0:600:: - - [22/Jul/2026:06:01:59 -0400] "GET /?lokasie=/homepages/35/d1015279559/htdocs/wp-links-opml.php&loknya=/homepages/35/d1015279559/htdocs HTTP/1.1" 429 267 s3solinc.com "-" "Mozilla/5.0 (compatible; MJ12bot/v1.4.8; http://mj12bot.com/)" "-"
2001:41d0:600:: - - [22/Jul/2026:06:02:00 -0400] "GET /?lokasie=/homepages/35/d1015279559/htdocs/wp-comments-post.php&loknya=/homepages/35/d1015279559/htdocs HTTP/1.1" 429 267 s3solinc.com "-" "Mozilla/5.0 (compatible; MJ12bot/v1.4.8; http://mj12bot.com/)" "-"
2001:41d0:600:: - - [22/Jul/2026:06:02:00 -0400] "GET /?lokasie=/homepages/35/d1015279559/htdocs/wp-signup.php&loknya=/homepages/35/d1015279559/htdocs HTTP/1.1" 429 267 s3solinc.com "-" "Mozilla/5.0 (compatible; MJ12bot/v1.4.8; http://mj12bot.com/)" "-"
2001:41d0:600:: - - [22/Jul/2026:06:02:00 -0400] "GET /?lokasie=/homepages/35/d1015279559/htdocs/wp-mail.php&loknya=/homepages/35/d1015279559/htdocs HTTP/1.1" 429 267 s3solinc.com "-" "Mozilla/5.0 (compatible; MJ12bot/v1.4.8; http://mj12bot.com/)" "-"
2001:41d0:600:: - - [22/Jul/2026:06:02:01 -0400] "GET /?lokasie=/homepages/35/d1015279559/htdocs/wp-load.php&loknya=/homepages/35/d1015279559/htdocs HTTP/1.1" 429 267 s3solinc.com "-" "Mozilla/5.0 (compatible; MJ12bot/v1.4.8; http://mj12bot.com/)" "-"
2001:41d0:600:: - - [22/Jul/2026:06:02:02 -0400] "GET /?lokasie=/homepages/35/d1015279559/htdocs/wp-config-sample.php&loknya=/homepages/35/d1015279559/htdocs HTTP/1.1" 429 267 s3solinc.com "-" "Mozilla/5.0 (compatible; MJ12bot/v1.4.8; http://mj12bot.com/)" "-"
2001:41d0:600:: - - [22/Jul/2026:06:02:02 -0400] "GET /?lokasie=/homepages/35/d1015279559/htdocs/wp-trackback.php&loknya=/homepages/35/d1015279559/htdocs HTTP/1.1" 429 267 s3solinc.com "-" "Mozilla/5.0 (compatible; MJ12bot/v1.4.8; http://mj12bot.com/)" "-"
2001:41d0:600:: - - [22/Jul/2026:06:02:02 -0400] "GET /?lokasie=/homepages/35/d1015279559/htdocs/wp-settings.php&loknya=/homepages/35/d1015279559/htdocs HTTP/1.1" 429 267 s3solinc.com "-" "Mozilla/5.0 (compatible; MJ12bot/v1.4.8; http://mj12bot.com/)" "-"
216.73.216.0 - - [22/Jul/2026:06:02:02 -0400] "GET /kvX/sitemap_product_331.xml?lokasie=%2Fhomepages%2F35%2Fd1015279559%2Fhtdocs%2Fwp-includes%2Fdeprecated.php&loknya=%2Fhomepages%2F35%2Fd1015279559%2Fhtdocs%2Fwp-includes HTTP/1.1" 429 267 s3solinc.com "-" "Mozilla/5.0 AppleWebKit/537.36 (KHTML, like Gecko; compatible; ClaudeBot/1.0; +claudebot@anthropic.com)" "-"
2001:41d0:600:: - - [22/Jul/2026:06:02:02 -0400] "GET /?lokasie=/homepages/35/d1015279559/htdocs/wp-mail.php&loknya=/homepages/35/d1015279559/htdocs HTTP/1.1" 429 267 s3solinc.com "-" "Mozilla/5.0 (compatible; MJ12bot/v1.4.8; http://mj12bot.com/)" "-"
2001:41d0:600:: - - [22/Jul/2026:06:02:03 -0400] "GET /?lokasie=/homepages/35/d1015279559/htdocs/wp-config.php&loknya=/homepages/35/d1015279559/htdocs HTTP/1.1" 429 267 s3solinc.com "-" "Mozilla/5.0 (compatible; MJ12bot/v1.4.8; http://mj12bot.com/)" "-"
2001:41d0:600:: - - [22/Jul/2026:06:02:03 -0400] "GET /?lokasie=/homepages/35/d1015279559/htdocs/wp-signup.php&loknya=/homepages/35/d1015279559/htdocs HTTP/1.1" 429 267 s3solinc.com "-" "Mozilla/5.0 (compatible; MJ12bot/v1.4.8; http://mj12bot.com/)" "-"
2001:41d0:600:: - - [22/Jul/2026:06:02:04 -0400] "GET /?loknya=/ HTTP/1.1" 429 267 s3solinc.com "-" "Mozilla/5.0 (compatible; MJ12bot/v1.4.8; http://mj12bot.com/)" "-"
2001:41d0:600:: - - [22/Jul/2026:06:02:04 -0400] "GET /?lokasie=/homepages/35/d1015279559/htdocs/wp-settings.php&loknya=/homepages/35/d1015279559/htdocs HTTP/1.1" 429 267 s3solinc.com "-" "Mozilla/5.0 (compatible; MJ12bot/v1.4.8; http://mj12bot.com/)" "-"
2001:41d0:600:: - - [22/Jul/2026:06:02:05 -0400] "GET /?lokasie=/homepages/35/d1015279559/htdocs/wp-cron.php&loknya=/homepages/35/d1015279559/htdocs HTTP/1.1" 429 267 s3solinc.com "-" "Mozilla/5.0 (compatible; MJ12bot/v1.4.8; http://mj12bot.com/)" "-"
2001:41d0:600:: - - [22/Jul/2026:06:02:05 -0400] "GET /?lokasie=/homepages/35/d1015279559/htdocs/wp-trackback.php&loknya=/homepages/35/d1015279559/htdocs HTTP/1.1" 429 267 s3solinc.com "-" "Mozilla/5.0 (compatible; MJ12bot/v1.4.8; http://mj12bot.com/)" "-"
2001:41d0:600:: - - [22/Jul/2026:06:02:05 -0400] "GET /?loknya=/homepages HTTP/1.1" 429 267 s3solinc.com "-" "Mozilla/5.0 (compatible; MJ12bot/v1.4.8; http://mj12bot.com/)" "-"
2001:41d0:600:: - - [22/Jul/2026:06:02:05 -0400] "GET /?lokasie=/homepages/35/d1015279559/htdocs/wp-signup.php&loknya=/homepages/35/d1015279559/htdocs HTTP/1.1" 429 267 s3solinc.com "-" "Mozilla/5.0 (compatible; MJ12bot/v1.4.8; http://mj12bot.com/)" "-"
2001:41d0:600:: - - [22/Jul/2026:06:02:06 -0400] "GET /?lokasie=/homepages/35/d1015279559/htdocs/wp-links-opml.php&loknya=/homepages/35/d1015279559/htdocs HTTP/1.1" 429 267 s3solinc.com "-" "Mozilla/5.0 (compatible; MJ12bot/v1.4.8; http://mj12bot.com/)" "-"
2001:41d0:600:: - - [22/Jul/2026:06:02:07 -0400] "GET /?loknya=/ HTTP/1.1" 429 267 s3solinc.com "-" "Mozilla/5.0 (compatible; MJ12bot/v1.4.8; http://mj12bot.com/)" "-"
2001:41d0:600:: - - [22/Jul/2026:06:02:07 -0400] "GET /?loknya=/homepages/35 HTTP/1.1" 429 267 s3solinc.com "-" "Mozilla/5.0 (compatible; MJ12bot/v1.4.8; http://mj12bot.com/)" "-"
2001:41d0:600:: - - [22/Jul/2026:06:02:07 -0400] "GET /?lokasie=/homepages/35/d1015279559/htdocs/wp-trackback.php&loknya=/homepages/35/d1015279559/htdocs HTTP/1.1" 429 267 s3solinc.com "-" "Mozilla/5.0 (compatible; MJ12bot/v1.4.8; http://mj12bot.com/)" "-"
216.73.216.0 - - [22/Jul/2026:06:02:07 -0400] "GET /kvX/sitemap_product_9.xml?loknya=%2Fhomepages%2F9%2Fd1018022124 HTTP/1.1" 429 267 s3solinc.com "-" "Mozilla/5.0 AppleWebKit/537.36 (KHTML, like Gecko; compatible; ClaudeBot/1.0; +claudebot@anthropic.com)" "-"
2001:41d0:600:: - - [22/Jul/2026:06:02:08 -0400] "GET /?lokasie=/homepages/35/d1015279559/htdocs/wp-load.php&loknya=/homepages/35/d1015279559/htdocs HTTP/1.1" 429 267 s3solinc.com "-" "Mozilla/5.0 (compatible; MJ12bot/v1.4.8; http://mj12bot.com/)" "-"
2001:41d0:600:: - - [22/Jul/2026:06:02:08 -0400] "GET /?loknya=/homepages HTTP/1.1" 429 267 s3solinc.com "-" "Mozilla/5.0 (compatible; MJ12bot/v1.4.8; http://mj12bot.com/)" "-"
2001:41d0:600:: - - [22/Jul/2026:06:02:08 -0400] "GET /?loknya=/homepages/35/d1015279559 HTTP/1.1" 429 267 s3solinc.com "-" "Mozilla/5.0 (compatible; MJ12bot/v1.4.8; http://mj12bot.com/)" "-"
2001:41d0:600:: - - [22/Jul/2026:06:02:08 -0400] "GET /?loknya=/ HTTP/1.1" 429 267 s3solinc.com "-" "Mozilla/5.0 (compatible; MJ12bot/v1.4.8; http://mj12bot.com/)" "-"
