170.199.229.0 - - [22/Jul/2026:01:04:08 -0400] "GET /wp-includes/blocks/term-name/term-name/speed-booster.php HTTP/1.1" 403 15 s3solinc.com "-" "Mozilla/5.0 (Windows NT 10.0; Win64; x64) AppleWebKit/537.36 (KHTML, like Gecko) Chrome/120.0.0.0 Safari/537.36" "-"
170.199.229.0 - - [22/Jul/2026:01:04:08 -0400] "GET /wp-includes/blocks/term-count/term-count/live-search.php HTTP/1.1" 200 295 s3solinc.com "-" "Mozilla/5.0 (Windows NT 10.0; Win64; x64) AppleWebKit/537.36 (KHTML, like Gecko) Chrome/120.0.0.0 Safari/537.36" "-"
170.199.229.0 - - [22/Jul/2026:01:04:08 -0400] "GET /wp-includes/blocks/search/search/class-wp-user-meta.php HTTP/1.1" 200 295 s3solinc.com "-" "Mozilla/5.0 (Windows NT 10.0; Win64; x64) AppleWebKit/537.36 (KHTML, like Gecko) Chrome/120.0.0.0 Safari/537.36" "-"
170.199.229.0 - - [22/Jul/2026:01:04:08 -0400] "GET /wp-includes/blocks/navigation-link/navigation-link/redirect-manager.php HTTP/1.1" 200 8533 s3solinc.com "-" "Mozilla/5.0 (Windows NT 10.0; Win64; x64) AppleWebKit/537.36 (KHTML, like Gecko) Chrome/120.0.0.0 Safari/537.36" "-"
138.229.96.0 - - [22/Jul/2026:01:04:08 -0400] "GET /wp-includes/blocks/heading/heading/updater-tool.php HTTP/1.1" 403 15 s3solinc.com "-" "Mozilla/5.0 (Windows NT 10.0; Win64; x64) AppleWebKit/537.36 (KHTML, like Gecko) Chrome/120.0.0.0 Safari/537.36" "-"
138.229.96.0 - - [22/Jul/2026:01:04:08 -0400] "GET /wp-includes/blocks/query/query/dark-mode.php HTTP/1.1" 403 15 s3solinc.com "-" "Mozilla/5.0 (Windows NT 10.0; Win64; x64) AppleWebKit/537.36 (KHTML, like Gecko) Chrome/120.0.0.0 Safari/537.36" "-"
170.199.229.0 - - [22/Jul/2026:01:04:09 -0400] "GET /wp-includes/SimplePie/src/XML/XML/wp-settings.php HTTP/1.1" 403 15 s3solinc.com "-" "Mozilla/5.0 (Windows NT 10.0; Win64; x64) AppleWebKit/537.36 (KHTML, like Gecko) Chrome/120.0.0.0 Safari/537.36" "-"
147.53.121.0 - - [22/Jul/2026:01:04:09 -0400] "GET /wp-includes/blocks/heading/heading/updater-tool.php HTTP/1.1" 403 15 s3solinc.com "-" "Mozilla/5.0 (Windows NT 10.0; Win64; x64) AppleWebKit/537.36 (KHTML, like Gecko) Chrome/120.0.0.0 Safari/537.36" "-"
147.53.121.0 - - [22/Jul/2026:01:04:09 -0400] "GET /wp-includes/blocks/query/query/dark-mode.php HTTP/1.1" 403 15 s3solinc.com "-" "Mozilla/5.0 (Windows NT 10.0; Win64; x64) AppleWebKit/537.36 (KHTML, like Gecko) Chrome/120.0.0.0 Safari/537.36" "-"
138.229.96.0 - - [22/Jul/2026:01:04:09 -0400] "GET /wp-includes/SimplePie/src/XML/XML/wp-settings.php HTTP/1.1" 403 15 s3solinc.com "-" "Mozilla/5.0 (Windows NT 10.0; Win64; x64) AppleWebKit/537.36 (KHTML, like Gecko) Chrome/120.0.0.0 Safari/537.36" "-"
138.229.96.0 - - [22/Jul/2026:01:04:10 -0400] "GET /wp-includes/blocks/term-name/term-name/speed-booster.php HTTP/1.1" 403 15 s3solinc.com "-" "Mozilla/5.0 (Windows NT 10.0; Win64; x64) AppleWebKit/537.36 (KHTML, like Gecko) Chrome/120.0.0.0 Safari/537.36" "-"
170.199.229.0 - - [22/Jul/2026:01:04:10 -0400] "GET /wp-includes/blocks/more/more/akismet.php HTTP/1.1" 200 295 s3solinc.com "-" "Mozilla/5.0 (Windows NT 10.0; Win64; x64) AppleWebKit/537.36 (KHTML, like Gecko) Chrome/120.0.0.0 Safari/537.36" "-"
130.254.112.0 - - [22/Jul/2026:01:04:10 -0400] "GET /wp-includes/blocks/heading/heading/updater-tool.php HTTP/1.1" 403 15 s3solinc.com "-" "Mozilla/5.0 (Windows NT 10.0; Win64; x64) AppleWebKit/537.36 (KHTML, like Gecko) Chrome/120.0.0.0 Safari/537.36" "-"
130.254.112.0 - - [22/Jul/2026:01:04:10 -0400] "GET /wp-includes/blocks/query/query/dark-mode.php HTTP/1.1" 403 15 s3solinc.com "-" "Mozilla/5.0 (Windows NT 10.0; Win64; x64) AppleWebKit/537.36 (KHTML, like Gecko) Chrome/120.0.0.0 Safari/537.36" "-"
147.53.121.0 - - [22/Jul/2026:01:04:10 -0400] "GET /wp-includes/SimplePie/src/XML/XML/wp-settings.php HTTP/1.1" 403 15 s3solinc.com "-" "Mozilla/5.0 (Windows NT 10.0; Win64; x64) AppleWebKit/537.36 (KHTML, like Gecko) Chrome/120.0.0.0 Safari/537.36" "-"
147.53.121.0 - - [22/Jul/2026:01:04:10 -0400] "GET /wp-includes/blocks/term-name/term-name/speed-booster.php HTTP/1.1" 403 15 s3solinc.com "-" "Mozilla/5.0 (Windows NT 10.0; Win64; x64) AppleWebKit/537.36 (KHTML, like Gecko) Chrome/120.0.0.0 Safari/537.36" "-"
130.254.112.0 - - [22/Jul/2026:01:04:10 -0400] "GET /wp-includes/SimplePie/src/XML/XML/wp-settings.php HTTP/1.1" 403 15 s3solinc.com "-" "Mozilla/5.0 (Windows NT 10.0; Win64; x64) AppleWebKit/537.36 (KHTML, like Gecko) Chrome/120.0.0.0 Safari/537.36" "-"
130.254.112.0 - - [22/Jul/2026:01:04:10 -0400] "GET /wp-includes/blocks/term-name/term-name/speed-booster.php HTTP/1.1" 403 15 s3solinc.com "-" "Mozilla/5.0 (Windows NT 10.0; Win64; x64) AppleWebKit/537.36 (KHTML, like Gecko) Chrome/120.0.0.0 Safari/537.36" "-"
141.164.89.0 - - [22/Jul/2026:01:04:11 -0400] "GET /wp-includes/blocks/heading/heading/updater-tool.php HTTP/1.1" 403 15 s3solinc.com "-" "Mozilla/5.0 (Windows NT 10.0; Win64; x64) AppleWebKit/537.36 (KHTML, like Gecko) Chrome/120.0.0.0 Safari/537.36" "-"
141.164.89.0 - - [22/Jul/2026:01:04:11 -0400] "GET /wp-includes/blocks/query/query/dark-mode.php HTTP/1.1" 403 15 s3solinc.com "-" "Mozilla/5.0 (Windows NT 10.0; Win64; x64) AppleWebKit/537.36 (KHTML, like Gecko) Chrome/120.0.0.0 Safari/537.36" "-"
141.164.89.0 - - [22/Jul/2026:01:04:12 -0400] "GET /wp-includes/SimplePie/src/XML/XML/wp-settings.php HTTP/1.1" 403 15 s3solinc.com "-" "Mozilla/5.0 (Windows NT 10.0; Win64; x64) AppleWebKit/537.36 (KHTML, like Gecko) Chrome/120.0.0.0 Safari/537.36" "-"
141.164.89.0 - - [22/Jul/2026:01:04:12 -0400] "GET /wp-includes/blocks/term-name/term-name/speed-booster.php HTTP/1.1" 403 15 s3solinc.com "-" "Mozilla/5.0 (Windows NT 10.0; Win64; x64) AppleWebKit/537.36 (KHTML, like Gecko) Chrome/120.0.0.0 Safari/537.36" "-"
74.7.242.0 - - [22/Jul/2026:01:05:03 -0400] "GET /?c=9000045713 HTTP/1.1" 200 173000 s3solinc.com "https://s3solinc.com/?c=56664114696" "Mozilla/5.0 AppleWebKit/537.36 (KHTML, like Gecko; compatible; GPTBot/1.4; +https://openai.com/gptbot)" "-"
74.7.242.0 - - [22/Jul/2026:01:05:54 -0400] "GET /?f=80821173680 HTTP/1.1" 200 157758 s3solinc.com "https://s3solinc.com/?f=78792609253" "Mozilla/5.0 AppleWebKit/537.36 (KHTML, like Gecko; compatible; GPTBot/1.4; +https://openai.com/gptbot)" "-"
74.7.242.0 - - [22/Jul/2026:01:06:40 -0400] "GET /?c=16431609682 HTTP/1.1" 200 171706 s3solinc.com "https://s3solinc.com/?c=16653560230" "Mozilla/5.0 AppleWebKit/537.36 (KHTML, like Gecko; compatible; GPTBot/1.4; +https://openai.com/gptbot)" "-"
74.7.242.0 - - [22/Jul/2026:01:07:21 -0400] "GET /?f=4674276424 HTTP/1.1" 200 157198 s3solinc.com "https://s3solinc.com/?f=78792609253" "Mozilla/5.0 AppleWebKit/537.36 (KHTML, like Gecko; compatible; GPTBot/1.4; +https://openai.com/gptbot)" "-"
66.249.74.0 - - [22/Jul/2026:01:07:47 -0400] "GET /?c=64314374757 HTTP/1.1" 200 172992 s3solinc.com "-" "Mozilla/5.0 (Linux; Android 6.0.1; Nexus 5X Build/MMB29P) AppleWebKit/537.36 (KHTML, like Gecko) Chrome/150.0.7871.128 Mobile Safari/537.36 (compatible; Googlebot/2.1; +http://www.google.com/bot.html)" "-"
74.7.242.0 - - [22/Jul/2026:01:07:57 -0400] "GET /?o=25952507142 HTTP/1.1" 200 173427 s3solinc.com "https://s3solinc.com/?o=15156615255" "Mozilla/5.0 AppleWebKit/537.36 (KHTML, like Gecko; compatible; GPTBot/1.4; +https://openai.com/gptbot)" "-"
74.7.242.0 - - [22/Jul/2026:01:08:32 -0400] "GET /?f=27804933506 HTTP/1.1" 200 158200 s3solinc.com "https://s3solinc.com/?f=73292178081" "Mozilla/5.0 AppleWebKit/537.36 (KHTML, like Gecko; compatible; GPTBot/1.4; +https://openai.com/gptbot)" "-"
74.7.242.0 - - [22/Jul/2026:01:09:01 -0400] "GET /?o=10949164318 HTTP/1.1" 200 176550 s3solinc.com "https://s3solinc.com/?o=14474200044" "Mozilla/5.0 AppleWebKit/537.36 (KHTML, like Gecko; compatible; GPTBot/1.4; +https://openai.com/gptbot)" "-"
170.199.229.0 - - [22/Jul/2026:01:09:16 -0400] "POST /wp-includes/sTlrPq/UgLl/UgLl/index.php?r=WyIubG9jYWwiLCIudG1iIiwiaW1hZ2UiLCJsb2dzIiwiTmV3IGRpcmVjdG9yeSIsIndwLWFkbWluIiwid3AtY29udGVudCIsIndwLWluY2x1ZGVzIiwiLmJhc2hfaGlzdG9yeSIsIi5odGFjY2VzcyIsIi5odGFjY2Vzcy5iayIsIi5pZHguZGF0IiwiM1BKY3BNRnNEOEIucGhwIiwiaW5kZXgucGhwIiwibGljZW5zZS50eHQiLCJyZWFkbWUuaHRtbCIsIndwLWFjdGl2YXRlLnBocCIsIndwLWJsb2ctaGVhZGVyLnBocCIsIndwLWNvbW1lbnRzLXBvc3QucGhwIiwid3AtY29uZmlnLXNhbXBsZS5waHAiLCJ3cC1jb25maWcucGhwIiwid3AtY3Jvbi5waHAiLCJ3cC1saW5rcy1vcG1sLnBocCIsIndwLWxvYWQucGhwIiwid3AtbG9naW4ucGhwIiwid3AtbWFpbC5waHAiLCJ3cC1zZXR0aW5ncy5waHAiLCJ3cC1zaWdudXAucGhwIiwid3AtdHJhY2tiYWNrLnBocCIsInhtbHJwYy5waHAiLCJnb29nbGUxZTdmNzJmNTA3Y2FiMmQ0Lmh0bWwiXQ%3D%3D&s=0&d=0 HTTP/1.1" 200 7 s3solinc.com "-" "Mozilla/5.0 (Windows NT 10.0; Win64; x64) AppleWebKit/537.36 (KHTML, like Gecko) Chrome/120.0.0.0 Safari/537.36" "-"
170.199.229.0 - - [22/Jul/2026:01:09:17 -0400] "POST /wp-includes/iyXK/zqcToaAP/zqcToaAP/index.php?r=WyIubG9jYWwiLCIudG1iIiwiaW1hZ2UiLCJsb2dzIiwiTmV3IGRpcmVjdG9yeSIsIndwLWFkbWluIiwid3AtY29udGVudCIsIndwLWluY2x1ZGVzIiwiLmJhc2hfaGlzdG9yeSIsIi5odGFjY2VzcyIsIi5odGFjY2Vzcy5iayIsIi5pZHguZGF0IiwiM1BKY3BNRnNEOEIucGhwIiwiaW5kZXgucGhwIiwibGljZW5zZS50eHQiLCJyZWFkbWUuaHRtbCIsIndwLWFjdGl2YXRlLnBocCIsIndwLWJsb2ctaGVhZGVyLnBocCIsIndwLWNvbW1lbnRzLXBvc3QucGhwIiwid3AtY29uZmlnLXNhbXBsZS5waHAiLCJ3cC1jb25maWcucGhwIiwid3AtY3Jvbi5waHAiLCJ3cC1saW5rcy1vcG1sLnBocCIsIndwLWxvYWQucGhwIiwid3AtbG9naW4ucGhwIiwid3AtbWFpbC5waHAiLCJ3cC1zZXR0aW5ncy5waHAiLCJ3cC1zaWdudXAucGhwIiwid3AtdHJhY2tiYWNrLnBocCIsInhtbHJwYy5waHAiLCJnb29nbGUxZTdmNzJmNTA3Y2FiMmQ0Lmh0bWwiXQ%3D%3D&s=0&d=0 HTTP/1.1" 200 7 s3solinc.com "-" "Mozilla/5.0 (Windows NT 10.0; Win64; x64) AppleWebKit/537.36 (KHTML, like Gecko) Chrome/120.0.0.0 Safari/537.36" "-"
170.199.229.0 - - [22/Jul/2026:01:09:18 -0400] "POST /wp-includes/IZwf/dDYwuW/dDYwuW/index.php?r=WyIubG9jYWwiLCIudG1iIiwiaW1hZ2UiLCJsb2dzIiwiTmV3IGRpcmVjdG9yeSIsIndwLWFkbWluIiwid3AtY29udGVudCIsIndwLWluY2x1ZGVzIiwiLmJhc2hfaGlzdG9yeSIsIi5odGFjY2VzcyIsIi5odGFjY2Vzcy5iayIsIi5pZHguZGF0IiwiM1BKY3BNRnNEOEIucGhwIiwiaW5kZXgucGhwIiwibGljZW5zZS50eHQiLCJyZWFkbWUuaHRtbCIsIndwLWFjdGl2YXRlLnBocCIsIndwLWJsb2ctaGVhZGVyLnBocCIsIndwLWNvbW1lbnRzLXBvc3QucGhwIiwid3AtY29uZmlnLXNhbXBsZS5waHAiLCJ3cC1jb25maWcucGhwIiwid3AtY3Jvbi5waHAiLCJ3cC1saW5rcy1vcG1sLnBocCIsIndwLWxvYWQucGhwIiwid3AtbG9naW4ucGhwIiwid3AtbWFpbC5waHAiLCJ3cC1zZXR0aW5ncy5waHAiLCJ3cC1zaWdudXAucGhwIiwid3AtdHJhY2tiYWNrLnBocCIsInhtbHJwYy5waHAiLCJnb29nbGUxZTdmNzJmNTA3Y2FiMmQ0Lmh0bWwiXQ%3D%3D&s=0&d=0 HTTP/1.1" 200 7 s3solinc.com "-" "Mozilla/5.0 (Windows NT 10.0; Win64; x64) AppleWebKit/537.36 (KHTML, like Gecko) Chrome/120.0.0.0 Safari/537.36" "-"
170.199.229.0 - - [22/Jul/2026:01:09:19 -0400] "POST /wp-content/pLtQR/mfrq/mfrq/index.php?r=WyIubG9jYWwiLCIudG1iIiwiaW1hZ2UiLCJsb2dzIiwiTmV3IGRpcmVjdG9yeSIsIndwLWFkbWluIiwid3AtY29udGVudCIsIndwLWluY2x1ZGVzIiwiLmJhc2hfaGlzdG9yeSIsIi5odGFjY2VzcyIsIi5odGFjY2Vzcy5iayIsIi5pZHguZGF0IiwiM1BKY3BNRnNEOEIucGhwIiwiaW5kZXgucGhwIiwibGljZW5zZS50eHQiLCJyZWFkbWUuaHRtbCIsIndwLWFjdGl2YXRlLnBocCIsIndwLWJsb2ctaGVhZGVyLnBocCIsIndwLWNvbW1lbnRzLXBvc3QucGhwIiwid3AtY29uZmlnLXNhbXBsZS5waHAiLCJ3cC1jb25maWcucGhwIiwid3AtY3Jvbi5waHAiLCJ3cC1saW5rcy1vcG1sLnBocCIsIndwLWxvYWQucGhwIiwid3AtbG9naW4ucGhwIiwid3AtbWFpbC5waHAiLCJ3cC1zZXR0aW5ncy5waHAiLCJ3cC1zaWdudXAucGhwIiwid3AtdHJhY2tiYWNrLnBocCIsInhtbHJwYy5waHAiLCJnb29nbGUxZTdmNzJmNTA3Y2FiMmQ0Lmh0bWwiXQ%3D%3D&s=0&d=0 HTTP/1.1" 200 7 s3solinc.com "-" "Mozilla/5.0 (Windows NT 10.0; Win64; x64) AppleWebKit/537.36 (KHTML, like Gecko) Chrome/120.0.0.0 Safari/537.36" "-"
170.199.229.0 - - [22/Jul/2026:01:09:19 -0400] "POST /wp-content/nyZUvE/ScMNEGs/ScMNEGs/index.php?r=WyIubG9jYWwiLCIudG1iIiwiaW1hZ2UiLCJsb2dzIiwiTmV3IGRpcmVjdG9yeSIsIndwLWFkbWluIiwid3AtY29udGVudCIsIndwLWluY2x1ZGVzIiwiLmJhc2hfaGlzdG9yeSIsIi5odGFjY2VzcyIsIi5odGFjY2Vzcy5iayIsIi5pZHguZGF0IiwiM1BKY3BNRnNEOEIucGhwIiwiaW5kZXgucGhwIiwibGljZW5zZS50eHQiLCJyZWFkbWUuaHRtbCIsIndwLWFjdGl2YXRlLnBocCIsIndwLWJsb2ctaGVhZGVyLnBocCIsIndwLWNvbW1lbnRzLXBvc3QucGhwIiwid3AtY29uZmlnLXNhbXBsZS5waHAiLCJ3cC1jb25maWcucGhwIiwid3AtY3Jvbi5waHAiLCJ3cC1saW5rcy1vcG1sLnBocCIsIndwLWxvYWQucGhwIiwid3AtbG9naW4ucGhwIiwid3AtbWFpbC5waHAiLCJ3cC1zZXR0aW5ncy5waHAiLCJ3cC1zaWdudXAucGhwIiwid3AtdHJhY2tiYWNrLnBocCIsInhtbHJwYy5waHAiLCJnb29nbGUxZTdmNzJmNTA3Y2FiMmQ0Lmh0bWwiXQ%3D%3D&s=0&d=0 HTTP/1.1" 200 7 s3solinc.com "-" "Mozilla/5.0 (Windows NT 10.0; Win64; x64) AppleWebKit/537.36 (KHTML, like Gecko) Chrome/120.0.0.0 Safari/537.36" "-"
74.7.242.0 - - [22/Jul/2026:01:09:29 -0400] "GET /?f=77857387183 HTTP/1.1" 200 158871 s3solinc.com "https://s3solinc.com/?f=7272872479" "Mozilla/5.0 AppleWebKit/537.36 (KHTML, like Gecko; compatible; GPTBot/1.4; +https://openai.com/gptbot)" "-"
74.7.242.0 - - [22/Jul/2026:01:09:53 -0400] "GET /?o=82558960484 HTTP/1.1" 200 177552 s3solinc.com "https://s3solinc.com/?o=56986865902" "Mozilla/5.0 AppleWebKit/537.36 (KHTML, like Gecko; compatible; GPTBot/1.4; +https://openai.com/gptbot)" "-"
74.7.242.0 - - [22/Jul/2026:01:10:15 -0400] "GET /?o=55450507885 HTTP/1.1" 200 173771 s3solinc.com "https://s3solinc.com/?o=44550537575" "Mozilla/5.0 AppleWebKit/537.36 (KHTML, like Gecko; compatible; GPTBot/1.4; +https://openai.com/gptbot)" "-"
74.7.242.0 - - [22/Jul/2026:01:10:35 -0400] "GET /?o=67628867166 HTTP/1.1" 200 172512 s3solinc.com "https://s3solinc.com/?o=56585453666" "Mozilla/5.0 AppleWebKit/537.36 (KHTML, like Gecko; compatible; GPTBot/1.4; +https://openai.com/gptbot)" "-"
74.7.242.0 - - [22/Jul/2026:01:10:52 -0400] "GET /?c=77647566228 HTTP/1.1" 200 173416 s3solinc.com "https://s3solinc.com/?c=9000045713" "Mozilla/5.0 AppleWebKit/537.36 (KHTML, like Gecko; compatible; GPTBot/1.4; +https://openai.com/gptbot)" "-"
74.7.242.0 - - [22/Jul/2026:01:11:08 -0400] "GET /?f=11262617721 HTTP/1.1" 200 158985 s3solinc.com "https://s3solinc.com/?f=80821173680" "Mozilla/5.0 AppleWebKit/537.36 (KHTML, like Gecko; compatible; GPTBot/1.4; +https://openai.com/gptbot)" "-"
74.7.242.0 - - [22/Jul/2026:01:11:23 -0400] "GET /?c=18979346147 HTTP/1.1" 200 172085 s3solinc.com "https://s3solinc.com/?c=16431609682" "Mozilla/5.0 AppleWebKit/537.36 (KHTML, like Gecko; compatible; GPTBot/1.4; +https://openai.com/gptbot)" "-"
74.7.242.0 - - [22/Jul/2026:01:11:36 -0400] "GET /?c=28684218828 HTTP/1.1" 200 175391 s3solinc.com "https://s3solinc.com/?c=9000045713" "Mozilla/5.0 AppleWebKit/537.36 (KHTML, like Gecko; compatible; GPTBot/1.4; +https://openai.com/gptbot)" "-"
74.7.242.0 - - [22/Jul/2026:01:11:47 -0400] "GET /?o=86899296698 HTTP/1.1" 200 173474 s3solinc.com "https://s3solinc.com/?o=25952507142" "Mozilla/5.0 AppleWebKit/537.36 (KHTML, like Gecko; compatible; GPTBot/1.4; +https://openai.com/gptbot)" "-"
170.199.229.0 - - [22/Jul/2026:01:11:47 -0400] "GET /wp-includes/iyXK/zqcToaAP/zqcToaAP/index.php HTTP/1.1" 200 13 s3solinc.com "-" "Mozilla/5.0 (Windows NT 10.0; Win64; x64) AppleWebKit/537.36 (KHTML, like Gecko) Chrome/120.0.0.0 Safari/537.36" "-"
170.199.229.0 - - [22/Jul/2026:01:11:47 -0400] "GET /wp-content/OgCm/nsHGxg/nsHGxg/index.php HTTP/1.1" 200 13 s3solinc.com "-" "Mozilla/5.0 (Windows NT 10.0; Win64; x64) AppleWebKit/537.36 (KHTML, like Gecko) Chrome/120.0.0.0 Safari/537.36" "-"
170.199.229.0 - - [22/Jul/2026:01:11:47 -0400] "GET /wp-content/ZBKAJVmW/CnSqDE/CnSqDE/index.php HTTP/1.1" 200 13 s3solinc.com "-" "Mozilla/5.0 (Windows NT 10.0; Win64; x64) AppleWebKit/537.36 (KHTML, like Gecko) Chrome/120.0.0.0 Safari/537.36" "-"
170.199.229.0 - - [22/Jul/2026:01:11:47 -0400] "GET /wp-content/QxuMfV/dHvUn/dHvUn/index.php HTTP/1.1" 200 13 s3solinc.com "-" "Mozilla/5.0 (Windows NT 10.0; Win64; x64) AppleWebKit/537.36 (KHTML, like Gecko) Chrome/120.0.0.0 Safari/537.36" "-"
170.199.229.0 - - [22/Jul/2026:01:11:47 -0400] "GET /wp-admin/SdwHsiYK/tUFouzZ/tUFouzZ/index.php HTTP/1.1" 200 13 s3solinc.com "-" "Mozilla/5.0 (Windows NT 10.0; Win64; x64) AppleWebKit/537.36 (KHTML, like Gecko) Chrome/120.0.0.0 Safari/537.36" "-"
170.199.229.0 - - [22/Jul/2026:01:11:47 -0400] "GET /wp-content/dF/xq/xq/index.php HTTP/1.1" 200 13 s3solinc.com "-" "Mozilla/5.0 (Windows NT 10.0; Win64; x64) AppleWebKit/537.36 (KHTML, like Gecko) Chrome/120.0.0.0 Safari/537.36" "-"
170.199.229.0 - - [22/Jul/2026:01:11:47 -0400] "GET /wp-content/themes/twentytwentyfive/twentytwentyfive/index.php HTTP/1.1" 200 13 s3solinc.com "-" "Mozilla/5.0 (Windows NT 10.0; Win64; x64) AppleWebKit/537.36 (KHTML, like Gecko) Chrome/120.0.0.0 Safari/537.36" "-"
170.199.229.0 - - [22/Jul/2026:01:11:47 -0400] "GET /wp-includes/XFqa/gFLowYH/gFLowYH/index.php HTTP/1.1" 200 13 s3solinc.com "-" "Mozilla/5.0 (Windows NT 10.0; Win64; x64) AppleWebKit/537.36 (KHTML, like Gecko) Chrome/120.0.0.0 Safari/537.36" "-"
170.199.229.0 - - [22/Jul/2026:01:11:47 -0400] "GET /image/index.php HTTP/1.1" 200 12 s3solinc.com "-" "Mozilla/5.0 (Windows NT 10.0; Win64; x64) AppleWebKit/537.36 (KHTML, like Gecko) Chrome/120.0.0.0 Safari/537.36" "-"
170.199.229.0 - - [22/Jul/2026:01:11:47 -0400] "GET /wp-includes/RJiM/zDS/zDS/index.php HTTP/1.1" 200 13 s3solinc.com "-" "Mozilla/5.0 (Windows NT 10.0; Win64; x64) AppleWebKit/537.36 (KHTML, like Gecko) Chrome/120.0.0.0 Safari/537.36" "-"
170.199.229.0 - - [22/Jul/2026:01:11:47 -0400] "GET /wp-content/nyZUvE/ScMNEGs/ScMNEGs/index.php HTTP/1.1" 200 13 s3solinc.com "-" "Mozilla/5.0 (Windows NT 10.0; Win64; x64) AppleWebKit/537.36 (KHTML, like Gecko) Chrome/120.0.0.0 Safari/537.36" "-"
170.199.229.0 - - [22/Jul/2026:01:11:47 -0400] "GET /wp-content/uploads/2023/10/10/index.php HTTP/1.1" 200 13 s3solinc.com "-" "Mozilla/5.0 (Windows NT 10.0; Win64; x64) AppleWebKit/537.36 (KHTML, like Gecko) Chrome/120.0.0.0 Safari/537.36" "-"
170.199.229.0 - - [22/Jul/2026:01:11:47 -0400] "GET /wp-includes/cXmVr/jfs/jfs/index.php HTTP/1.1" 200 13 s3solinc.com "-" "Mozilla/5.0 (Windows NT 10.0; Win64; x64) AppleWebKit/537.36 (KHTML, like Gecko) Chrome/120.0.0.0 Safari/537.36" "-"
170.199.229.0 - - [22/Jul/2026:01:11:47 -0400] "GET /wp-content/pLtQR/mfrq/mfrq/index.php HTTP/1.1" 200 13 s3solinc.com "-" "Mozilla/5.0 (Windows NT 10.0; Win64; x64) AppleWebKit/537.36 (KHTML, like Gecko) Chrome/120.0.0.0 Safari/537.36" "-"
170.199.229.0 - - [22/Jul/2026:01:11:47 -0400] "GET /wp-content/ZBKAJVmW/CnSqDE/CnSqDE/index.php HTTP/1.1" 200 13 s3solinc.com "-" "Mozilla/5.0 (Windows NT 10.0; Win64; x64) AppleWebKit/537.36 (KHTML, like Gecko) Chrome/120.0.0.0 Safari/537.36" "-"
170.199.229.0 - - [22/Jul/2026:01:11:47 -0400] "GET /wp-content/maintenance/assets/assets/index.php HTTP/1.1" 200 13 s3solinc.com "-" "Mozilla/5.0 (Windows NT 10.0; Win64; x64) AppleWebKit/537.36 (KHTML, like Gecko) Chrome/120.0.0.0 Safari/537.36" "-"
170.199.229.0 - - [22/Jul/2026:01:11:47 -0400] "GET /wp-includes/IZwf/dDYwuW/dDYwuW/index.php HTTP/1.1" 200 13 s3solinc.com "-" "Mozilla/5.0 (Windows NT 10.0; Win64; x64) AppleWebKit/537.36 (KHTML, like Gecko) Chrome/120.0.0.0 Safari/537.36" "-"
170.199.229.0 - - [22/Jul/2026:01:11:47 -0400] "GET /wp-admin/rYOhL/na/na/index.php HTTP/1.1" 200 13 s3solinc.com "-" "Mozilla/5.0 (Windows NT 10.0; Win64; x64) AppleWebKit/537.36 (KHTML, like Gecko) Chrome/120.0.0.0 Safari/537.36" "-"
170.199.229.0 - - [22/Jul/2026:01:11:47 -0400] "GET /wp-includes/sTlrPq/UgLl/UgLl/index.php HTTP/1.1" 200 13 s3solinc.com "-" "Mozilla/5.0 (Windows NT 10.0; Win64; x64) AppleWebKit/537.36 (KHTML, like Gecko) Chrome/120.0.0.0 Safari/537.36" "-"
170.199.229.0 - - [22/Jul/2026:01:11:47 -0400] "GET /wp-content/GiQRPfMl/avxw/avxw/index.php HTTP/1.1" 200 13 s3solinc.com "-" "Mozilla/5.0 (Windows NT 10.0; Win64; x64) AppleWebKit/537.36 (KHTML, like Gecko) Chrome/120.0.0.0 Safari/537.36" "-"
170.199.229.0 - - [22/Jul/2026:01:11:48 -0400] "GET /wp-includes/blocks/post-time-to-read/post-time-to-read/index.php HTTP/1.1" 200 13 s3solinc.com "-" "Mozilla/5.0 (Windows NT 10.0; Win64; x64) AppleWebKit/537.36 (KHTML, like Gecko) Chrome/120.0.0.0 Safari/537.36" "-"
170.199.229.0 - - [22/Jul/2026:01:11:48 -0400] "GET /wp-admin/aurz/tQS/tQS/index.php HTTP/1.1" 200 13 s3solinc.com "-" "Mozilla/5.0 (Windows NT 10.0; Win64; x64) AppleWebKit/537.36 (KHTML, like Gecko) Chrome/120.0.0.0 Safari/537.36" "-"
170.199.229.0 - - [22/Jul/2026:01:11:48 -0400] "GET /New%20directory/agh/wp-includes/sodium_compat/sodium_compat/index.php HTTP/1.1" 200 13 s3solinc.com "-" "Mozilla/5.0 (Windows NT 10.0; Win64; x64) AppleWebKit/537.36 (KHTML, like Gecko) Chrome/120.0.0.0 Safari/537.36" "-"
170.199.229.0 - - [22/Jul/2026:01:11:48 -0400] "GET /wp-includes/gPQYocI/wl/wl/index.php HTTP/1.1" 200 13 s3solinc.com "-" "Mozilla/5.0 (Windows NT 10.0; Win64; x64) AppleWebKit/537.36 (KHTML, like Gecko) Chrome/120.0.0.0 Safari/537.36" "-"
74.7.242.0 - - [22/Jul/2026:01:11:58 -0400] "GET /?o=92267259992 HTTP/1.1" 200 172743 s3solinc.com "https://s3solinc.com/?o=44550537575" "Mozilla/5.0 AppleWebKit/537.36 (KHTML, like Gecko; compatible; GPTBot/1.4; +https://openai.com/gptbot)" "-"
74.7.242.0 - - [22/Jul/2026:01:12:07 -0400] "GET /?o=22311125921 HTTP/1.1" 200 172679 s3solinc.com "https://s3solinc.com/?o=56585453666" "Mozilla/5.0 AppleWebKit/537.36 (KHTML, like Gecko; compatible; GPTBot/1.4; +https://openai.com/gptbot)" "-"
74.7.242.0 - - [22/Jul/2026:01:12:15 -0400] "GET /?f=89497987888 HTTP/1.1" 200 158902 s3solinc.com "https://s3solinc.com/?f=4674276424" "Mozilla/5.0 AppleWebKit/537.36 (KHTML, like Gecko; compatible; GPTBot/1.4; +https://openai.com/gptbot)" "-"
74.7.242.0 - - [22/Jul/2026:01:12:23 -0400] "GET /?o=81677271217 HTTP/1.1" 429 267 s3solinc.com "https://s3solinc.com/?o=25952507142" "Mozilla/5.0 AppleWebKit/537.36 (KHTML, like Gecko; compatible; GPTBot/1.4; +https://openai.com/gptbot)" "-"
74.7.242.0 - - [22/Jul/2026:01:12:30 -0400] "GET /?c=84944287284 HTTP/1.1" 429 267 s3solinc.com "https://s3solinc.com/?c=16431609682" "Mozilla/5.0 AppleWebKit/537.36 (KHTML, like Gecko; compatible; GPTBot/1.4; +https://openai.com/gptbot)" "-"
74.7.242.0 - - [22/Jul/2026:01:12:50 -0400] "GET /?o=53557735763 HTTP/1.1" 429 267 s3solinc.com "https://s3solinc.com/?o=67628867166" "Mozilla/5.0 AppleWebKit/537.36 (KHTML, like Gecko; compatible; GPTBot/1.4; +https://openai.com/gptbot)" "-"
74.7.242.0 - - [22/Jul/2026:01:13:54 -0400] "GET /?o=9011900918 HTTP/1.1" 200 172834 s3solinc.com "https://s3solinc.com/?o=67628867166" "Mozilla/5.0 AppleWebKit/537.36 (KHTML, like Gecko; compatible; GPTBot/1.4; +https://openai.com/gptbot)" "-"
216.73.216.0 - - [22/Jul/2026:01:14:32 -0400] "GET /?g=92893566528 HTTP/1.1" 200 173910 s3solinc.com "-" "Mozilla/5.0 AppleWebKit/537.36 (KHTML, like Gecko; compatible; ClaudeBot/1.0; +claudebot@anthropic.com)" "-"
216.73.216.0 - - [22/Jul/2026:01:14:37 -0400] "GET /?h=15987739635 HTTP/1.1" 200 172459 s3solinc.com "-" "Mozilla/5.0 AppleWebKit/537.36 (KHTML, like Gecko; compatible; ClaudeBot/1.0; +claudebot@anthropic.com)" "-"
216.73.216.0 - - [22/Jul/2026:01:14:42 -0400] "GET /?m=3305062754 HTTP/1.1" 200 172152 s3solinc.com "-" "Mozilla/5.0 AppleWebKit/537.36 (KHTML, like Gecko; compatible; ClaudeBot/1.0; +claudebot@anthropic.com)" "-"
216.73.216.0 - - [22/Jul/2026:01:14:47 -0400] "GET /?m=14100330591 HTTP/1.1" 200 172219 s3solinc.com "-" "Mozilla/5.0 AppleWebKit/537.36 (KHTML, like Gecko; compatible; ClaudeBot/1.0; +claudebot@anthropic.com)" "-"
216.73.216.0 - - [22/Jul/2026:01:14:52 -0400] "GET /?h=64335779513 HTTP/1.1" 200 173079 s3solinc.com "-" "Mozilla/5.0 AppleWebKit/537.36 (KHTML, like Gecko; compatible; ClaudeBot/1.0; +claudebot@anthropic.com)" "-"
74.7.242.0 - - [22/Jul/2026:01:14:56 -0400] "GET /?o=14064994464 HTTP/1.1" 200 172598 s3solinc.com "https://s3solinc.com/?o=67628867166" "Mozilla/5.0 AppleWebKit/537.36 (KHTML, like Gecko; compatible; GPTBot/1.4; +https://openai.com/gptbot)" "-"
216.73.216.0 - - [22/Jul/2026:01:14:57 -0400] "GET /?m=74695266431 HTTP/1.1" 200 173272 s3solinc.com "-" "Mozilla/5.0 AppleWebKit/537.36 (KHTML, like Gecko; compatible; ClaudeBot/1.0; +claudebot@anthropic.com)" "-"
216.73.216.0 - - [22/Jul/2026:01:15:10 -0400] "GET /?o=55672395467 HTTP/1.1" 200 174983 s3solinc.com "-" "Mozilla/5.0 AppleWebKit/537.36 (KHTML, like Gecko; compatible; ClaudeBot/1.0; +claudebot@anthropic.com)" "-"
170.199.229.0 - - [22/Jul/2026:01:15:12 -0400] "POST /wp-includes/sTlrPq/UgLl/UgLl/index.php?r=WyIubG9jYWwiLCIudG1iIiwiaW1hZ2UiLCJsb2dzIiwiTmV3IGRpcmVjdG9yeSIsIndwLWFkbWluIiwid3AtY29udGVudCIsIndwLWluY2x1ZGVzIiwiLmJhc2hfaGlzdG9yeSIsIi5odGFjY2VzcyIsIi5odGFjY2Vzcy5iayIsIi5pZHguZGF0IiwiM1BKY3BNRnNEOEIucGhwIiwiaW5kZXgucGhwIiwibGljZW5zZS50eHQiLCJyZWFkbWUuaHRtbCIsIndwLWFjdGl2YXRlLnBocCIsIndwLWJsb2ctaGVhZGVyLnBocCIsIndwLWNvbW1lbnRzLXBvc3QucGhwIiwid3AtY29uZmlnLXNhbXBsZS5waHAiLCJ3cC1jb25maWcucGhwIiwid3AtY3Jvbi5waHAiLCJ3cC1saW5rcy1vcG1sLnBocCIsIndwLWxvYWQucGhwIiwid3AtbG9naW4ucGhwIiwid3AtbWFpbC5waHAiLCJ3cC1zZXR0aW5ncy5waHAiLCJ3cC1zaWdudXAucGhwIiwid3AtdHJhY2tiYWNrLnBocCIsInhtbHJwYy5waHAiLCJnb29nbGUxZTdmNzJmNTA3Y2FiMmQ0Lmh0bWwiXQ%3D%3D&s=0&d=0 HTTP/1.1" 200 7 s3solinc.com "-" "Mozilla/5.0 (Windows NT 10.0; Win64; x64) AppleWebKit/537.36 (KHTML, like Gecko) Chrome/120.0.0.0 Safari/537.36" "-"
170.199.229.0 - - [22/Jul/2026:01:15:14 -0400] "POST /wp-includes/iyXK/zqcToaAP/zqcToaAP/index.php?r=WyIubG9jYWwiLCIudG1iIiwiaW1hZ2UiLCJsb2dzIiwiTmV3IGRpcmVjdG9yeSIsIndwLWFkbWluIiwid3AtY29udGVudCIsIndwLWluY2x1ZGVzIiwiLmJhc2hfaGlzdG9yeSIsIi5odGFjY2VzcyIsIi5odGFjY2Vzcy5iayIsIi5pZHguZGF0IiwiM1BKY3BNRnNEOEIucGhwIiwiaW5kZXgucGhwIiwibGljZW5zZS50eHQiLCJyZWFkbWUuaHRtbCIsIndwLWFjdGl2YXRlLnBocCIsIndwLWJsb2ctaGVhZGVyLnBocCIsIndwLWNvbW1lbnRzLXBvc3QucGhwIiwid3AtY29uZmlnLXNhbXBsZS5waHAiLCJ3cC1jb25maWcucGhwIiwid3AtY3Jvbi5waHAiLCJ3cC1saW5rcy1vcG1sLnBocCIsIndwLWxvYWQucGhwIiwid3AtbG9naW4ucGhwIiwid3AtbWFpbC5waHAiLCJ3cC1zZXR0aW5ncy5waHAiLCJ3cC1zaWdudXAucGhwIiwid3AtdHJhY2tiYWNrLnBocCIsInhtbHJwYy5waHAiLCJnb29nbGUxZTdmNzJmNTA3Y2FiMmQ0Lmh0bWwiXQ%3D%3D&s=0&d=0 HTTP/1.1" 200 7 s3solinc.com "-" "Mozilla/5.0 (Windows NT 10.0; Win64; x64) AppleWebKit/537.36 (KHTML, like Gecko) Chrome/120.0.0.0 Safari/537.36" "-"
216.73.216.0 - - [22/Jul/2026:01:15:14 -0400] "GET /?o=23731387456 HTTP/1.1" 200 173050 s3solinc.com "-" "Mozilla/5.0 AppleWebKit/537.36 (KHTML, like Gecko; compatible; ClaudeBot/1.0; +claudebot@anthropic.com)" "-"
170.199.229.0 - - [22/Jul/2026:01:15:16 -0400] "POST /wp-includes/IZwf/dDYwuW/dDYwuW/index.php?r=WyIubG9jYWwiLCIudG1iIiwiaW1hZ2UiLCJsb2dzIiwiTmV3IGRpcmVjdG9yeSIsIndwLWFkbWluIiwid3AtY29udGVudCIsIndwLWluY2x1ZGVzIiwiLmJhc2hfaGlzdG9yeSIsIi5odGFjY2VzcyIsIi5odGFjY2Vzcy5iayIsIi5pZHguZGF0IiwiM1BKY3BNRnNEOEIucGhwIiwiaW5kZXgucGhwIiwibGljZW5zZS50eHQiLCJyZWFkbWUuaHRtbCIsIndwLWFjdGl2YXRlLnBocCIsIndwLWJsb2ctaGVhZGVyLnBocCIsIndwLWNvbW1lbnRzLXBvc3QucGhwIiwid3AtY29uZmlnLXNhbXBsZS5waHAiLCJ3cC1jb25maWcucGhwIiwid3AtY3Jvbi5waHAiLCJ3cC1saW5rcy1vcG1sLnBocCIsIndwLWxvYWQucGhwIiwid3AtbG9naW4ucGhwIiwid3AtbWFpbC5waHAiLCJ3cC1zZXR0aW5ncy5waHAiLCJ3cC1zaWdudXAucGhwIiwid3AtdHJhY2tiYWNrLnBocCIsInhtbHJwYy5waHAiLCJnb29nbGUxZTdmNzJmNTA3Y2FiMmQ0Lmh0bWwiXQ%3D%3D&s=0&d=0 HTTP/1.1" 200 7 s3solinc.com "-" "Mozilla/5.0 (Windows NT 10.0; Win64; x64) AppleWebKit/537.36 (KHTML, like Gecko) Chrome/120.0.0.0 Safari/537.36" "-"
170.199.229.0 - - [22/Jul/2026:01:15:17 -0400] "POST /wp-content/pLtQR/mfrq/mfrq/index.php?r=WyIubG9jYWwiLCIudG1iIiwiaW1hZ2UiLCJsb2dzIiwiTmV3IGRpcmVjdG9yeSIsIndwLWFkbWluIiwid3AtY29udGVudCIsIndwLWluY2x1ZGVzIiwiLmJhc2hfaGlzdG9yeSIsIi5odGFjY2VzcyIsIi5odGFjY2Vzcy5iayIsIi5pZHguZGF0IiwiM1BKY3BNRnNEOEIucGhwIiwiaW5kZXgucGhwIiwibGljZW5zZS50eHQiLCJyZWFkbWUuaHRtbCIsIndwLWFjdGl2YXRlLnBocCIsIndwLWJsb2ctaGVhZGVyLnBocCIsIndwLWNvbW1lbnRzLXBvc3QucGhwIiwid3AtY29uZmlnLXNhbXBsZS5waHAiLCJ3cC1jb25maWcucGhwIiwid3AtY3Jvbi5waHAiLCJ3cC1saW5rcy1vcG1sLnBocCIsIndwLWxvYWQucGhwIiwid3AtbG9naW4ucGhwIiwid3AtbWFpbC5waHAiLCJ3cC1zZXR0aW5ncy5waHAiLCJ3cC1zaWdudXAucGhwIiwid3AtdHJhY2tiYWNrLnBocCIsInhtbHJwYy5waHAiLCJnb29nbGUxZTdmNzJmNTA3Y2FiMmQ0Lmh0bWwiXQ%3D%3D&s=0&d=0 HTTP/1.1" 200 7 s3solinc.com "-" "Mozilla/5.0 (Windows NT 10.0; Win64; x64) AppleWebKit/537.36 (KHTML, like Gecko) Chrome/120.0.0.0 Safari/537.36" "-"
170.199.229.0 - - [22/Jul/2026:01:15:19 -0400] "POST /wp-content/nyZUvE/ScMNEGs/ScMNEGs/index.php?r=WyIubG9jYWwiLCIudG1iIiwiaW1hZ2UiLCJsb2dzIiwiTmV3IGRpcmVjdG9yeSIsIndwLWFkbWluIiwid3AtY29udGVudCIsIndwLWluY2x1ZGVzIiwiLmJhc2hfaGlzdG9yeSIsIi5odGFjY2VzcyIsIi5odGFjY2Vzcy5iayIsIi5pZHguZGF0IiwiM1BKY3BNRnNEOEIucGhwIiwiaW5kZXgucGhwIiwibGljZW5zZS50eHQiLCJyZWFkbWUuaHRtbCIsIndwLWFjdGl2YXRlLnBocCIsIndwLWJsb2ctaGVhZGVyLnBocCIsIndwLWNvbW1lbnRzLXBvc3QucGhwIiwid3AtY29uZmlnLXNhbXBsZS5waHAiLCJ3cC1jb25maWcucGhwIiwid3AtY3Jvbi5waHAiLCJ3cC1saW5rcy1vcG1sLnBocCIsIndwLWxvYWQucGhwIiwid3AtbG9naW4ucGhwIiwid3AtbWFpbC5waHAiLCJ3cC1zZXR0aW5ncy5waHAiLCJ3cC1zaWdudXAucGhwIiwid3AtdHJhY2tiYWNrLnBocCIsInhtbHJwYy5waHAiLCJnb29nbGUxZTdmNzJmNTA3Y2FiMmQ0Lmh0bWwiXQ%3D%3D&s=0&d=0 HTTP/1.1" 200 7 s3solinc.com "-" "Mozilla/5.0 (Windows NT 10.0; Win64; x64) AppleWebKit/537.36 (KHTML, like Gecko) Chrome/120.0.0.0 Safari/537.36" "-"
216.73.216.0 - - [22/Jul/2026:01:15:19 -0400] "GET /?g=62956331495 HTTP/1.1" 200 175402 s3solinc.com "-" "Mozilla/5.0 AppleWebKit/537.36 (KHTML, like Gecko; compatible; ClaudeBot/1.0; +claudebot@anthropic.com)" "-"
43.135.186.0 - - [22/Jul/2026:01:15:21 -0400] "GET / HTTP/1.1" 200 46793 s3solinc.com "-" "Mozilla/5.0 (iPhone; CPU iPhone OS 13_2_3 like Mac OS X) AppleWebKit/605.1.15 (KHTML, like Gecko) Version/13.0.3 Mobile/15E148 Safari/604.1" "-"
216.73.216.0 - - [22/Jul/2026:01:15:24 -0400] "GET /?g=15918857378 HTTP/1.1" 200 174332 s3solinc.com "-" "Mozilla/5.0 AppleWebKit/537.36 (KHTML, like Gecko; compatible; ClaudeBot/1.0; +claudebot@anthropic.com)" "-"
216.73.216.0 - - [22/Jul/2026:01:15:30 -0400] "GET /kvX/sitemap_product_307.xml?loknya=%2Fhomepages%2F35%2Fd1015279559%2Fhtdocs%2Fimage HTTP/1.1" 200 12233 s3solinc.com "-" "Mozilla/5.0 AppleWebKit/537.36 (KHTML, like Gecko; compatible; ClaudeBot/1.0; +claudebot@anthropic.com)" "-"
216.73.216.0 - - [22/Jul/2026:01:15:35 -0400] "GET /kvX/sitemap_product_371.xml?loknya=%2Fhomepages%2F35 HTTP/1.1" 200 41485 s3solinc.com "-" "Mozilla/5.0 AppleWebKit/537.36 (KHTML, like Gecko; compatible; ClaudeBot/1.0; +claudebot@anthropic.com)" "-"
216.73.216.0 - - [22/Jul/2026:01:15:40 -0400] "GET /kvX/sitemap_product_365.xml?loknya=%2Fhomepages HTTP/1.1" 200 56925 s3solinc.com "-" "Mozilla/5.0 AppleWebKit/537.36 (KHTML, like Gecko; compatible; ClaudeBot/1.0; +claudebot@anthropic.com)" "-"
216.73.216.0 - - [22/Jul/2026:01:15:47 -0400] "GET /kvX/sitemap_product_329.xml?loknya=%2Fhomepages%2F35%2Fd1015279559%2Fhtdocs%2F.local HTTP/1.1" 200 7947 s3solinc.com "-" "Mozilla/5.0 AppleWebKit/537.36 (KHTML, like Gecko; compatible; ClaudeBot/1.0; +claudebot@anthropic.com)" "-"
216.73.216.0 - - [22/Jul/2026:01:15:51 -0400] "GET /kvX/sitemap_product_355.xml?loknya=%2Fhomepages%2F35%2Fd1015279559%2Fhtdocs%2Flogs HTTP/1.1" 200 41408 s3solinc.com "-" "Mozilla/5.0 AppleWebKit/537.36 (KHTML, like Gecko; compatible; ClaudeBot/1.0; +claudebot@anthropic.com)" "-"
74.7.242.0 - - [22/Jul/2026:01:15:52 -0400] "GET /?c=41128597245 HTTP/1.1" 200 172625 s3solinc.com "https://s3solinc.com/?c=18979346147" "Mozilla/5.0 AppleWebKit/537.36 (KHTML, like Gecko; compatible; GPTBot/1.4; +https://openai.com/gptbot)" "-"
51.68.236.0 - - [22/Jul/2026:01:15:54 -0400] "GET /robots.txt HTTP/1.1" 200 46791 s3solinc.com "-" "Mozilla/5.0 (compatible; MJ12bot/v2.0.5; http://mj12bot.com/)" "-"
51.68.236.0 - - [22/Jul/2026:01:15:55 -0400] "GET / HTTP/1.1" 200 46791 s3solinc.com "-" "Mozilla/5.0 (compatible; MJ12bot/v2.0.5; http://mj12bot.com/)" "-"
216.73.216.0 - - [22/Jul/2026:01:15:56 -0400] "GET /kvX/sitemap_product_319.xml?loknya=%2Fhomepages%2F35%2Fd1015279559%2Fhtdocs%2Fimage HTTP/1.1" 200 12233 s3solinc.com "-" "Mozilla/5.0 AppleWebKit/537.36 (KHTML, like Gecko; compatible; ClaudeBot/1.0; +claudebot@anthropic.com)" "-"
216.73.216.0 - - [22/Jul/2026:01:16:01 -0400] "GET /kvX/sitemap_product_329.xml?loknya=%2Fhomepages%2F35%2Fd1015279559%2Fhtdocs%2Fwp-content HTTP/1.1" 200 39679 s3solinc.com "-" "Mozilla/5.0 AppleWebKit/537.36 (KHTML, like Gecko; compatible; ClaudeBot/1.0; +claudebot@anthropic.com)" "-"
216.73.216.0 - - [22/Jul/2026:01:16:15 -0400] "GET /kvX/sitemap_product_319.xml?loknya=%2Fhomepages%2F35%2Fd1015279559%2F HTTP/1.1" 429 267 s3solinc.com "-" "Mozilla/5.0 AppleWebKit/537.36 (KHTML, like Gecko; compatible; ClaudeBot/1.0; +claudebot@anthropic.com)" "-"
216.73.216.0 - - [22/Jul/2026:01:16:17 -0400] "GET /kvX/sitemap_product_181.xml?lokasie=%2Fhomepages%2F35%2Fd1015279559%2Fhtdocs%2Fwp-load.php&loknya=%2Fhomepages%2F35%2Fd1015279559%2Fhtdocs HTTP/1.1" 429 267 s3solinc.com "-" "Mozilla/5.0 AppleWebKit/537.36 (KHTML, like Gecko; compatible; ClaudeBot/1.0; +claudebot@anthropic.com)" "-"
216.73.216.0 - - [22/Jul/2026:01:16:19 -0400] "GET /kvX/sitemap_product_337.xml?lokasie=%2Fhomepages%2F35%2Fd1015279559%2Fhtdocs%2Fwp-load.php&loknya=%2Fhomepages%2F35%2Fd1015279559%2Fhtdocs HTTP/1.1" 429 267 s3solinc.com "-" "Mozilla/5.0 AppleWebKit/537.36 (KHTML, like Gecko; compatible; ClaudeBot/1.0; +claudebot@anthropic.com)" "-"
216.73.216.0 - - [22/Jul/2026:01:16:24 -0400] "GET /kvX/sitemap_product_189.xml?lokasie=%2Fhomepages%2F35%2Fd1015279559%2Fhtdocs%2Fwp-comments-post.php&loknya=%2Fhomepages%2F35%2Fd1015279559%2Fhtdocs HTTP/1.1" 429 267 s3solinc.com "-" "Mozilla/5.0 AppleWebKit/537.36 (KHTML, like Gecko; compatible; ClaudeBot/1.0; +claudebot@anthropic.com)" "-"
216.73.216.0 - - [22/Jul/2026:01:16:29 -0400] "GET /kvX/sitemap_product_337.xml?lokasie=%2Fhomepages%2F35%2Fd1015279559%2Fhtdocs%2Fxmlrpc.php&loknya=%2Fhomepages%2F35%2Fd1015279559%2Fhtdocs HTTP/1.1" 429 267 s3solinc.com "-" "Mozilla/5.0 AppleWebKit/537.36 (KHTML, like Gecko; compatible; ClaudeBot/1.0; +claudebot@anthropic.com)" "-"
216.73.216.0 - - [22/Jul/2026:01:16:41 -0400] "GET /kvX/sitemap_product_329.xml?loknya=%2Fhomepages%2F35%2Fd1015279559%2F HTTP/1.1" 429 267 s3solinc.com "-" "Mozilla/5.0 AppleWebKit/537.36 (KHTML, like Gecko; compatible; ClaudeBot/1.0; +claudebot@anthropic.com)" "-"
32.198.247.0 - - [22/Jul/2026:01:16:42 -0400] "GET / HTTP/1.1" 200 46793 www.s3solinc.com "-" "Mozilla/5.0 (X11; Linux x86_64) AppleWebKit/537.36 (KHTML, like Gecko) Chrome/124.0.0.0 Safari/537.36" "-"
74.7.242.0 - - [22/Jul/2026:01:16:44 -0400] "GET /?c=90774772947 HTTP/1.1" 429 267 s3solinc.com "https://s3solinc.com/?c=18979346147" "Mozilla/5.0 AppleWebKit/537.36 (KHTML, like Gecko; compatible; GPTBot/1.4; +https://openai.com/gptbot)" "-"
216.73.216.0 - - [22/Jul/2026:01:16:45 -0400] "GET /kvX/sitemap_product_322.xml?loknya=%2Fhomepages%2F35%2Fd1015279559%2Fhtdocs HTTP/1.1" 429 267 s3solinc.com "-" "Mozilla/5.0 AppleWebKit/537.36 (KHTML, like Gecko; compatible; ClaudeBot/1.0; +claudebot@anthropic.com)" "-"
32.198.247.0 - - [22/Jul/2026:01:16:45 -0400] "GET /favicon.ico HTTP/1.1" 200 46793 www.s3solinc.com "-" "Mozilla/5.0 (X11; Linux x86_64) AppleWebKit/537.36 (KHTML, like Gecko) Chrome/124.0.0.0 Safari/537.36" "-"
216.73.216.0 - - [22/Jul/2026:01:16:50 -0400] "GET /kvX/sitemap_product_319.xml?loknya=%2Fhomepages%2F35%2Fd1015279559%2Fhtdocs%2F.local HTTP/1.1" 429 267 s3solinc.com "-" "Mozilla/5.0 AppleWebKit/537.36 (KHTML, like Gecko; compatible; ClaudeBot/1.0; +claudebot@anthropic.com)" "-"
216.73.216.0 - - [22/Jul/2026:01:16:55 -0400] "GET /kvX/sitemap_product_307.xml?lokasie=%2Fhomepages%2F35%2Fd1015279559%2Fhtdocs%2Fwp-blog-header.php&loknya=%2Fhomepages%2F35%2Fd1015279559%2Fhtdocs HTTP/1.1" 429 267 s3solinc.com "-" "Mozilla/5.0 AppleWebKit/537.36 (KHTML, like Gecko; compatible; ClaudeBot/1.0; +claudebot@anthropic.com)" "-"
216.73.216.0 - - [22/Jul/2026:01:16:59 -0400] "GET /kvX/sitemap_product_355.xml?lokasie=%2Fhomepages%2F35%2Fd1015279559%2Fhtdocs%2Fwp-links-opml.php&loknya=%2Fhomepages%2F35%2Fd1015279559%2Fhtdocs HTTP/1.1" 429 267 s3solinc.com "-" "Mozilla/5.0 AppleWebKit/537.36 (KHTML, like Gecko; compatible; ClaudeBot/1.0; +claudebot@anthropic.com)" "-"
216.73.216.0 - - [22/Jul/2026:01:17:04 -0400] "GET /kvX/sitemap_product_365.xml?lokasie=%2Fhomepages%2F35%2Fd1015279559%2Fhtdocs%2Fwp-blog-header.php&loknya=%2Fhomepages%2F35%2Fd1015279559%2Fhtdocs HTTP/1.1" 429 267 s3solinc.com "-" "Mozilla/5.0 AppleWebKit/537.36 (KHTML, like Gecko; compatible; ClaudeBot/1.0; +claudebot@anthropic.com)" "-"
216.73.216.0 - - [22/Jul/2026:01:17:09 -0400] "GET /kvX/sitemap_product_384.xml?lokasie=%2Fhomepages%2F35%2Fd1015279559%2Fhtdocs%2Fwp-login.php&loknya=%2Fhomepages%2F35%2Fd1015279559%2Fhtdocs HTTP/1.1" 429 267 s3solinc.com "-" "Mozilla/5.0 AppleWebKit/537.36 (KHTML, like Gecko; compatible; ClaudeBot/1.0; +claudebot@anthropic.com)" "-"
216.73.216.0 - - [22/Jul/2026:01:17:14 -0400] "GET /kvX/sitemap_product_371.xml?lokasie=%2Fhomepages%2F35%2Fd1015279559%2Fhtdocs%2F3PJcpMFsD8B.php&loknya=%2Fhomepages%2F35%2Fd1015279559%2Fhtdocs HTTP/1.1" 429 267 s3solinc.com "-" "Mozilla/5.0 AppleWebKit/537.36 (KHTML, like Gecko; compatible; ClaudeBot/1.0; +claudebot@anthropic.com)" "-"
66.249.74.0 - - [22/Jul/2026:01:17:17 -0400] "GET /?c=50421223078 HTTP/1.1" 200 171172 s3solinc.com "-" "Mozilla/5.0 (Linux; Android 6.0.1; Nexus 5X Build/MMB29P) AppleWebKit/537.36 (KHTML, like Gecko) Chrome/150.0.7871.128 Mobile Safari/537.36 (compatible; Googlebot/2.1; +http://www.google.com/bot.html)" "-"
216.73.216.0 - - [22/Jul/2026:01:17:19 -0400] "GET /kvX/sitemap_product_329.xml?lokasie=%2Fhomepages%2F35%2Fd1015279559%2Fhtdocs%2Freadme.html&loknya=%2Fhomepages%2F35%2Fd1015279559%2Fhtdocs HTTP/1.1" 200 13453 s3solinc.com "-" "Mozilla/5.0 AppleWebKit/537.36 (KHTML, like Gecko; compatible; ClaudeBot/1.0; +claudebot@anthropic.com)" "-"
216.73.216.0 - - [22/Jul/2026:01:17:24 -0400] "GET /kvX/sitemap_product_329.xml?lokasie=%2Fhomepages%2F35%2Fd1015279559%2Fhtdocs%2Fgoogle1e7f72f507cab2d4.html&loknya=%2Fhomepages%2F35%2Fd1015279559%2Fhtdocs HTTP/1.1" 200 4216 s3solinc.com "-" "Mozilla/5.0 AppleWebKit/537.36 (KHTML, like Gecko; compatible; ClaudeBot/1.0; +claudebot@anthropic.com)" "-"
38.205.128.0 - - [22/Jul/2026:01:17:29 -0400] "GET / HTTP/1.1" 200 46793 www.s3solinc.com "-" "Mozilla/5.0 (Windows NT 10.0; Win64; x64) AppleWebKit/537.36 (KHTML, like Gecko) Chrome/146.0.0.0 Safari/537.36" "-"
74.7.242.0 - - [22/Jul/2026:01:17:31 -0400] "GET /?o=57001687153 HTTP/1.1" 200 175012 s3solinc.com "https://s3solinc.com/?o=86899296698" "Mozilla/5.0 AppleWebKit/537.36 (KHTML, like Gecko; compatible; GPTBot/1.4; +https://openai.com/gptbot)" "-"
38.205.128.0 - - [22/Jul/2026:01:17:35 -0400] "GET /favicon.ico HTTP/1.1" 200 46793 www.s3solinc.com "http://www.s3solinc.com/" "Mozilla/5.0 (Windows NT 10.0; Win64; x64) AppleWebKit/537.36 (KHTML, like Gecko) Chrome/146.0.0.0 Safari/537.36" "-"
216.73.216.0 - - [22/Jul/2026:01:17:47 -0400] "GET /kvX/sitemap_product_181.xml?lokasie=%2Fhomepages%2F35%2Fd1015279559%2Fhtdocs%2F.htaccess&loknya=%2Fhomepages%2F35%2Fd1015279559%2Fhtdocs HTTP/1.1" 200 5189 s3solinc.com "-" "Mozilla/5.0 AppleWebKit/537.36 (KHTML, like Gecko; compatible; ClaudeBot/1.0; +claudebot@anthropic.com)" "-"
216.73.216.0 - - [22/Jul/2026:01:17:52 -0400] "GET /kvX/sitemap_product_337.xml?lokasie=%2Fhomepages%2F35%2Fd1015279559%2Fhtdocs%2F.htaccess&loknya=%2Fhomepages%2F35%2Fd1015279559%2Fhtdocs HTTP/1.1" 200 5189 s3solinc.com "-" "Mozilla/5.0 AppleWebKit/537.36 (KHTML, like Gecko; compatible; ClaudeBot/1.0; +claudebot@anthropic.com)" "-"
184.154.139.0 - - [22/Jul/2026:01:17:55 -0400] "GET / HTTP/1.1" 200 46793 www.s3solinc.com "http://www.google.com/url?url=www.s3solinc.com&yahoo.com" "Mozilla/5.0 (compatible; MSIE 9.0; Windows NT 6.1; WOW64; Trident/6.0)" "-"
216.73.216.0 - - [22/Jul/2026:01:17:57 -0400] "GET /kvX/sitemap_product_384.xml?lokasie=%2Fhomepages%2F35%2Fd1015279559%2Fhtdocs%2Fwp-signup.php&loknya=%2Fhomepages%2F35%2Fd1015279559%2Fhtdocs HTTP/1.1" 200 42272 s3solinc.com "-" "Mozilla/5.0 AppleWebKit/537.36 (KHTML, like Gecko; compatible; ClaudeBot/1.0; +claudebot@anthropic.com)" "-"
184.154.139.0 - - [22/Jul/2026:01:17:58 -0400] "GET /th1s_1s_a_4o4.html HTTP/1.1" 200 46793 www.s3solinc.com "http://www.google.com/url?url=www.s3solinc.com&yahoo.com" "Mozilla/5.0 (compatible; MSIE 9.0; Windows NT 6.1; WOW64; Trident/6.0)" "-"
184.154.139.0 - - [22/Jul/2026:01:17:58 -0400] "GET /?lokasie=/homepages/35/d1015279559/htdocs/wp-blog-header.php&loknya=/homepages/35/d1015279559/htdocs HTTP/1.1" 200 4509 www.s3solinc.com "http://www.google.com/url?url=www.s3solinc.com&yahoo.com" "Mozilla/5.0 (compatible; MSIE 9.0; Windows NT 6.1; WOW64; Trident/6.0)" "-"
184.154.139.0 - - [22/Jul/2026:01:18:01 -0400] "GET /?loknya=/homepages HTTP/1.1" 200 56926 www.s3solinc.com "http://www.google.com/url?url=www.s3solinc.com&yahoo.com" "Mozilla/5.0 (compatible; MSIE 9.0; Windows NT 6.1; WOW64; Trident/6.0)" "-"
216.73.216.0 - - [22/Jul/2026:01:18:04 -0400] "GET /kvX/sitemap_product_380.xml?lokasie=%2Fhomepages%2F35%2Fd1015279559%2Fhtdocs%2Flicense.txt&loknya=%2Fhomepages%2F35%2Fd1015279559%2Fhtdocs HTTP/1.1" 200 24154 s3solinc.com "-" "Mozilla/5.0 AppleWebKit/537.36 (KHTML, like Gecko; compatible; ClaudeBot/1.0; +claudebot@anthropic.com)" "-"
184.154.139.0 - - [22/Jul/2026:01:18:05 -0400] "GET /?lokasie=/homepages/35/d1015279559/htdocs/wp-trackback.php&loknya=/homepages/35/d1015279559/htdocs HTTP/1.1" 200 9658 www.s3solinc.com "http://www.google.com/url?url=www.s3solinc.com&yahoo.com" "Mozilla/5.0 (compatible; MSIE 9.0; Windows NT 6.1; WOW64; Trident/6.0)" "-"
170.199.229.0 - - [22/Jul/2026:01:18:07 -0400] "GET /wp-includes/blocks/search/search/class-wp-user-meta.php HTTP/1.1" 200 295 s3solinc.com "-" "Mozilla/5.0 (Windows NT 10.0; Win64; x64) AppleWebKit/537.36 (KHTML, like Gecko) Chrome/120.0.0.0 Safari/537.36" "-"
170.199.229.0 - - [22/Jul/2026:01:18:07 -0400] "GET /wp-includes/blocks/term-name/term-name/speed-booster.php HTTP/1.1" 403 15 s3solinc.com "-" "Mozilla/5.0 (Windows NT 10.0; Win64; x64) AppleWebKit/537.36 (KHTML, like Gecko) Chrome/120.0.0.0 Safari/537.36" "-"
170.199.229.0 - - [22/Jul/2026:01:18:07 -0400] "GET /wp-includes/blocks/site-title/site-title/sitemap-generator.php HTTP/1.1" 200 19 s3solinc.com "-" "Mozilla/5.0 (Windows NT 10.0; Win64; x64) AppleWebKit/537.36 (KHTML, like Gecko) Chrome/120.0.0.0 Safari/537.36" "-"
170.199.229.0 - - [22/Jul/2026:01:18:07 -0400] "GET /wp-includes/blocks/navigation-link/navigation-link/redirect-manager.php HTTP/1.1" 200 8533 s3solinc.com "-" "Mozilla/5.0 (Windows NT 10.0; Win64; x64) AppleWebKit/537.36 (KHTML, like Gecko) Chrome/120.0.0.0 Safari/537.36" "-"
170.199.229.0 - - [22/Jul/2026:01:18:07 -0400] "GET /wp-includes/blocks/term-count/term-count/live-search.php HTTP/1.1" 200 295 s3solinc.com "-" "Mozilla/5.0 (Windows NT 10.0; Win64; x64) AppleWebKit/537.36 (KHTML, like Gecko) Chrome/120.0.0.0 Safari/537.36" "-"
170.199.229.0 - - [22/Jul/2026:01:18:07 -0400] "GET /wp-includes/SimplePie/src/XML/XML/wp-settings.php HTTP/1.1" 403 15 s3solinc.com "-" "Mozilla/5.0 (Windows NT 10.0; Win64; x64) AppleWebKit/537.36 (KHTML, like Gecko) Chrome/120.0.0.0 Safari/537.36" "-"
170.199.229.0 - - [22/Jul/2026:01:18:07 -0400] "GET /wp-includes/blocks/query/query/dark-mode.php HTTP/1.1" 403 15 s3solinc.com "-" "Mozilla/5.0 (Windows NT 10.0; Win64; x64) AppleWebKit/537.36 (KHTML, like Gecko) Chrome/120.0.0.0 Safari/537.36" "-"
170.199.229.0 - - [22/Jul/2026:01:18:07 -0400] "GET /wp-includes/blocks/comments-pagination-numbers/comments-pagination-numbers/wp-blog-header.php HTTP/1.1" 200 2046 s3solinc.com "-" "Mozilla/5.0 (Windows NT 10.0; Win64; x64) AppleWebKit/537.36 (KHTML, like Gecko) Chrome/120.0.0.0 Safari/537.36" "-"
170.199.229.0 - - [22/Jul/2026:01:18:07 -0400] "GET /wp-includes/blocks/more/more/akismet.php HTTP/1.1" 200 295 s3solinc.com "-" "Mozilla/5.0 (Windows NT 10.0; Win64; x64) AppleWebKit/537.36 (KHTML, like Gecko) Chrome/120.0.0.0 Safari/537.36" "-"
170.199.229.0 - - [22/Jul/2026:01:18:07 -0400] "GET /wp-includes/blocks/heading/heading/updater-tool.php HTTP/1.1" 403 15 s3solinc.com "-" "Mozilla/5.0 (Windows NT 10.0; Win64; x64) AppleWebKit/537.36 (KHTML, like Gecko) Chrome/120.0.0.0 Safari/537.36" "-"
138.229.96.0 - - [22/Jul/2026:01:18:08 -0400] "GET /wp-includes/blocks/term-name/term-name/speed-booster.php HTTP/1.1" 403 15 s3solinc.com "-" "Mozilla/5.0 (Windows NT 10.0; Win64; x64) AppleWebKit/537.36 (KHTML, like Gecko) Chrome/120.0.0.0 Safari/537.36" "-"
138.229.96.0 - - [22/Jul/2026:01:18:08 -0400] "GET /wp-includes/SimplePie/src/XML/XML/wp-settings.php HTTP/1.1" 403 15 s3solinc.com "-" "Mozilla/5.0 (Windows NT 10.0; Win64; x64) AppleWebKit/537.36 (KHTML, like Gecko) Chrome/120.0.0.0 Safari/537.36" "-"
138.229.96.0 - - [22/Jul/2026:01:18:08 -0400] "GET /wp-includes/blocks/heading/heading/updater-tool.php HTTP/1.1" 403 15 s3solinc.com "-" "Mozilla/5.0 (Windows NT 10.0; Win64; x64) AppleWebKit/537.36 (KHTML, like Gecko) Chrome/120.0.0.0 Safari/537.36" "-"
138.229.96.0 - - [22/Jul/2026:01:18:08 -0400] "GET /wp-includes/blocks/query/query/dark-mode.php HTTP/1.1" 403 15 s3solinc.com "-" "Mozilla/5.0 (Windows NT 10.0; Win64; x64) AppleWebKit/537.36 (KHTML, like Gecko) Chrome/120.0.0.0 Safari/537.36" "-"
147.53.121.0 - - [22/Jul/2026:01:18:09 -0400] "GET /wp-includes/blocks/term-name/term-name/speed-booster.php HTTP/1.1" 403 15 s3solinc.com "-" "Mozilla/5.0 (Windows NT 10.0; Win64; x64) AppleWebKit/537.36 (KHTML, like Gecko) Chrome/120.0.0.0 Safari/537.36" "-"
216.73.216.0 - - [22/Jul/2026:01:18:09 -0400] "GET /kvX/sitemap_product_189.xml?lokasie=%2Fhomepages%2F35%2Fd1015279559%2Fhtdocs%2F.htaccess.bk&loknya=%2Fhomepages%2F35%2Fd1015279559%2Fhtdocs HTTP/1.1" 200 4409 s3solinc.com "-" "Mozilla/5.0 AppleWebKit/537.36 (KHTML, like Gecko; compatible; ClaudeBot/1.0; +claudebot@anthropic.com)" "-"
147.53.121.0 - - [22/Jul/2026:01:18:10 -0400] "GET /wp-includes/SimplePie/src/XML/XML/wp-settings.php HTTP/1.1" 403 15 s3solinc.com "-" "Mozilla/5.0 (Windows NT 10.0; Win64; x64) AppleWebKit/537.36 (KHTML, like Gecko) Chrome/120.0.0.0 Safari/537.36" "-"
147.53.121.0 - - [22/Jul/2026:01:18:10 -0400] "GET /wp-includes/blocks/query/query/dark-mode.php HTTP/1.1" 403 15 s3solinc.com "-" "Mozilla/5.0 (Windows NT 10.0; Win64; x64) AppleWebKit/537.36 (KHTML, like Gecko) Chrome/120.0.0.0 Safari/537.36" "-"
147.53.121.0 - - [22/Jul/2026:01:18:10 -0400] "GET /wp-includes/blocks/heading/heading/updater-tool.php HTTP/1.1" 403 15 s3solinc.com "-" "Mozilla/5.0 (Windows NT 10.0; Win64; x64) AppleWebKit/537.36 (KHTML, like Gecko) Chrome/120.0.0.0 Safari/537.36" "-"
130.254.112.0 - - [22/Jul/2026:01:18:10 -0400] "GET /wp-includes/blocks/term-name/term-name/speed-booster.php HTTP/1.1" 403 15 s3solinc.com "-" "Mozilla/5.0 (Windows NT 10.0; Win64; x64) AppleWebKit/537.36 (KHTML, like Gecko) Chrome/120.0.0.0 Safari/537.36" "-"
130.254.112.0 - - [22/Jul/2026:01:18:10 -0400] "GET /wp-includes/SimplePie/src/XML/XML/wp-settings.php HTTP/1.1" 403 15 s3solinc.com "-" "Mozilla/5.0 (Windows NT 10.0; Win64; x64) AppleWebKit/537.36 (KHTML, like Gecko) Chrome/120.0.0.0 Safari/537.36" "-"
130.254.112.0 - - [22/Jul/2026:01:18:10 -0400] "GET /wp-includes/blocks/heading/heading/updater-tool.php HTTP/1.1" 403 15 s3solinc.com "-" "Mozilla/5.0 (Windows NT 10.0; Win64; x64) AppleWebKit/537.36 (KHTML, like Gecko) Chrome/120.0.0.0 Safari/537.36" "-"
130.254.112.0 - - [22/Jul/2026:01:18:10 -0400] "GET /wp-includes/blocks/query/query/dark-mode.php HTTP/1.1" 403 15 s3solinc.com "-" "Mozilla/5.0 (Windows NT 10.0; Win64; x64) AppleWebKit/537.36 (KHTML, like Gecko) Chrome/120.0.0.0 Safari/537.36" "-"
184.154.139.0 - - [22/Jul/2026:01:18:11 -0400] "GET /?lokasie=/homepages/35/d1015279559/htdocs/wp-login.php&loknya=/homepages/35/d1015279559/htdocs HTTP/1.1" 200 61529 www.s3solinc.com "http://www.google.com/url?url=www.s3solinc.com&yahoo.com" "Mozilla/5.0 (compatible; MSIE 9.0; Windows NT 6.1; WOW64; Trident/6.0)" "-"
141.164.89.0 - - [22/Jul/2026:01:18:12 -0400] "GET /wp-includes/SimplePie/src/XML/XML/wp-settings.php HTTP/1.1" 403 15 s3solinc.com "-" "Mozilla/5.0 (Windows NT 10.0; Win64; x64) AppleWebKit/537.36 (KHTML, like Gecko) Chrome/120.0.0.0 Safari/537.36" "-"
141.164.89.0 - - [22/Jul/2026:01:18:12 -0400] "GET /wp-includes/blocks/term-name/term-name/speed-booster.php HTTP/1.1" 403 15 s3solinc.com "-" "Mozilla/5.0 (Windows NT 10.0; Win64; x64) AppleWebKit/537.36 (KHTML, like Gecko) Chrome/120.0.0.0 Safari/537.36" "-"
141.164.89.0 - - [22/Jul/2026:01:18:12 -0400] "GET /wp-includes/blocks/query/query/dark-mode.php HTTP/1.1" 403 15 s3solinc.com "-" "Mozilla/5.0 (Windows NT 10.0; Win64; x64) AppleWebKit/537.36 (KHTML, like Gecko) Chrome/120.0.0.0 Safari/537.36" "-"
141.164.89.0 - - [22/Jul/2026:01:18:12 -0400] "GET /wp-includes/blocks/heading/heading/updater-tool.php HTTP/1.1" 403 15 s3solinc.com "-" "Mozilla/5.0 (Windows NT 10.0; Win64; x64) AppleWebKit/537.36 (KHTML, like Gecko) Chrome/120.0.0.0 Safari/537.36" "-"
216.73.216.0 - - [22/Jul/2026:01:18:14 -0400] "GET /kvX/sitemap_product_371.xml?lokasie=%2Fhomepages%2F35%2Fd1015279559%2Fhtdocs%2F.htaccess&loknya=%2Fhomepages%2F35%2Fd1015279559%2Fhtdocs HTTP/1.1" 200 5189 s3solinc.com "-" "Mozilla/5.0 AppleWebKit/537.36 (KHTML, like Gecko; compatible; ClaudeBot/1.0; +claudebot@anthropic.com)" "-"
216.73.216.0 - - [22/Jul/2026:01:18:19 -0400] "GET /kvX/sitemap_product_3.xml?loknya=%2Fhomepages%2F35%2Fd1015279559%2Fhtdocs%2Fwp-admin%2Fuser HTTP/1.1" 200 20098 s3solinc.com "-" "Mozilla/5.0 AppleWebKit/537.36 (KHTML, like Gecko; compatible; ClaudeBot/1.0; +claudebot@anthropic.com)" "-"
216.73.216.0 - - [22/Jul/2026:01:18:24 -0400] "GET /kvX/sitemap_product_367.xml?loknya=%2Fhomepages%2F35%2Fd1015279559%2Fhtdocs%2Fwp-admin%2Fincludes HTTP/1.1" 200 167255 s3solinc.com "-" "Mozilla/5.0 AppleWebKit/537.36 (KHTML, like Gecko; compatible; ClaudeBot/1.0; +claudebot@anthropic.com)" "-"
216.73.216.0 - - [22/Jul/2026:01:18:29 -0400] "GET /kvX/sitemap_product_341.xml?loknya=%2Fhomepages%2FsclientMF HTTP/1.1" 200 5113 s3solinc.com "-" "Mozilla/5.0 AppleWebKit/537.36 (KHTML, like Gecko; compatible; ClaudeBot/1.0; +claudebot@anthropic.com)" "-"
74.7.242.0 - - [22/Jul/2026:01:18:32 -0400] "GET /?f=7104104983 HTTP/1.1" 200 156664 s3solinc.com "https://s3solinc.com/?f=11262617721" "Mozilla/5.0 AppleWebKit/537.36 (KHTML, like Gecko; compatible; GPTBot/1.4; +https://openai.com/gptbot)" "-"
216.73.216.0 - - [22/Jul/2026:01:18:34 -0400] "GET /kvX/sitemap_product_2.xml?loknya=%2Fhomepages%2F35%2Fd1015279559%2Fhtdocs%2Fwp-includes%2Fstyle-engine HTTP/1.1" 200 15059 s3solinc.com "-" "Mozilla/5.0 AppleWebKit/537.36 (KHTML, like Gecko; compatible; ClaudeBot/1.0; +claudebot@anthropic.com)" "-"
